000
CXUS54 KFWD 010730
CF6CPT
PRELIMINARY LOCAL CLIMATOLOGICAL DATA (WS FORM: F-6)
STATION: CLEBURNE
MONTH: MAY
YEAR: 2021
LATITUDE: 32 20 N
LONGITUDE: 97 24 W
TEMPERATURE IN F: :PCPN: SNOW: WIND :SUNSHINE: SKY :PK WND
================================================================================
1 2 3 4 5 6A 6B 7 8 9 10 11 12 13 14 15 16 17 18
12Z AVG MX 2MIN
DY MAX MIN AVG DEP HDD CDD WTR SNW DPTH SPD SPD DIR MIN PSBL S-S WX SPD DR
================================================================================
1 72 64 68 -1 0 3 0.16 M M 7.3 10 120 M M 8 1 12 110
2 82 61 72 3 0 7 0.02 M M 8.3 14 160 M M 6 1 20 170
3 88 66 77 8 0 12 1.32 M M 12.1 18 150 M M 5 13 26 150
4 73 57 65 -5 0 0 0.00 M M 10.5 21 340 M M 3 29 340
5 75 50 63 -7 2 0 0.00 M M 5.9 12 40 M M 0 18 40
6 82 54 68 -2 0 3 0.00 M M 5.1 10 50 M M 0 16 350
7 84 61 73 3 0 8 0.00 M M 10.0 20 160 M M 0 27 160
8 88 61 75 4 0 10 0.00 M M 16.2 23 190 M M 3 33 180
9 84 66 75 4 0 10 0.00 M M 12.7 22 180 M M 6 29 180
10 66 57 62 -9 3 0 M M M 12.0 17 360 M M 10 1 23 50
11 61 57 59 -12 6 0 0.96 M M 11.2 24 110 M M 9 13 29 330
12 63 55 59 -13 6 0 0.00 M M 10.8 16 10 M M 10 1 22 360
13 72 59 66 -6 0 1 0.00 M M 5.5 9 50 M M 7 16 99
14 77 57 67 -5 0 2 0.00 M M 8.6 14 130 M M 6 22 120
15 81 63 72 0 0 7 0.00 M M 12.2 18 180 M M 3 25 160
16 77 68 73 0 0 8 0.39 M M 10.5 16 140 M M 7 12 25 140
17 79 64 72 -1 0 7 0.60 M M 9.5 16 200 M M 4 13 30 200
18 70 61 66 -7 0 1 0.61 M M 8.1 22 320 M M 5 13 31 350
19 79 61 70 -4 0 5 0.00 M M 5.2 13 130 M M 2 17 150
20 81 64 73 -1 0 8 0.00 M M 5.5 13 110 M M 3 1 17 110
21 82 68 75 1 0 10 0.00 M M 9.9 16 120 M M 6 1 20 140
22 77 70 74 0 0 9 M M M 10.7 17 120 M M 7 1 24 120
23 73 66 70 -5 0 5 M M M 9.6 15 130 M M 6 1 23 120
24 79 66 73 -2 0 8 0.00 M M 10.7 16 170 M M 8 1 25 170
25 84 66 75 0 0 10 0.00 M M 10.9 16 180 M M 6 18 25 180
26 88 72 80 5 0 15 0.00 M M 9.8 15 170 M M 2 21 170
27 88 72 80 4 0 15 0.00 M M 12.6 17 170 M M 3 26 190
28 79 66 73 -3 0 8 0.00 M M 8.2 15 270 M M 8 123 26 60
29 84 64 74 -2 0 9 0.00 M M 8.5 14 80 M M 3 18 20 80
30 75 66 71 -5 0 6 0.00 M M 10.4 13 100 M M 7 20 80
31 79 66 73 -4 0 8 M M M 10.9 24 350 M M 9 13 32 350
================================================================================
SM 2422 1948 17 195 4.06 M 299.5 M 162
================================================================================
AV 78.1 62.8 9.7 FASTST M M 5 MAX(MPH)
MISC ----> # 24 110 33 180
================================================================================
NOTES:
# LAST OF SEVERAL OCCURRENCES
COLUMN 17 PEAK WIND IN M.P.H.
PRELIMINARY LOCAL CLIMATOLOGICAL DATA (WS FORM: F-6) , PAGE 2
STATION: CLEBURNE
MONTH: MAY
YEAR: 2021
LATITUDE: 32 20 N
LONGITUDE: 97 24 W
[TEMPERATURE DATA] [PRECIPITATION DATA] SYMBOLS USED IN COLUMN 16
AVERAGE MONTHLY: 70.5 TOTAL FOR MONTH: 4.06 1 = FOG OR MIST
DPTR FM NORMAL: -2.2 DPTR FM NORMAL: -0.79 2 = FOG REDUCING VISIBILITY
HIGHEST: 88 ON 27,26 GRTST 24HR 1.32 ON 3- 3 TO 1/4 MILE OR LESS
LOWEST: 50 ON 5 3 = THUNDER
SNOW, ICE PELLETS, HAIL 4 = ICE PELLETS
TOTAL MONTH: M 5 = HAIL
GRTST 24HR M ON M 6 = FREEZING RAIN OR DRIZZLE
GRTST DEPTH: M ON M 7 = DUSTSTORM OR SANDSTORM:
VSBY 1/2 MILE OR LESS
8 = SMOKE OR HAZE
[NO. OF DAYS WITH] [WEATHER - DAYS WITH] 9 = BLOWING SNOW
X = TORNADO
MAX 32 OR BELOW: 0 0.01 INCH OR MORE: 7
MAX 90 OR ABOVE: 0 0.10 INCH OR MORE: 6
MIN 32 OR BELOW: 0 0.50 INCH OR MORE: 4
MIN 0 OR BELOW: 0 1.00 INCH OR MORE: 1
[HDD (BASE 65) ]
TOTAL THIS MO. 17 CLEAR (SCALE 0-3) 10
DPTR FM NORMAL 6 PTCLDY (SCALE 4-7) 15
TOTAL FM JUL 1 2294 CLOUDY (SCALE 8-10) 6
DPTR FM NORMAL -153
[CDD (BASE 65) ]
TOTAL THIS MO. 195
DPTR FM NORMAL -56 [PRESSURE DATA]
TOTAL FM JAN 1 293 HIGHEST SLP M ON M
DPTR FM NORMAL -69 LOWEST SLP M ON M
[REMARKS]
#FINAL-05-21#