000
CXUS56 KLOX 011630
CLMCQT
CLIMATE REPORT
NATIONAL WEATHER SERVICE LOS ANGELES/OXNARD
930 AM PDT SUN OCT 01 2023
...................................
...THE DOWNTOWN LOS ANGELES (USC) CA CLIMATE SUMMARY FOR THE MONTH OF SEPTEMBER 2023...
CLIMATE NORMAL PERIOD: 1991 TO 2020
CLIMATE RECORD PERIOD: 1877 TO 2023
WEATHER OBSERVED NORMAL DEPART LAST YEAR`S
VALUE DATE(S) VALUE FROM VALUE
NORMAL
..............................................................
TEMPERATURE (F)
HIGHEST 94 09/08
09/10
LOWEST 59 09/25
09/26
AVG. MAXIMUM 79.6 83.0 -3.4
AVG. MINIMUM 65.2 64.2 1.0
MEAN 72.4 73.6 -1.2
DAYS MAX >= 90 3
DAYS MAX <= 32 0
DAYS MIN <= 32 0
DAYS MIN <= 0 0
PRECIPITATION (INCHES)
TOTALS 0.05 0.13 -0.08
DAILY AVG. 0.00
DAYS >= .01 2
DAYS >= .10 0
DAYS >= .50 0
DAYS >= 1.00 0
GREATEST
24 HR. TOTAL 0.03 09/02 TO 09/02
DEGREE DAYS
HEATING TOTAL 0 1 -1 0
SINCE 7/1 0 0 0 MM
COOLING TOTAL 228 259 -31 382
SINCE 1/1 983 1107 -124 MM
..............................................................
WIND (MPH)
AVERAGE WIND SPEED 1.3
HIGHEST WIND SPEED/DIRECTION 10/270 DATE 09/03
10/270 09/19
HIGHEST GUST SPEED/DIRECTION 18/270 DATE 09/19
SKY COVER
POSSIBLE SUNSHINE (PERCENT) MM
AVERAGE SKY COVER 0.40
NUMBER OF DAYS FAIR 14
NUMBER OF DAYS PC 9
NUMBER OF DAYS CLOUDY 7
AVERAGE RH (PERCENT) 70
WEATHER CONDITIONS. NUMBER OF DAYS WITH
THUNDERSTORM 0 MIXED PRECIP 0
HEAVY RAIN 0 RAIN 0
LIGHT RAIN 3 FREEZING RAIN 0
LT FREEZING RAIN 0 HAIL 0
HEAVY SNOW 0 SNOW 0
LIGHT SNOW 0 SLEET 0
FOG 7 FOG W/VIS <= 1/4 MILE 0
HAZE 14
- INDICATES NEGATIVE NUMBERS.
R INDICATES RECORD WAS SET OR TIED.
MM INDICATES DATA IS MISSING.
T INDICATES TRACE AMOUNT.
$$