000
CXUS52 KILM 011950
CF6CRE
PRELIMINARY LOCAL CLIMATOLOGICAL DATA (WS FORM: F-6)
STATION: N.MYRTLE BEACH SOUTH CAROLINA
MONTH: NOVEMBER
YEAR: 2022
LATITUDE: 33 49 N
LONGITUDE: 78 43 W
TEMPERATURE IN F: :PCPN: SNOW: WIND :SUNSHINE: SKY :PK WND
================================================================================
1 2 3 4 5 6A 6B 7 8 9 10 11 12 13 14 15 16 17 18
12Z AVG MX 2MIN
DY MAX MIN AVG DEP HDD CDD WTR SNW DPTH SPD SPD DIR MIN PSBL S-S WX SPD DR
================================================================================
1 79 59 69 9 0 4 0.00 M M 3.0 10 340 M M 5 12 15 270
2 76 57 67 7 0 2 T M M 6.4 16 60 M M 0 19 60
3 76 56 66 6 0 1 0.00 M M 7.8 14 50 M M 0 20 30
4 81 58 70 11 0 5 0.00 M M 9.2 18 100 M M 4 24 90
5 79 69 74 15 0 9 0.00 M M 5.9 13 100 M M 8 17 110
6 80 63 72 13 0 7 0.00 M M 5.6 12 140 M M 6 19 130
7 81 58 70 12 0 5 0.00 M M 2.5 12 50 M M 1 1 17 30
8 73 52 63 5 2 0 T M M 13.8 23 40 M M 2 30 40
9 69 50 60 2 5 0 0.00 M M 17.4 28 40 M M 9 37 40
10 72 58 65 8 0 0 0.88 M M 14.6 22 70 M M 10 138 32 90
11 76 70 73 16 0 8 0.52 M M 15.3 29 210 M M 7 3 37 210
12 76 67 72 15 0 7 0.00 M M 10.0 20 230 M M 7 26 220
13 69 43 56 0 9 0 0.00 M M 8.1 18 10 M M 4 24 10
14 58 39 49 -7 16 0 0.00 M M 11.9 18 40 M M 3 25 10
15 70 48 59 3 6 0 0.61 M M 8.1 15 40 M M 8 1 20 20
16 69 48 59 3 6 0 0.01 M M 5.0 13 350 M M 6 1 18 350
17 51 36 44 -11 21 0 0.00 M M 4.5 14 10 M M 0 20 10
18 54 33 44 -11 21 0 0.00 M M 3.2 12 50 M M 0 14 60
19 59 31 45 -10 20 0 0.00 M M 4.6 12 240 M M 0 12 17 240
20 53 38 46 -9 19 0 0.00 M M 6.1 13 250 M M 0 20 240
21 60 34 47 -7 18 0 0.00 M M 6.7 16 40 M M 1 20 40
22 66 46 56 2 9 0 0.00 M M 6.5 13 20 M M 5 23 30
23 57 48 53 -1 12 0 0.16 M M 6.9 13 40 M M 10 1 16 360
24 65 52 59 5 6 0 0.01 M M 8.7 15 40 M M 9 18 20
25 65 55 60 6 5 0 0.18 M M 3.5 10 310 M M 7 1 16 350
26 63 46 55 2 10 0 0.00 M M 6.6 16 10 M M 0 22 360
27 72 54 63 10 2 0 0.02 M M 14.3 30 210 M M 6 1 40 210
28 70 46 58 5 7 0 0.00 M M 6.4 17 230 M M 0 1 23 250
29 67 43 55 2 10 0 0.00 M M 6.5 15 100 M M 1 20 90
30 69 52 61 9 4 0 0.20 M M 8.1 30 200 M M 3 1 37 200
================================================================================
SM 2055 1509 208 48 2.59 M 237.2 M 122
================================================================================
AV 68.5 50.3 7.9 FASTST M M 4 MAX(MPH)
MISC ----> # 30 210 40 210
================================================================================
NOTES:
# LAST OF SEVERAL OCCURRENCES
COLUMN 17 PEAK WIND IN M.P.H.
PRELIMINARY LOCAL CLIMATOLOGICAL DATA (WS FORM: F-6) , PAGE 2
STATION: N.MYRTLE BEACH SOUTH CAROLINA
MONTH: NOVEMBER
YEAR: 2022
LATITUDE: 33 49 N
LONGITUDE: 78 43 W
[TEMPERATURE DATA] [PRECIPITATION DATA] SYMBOLS USED IN COLUMN 16
AVERAGE MONTHLY: 59.4 TOTAL FOR MONTH: 2.59 1 = FOG OR MIST
DPTR FM NORMAL: 3.4 DPTR FM NORMAL: -0.70 2 = FOG REDUCING VISIBILITY
HIGHEST: 81 ON 7, 4 GRTST 24HR 1.36 ON 10-11 TO 1/4 MILE OR LESS
LOWEST: 31 ON 19 3 = THUNDER
SNOW, ICE PELLETS, HAIL 4 = ICE PELLETS
TOTAL MONTH: M 5 = HAIL
GRTST 24HR M ON M 6 = FREEZING RAIN OR DRIZZLE
GRTST DEPTH: M ON M 7 = DUSTSTORM OR SANDSTORM:
VSBY 1/2 MILE OR LESS
8 = SMOKE OR HAZE
[NO. OF DAYS WITH] [WEATHER - DAYS WITH] 9 = BLOWING SNOW
X = TORNADO
MAX 32 OR BELOW: 0 0.01 INCH OR MORE: 9
MAX 90 OR ABOVE: 0 0.10 INCH OR MORE: 6
MIN 32 OR BELOW: 1 0.50 INCH OR MORE: 3
MIN 0 OR BELOW: 0 1.00 INCH OR MORE: 0
[HDD (BASE 65) ]
TOTAL THIS MO. 208 CLEAR (SCALE 0-3) 13
DPTR FM NORMAL -78 PTCLDY (SCALE 4-7) 12
TOTAL FM JUL 1 325 CLOUDY (SCALE 8-10) 5
DPTR FM NORMAL -43
[CDD (BASE 65) ]
TOTAL THIS MO. 48
DPTR FM NORMAL 32 [PRESSURE DATA]
TOTAL FM JAN 1 2032 HIGHEST SLP 30.47 ON 21
DPTR FM NORMAL 30 LOWEST SLP 29.70 ON 27
[REMARKS]
#FINAL-11-22#