000
CXUS52 KILM 011901
CF6CRE
PRELIMINARY LOCAL CLIMATOLOGICAL DATA (WS FORM: F-6)
STATION: N.MYRTLE BEACH SOUTH CAROLINA
MONTH: AUGUST
YEAR: 2021
LATITUDE: 33 49 N
LONGITUDE: 78 43 W
TEMPERATURE IN F: :PCPN: SNOW: WIND :SUNSHINE: SKY :PK WND
================================================================================
1 2 3 4 5 6A 6B 7 8 9 10 11 12 13 14 15 16 17 18
12Z AVG MX 2MIN
DY MAX MIN AVG DEP HDD CDD WTR SNW DPTH SPD SPD DIR MIN PSBL S-S WX SPD DR
================================================================================
1 88 75 82 2 0 17 0.12 M M 9.0 25 210 M M 3 13 31 220
2 85 73 79 -1 0 14 T M M 4.4 12 170 M M 3 13 15 160
3 78 71 75 -5 0 10 3.49 M M 7.2 20 230 M M 8 123 22 220
4 77 69 73 -7 0 8 0.01 M M 7.4 15 20 M M 10 1 20 40
5 82 69 76 -4 0 11 0.00 M M 4.6 14 60 M M 8 8 17 60
6 82 74 78 -2 0 13 0.52 M M 5.3 25 220 M M 6 13 29 230
7 85 74 80 0 0 15 0.11 M M 7.7 22 210 M M 4 13 30 210
8 85 73 79 -1 0 14 0.00 M M 5.2 12 160 M M 1 1 15 150
9 85 72 79 -1 0 14 0.00 M M 4.1 13 130 M M 1 1 16 150
10 86 74 80 0 0 15 0.00 M M 6.7 14 190 M M 1 1 17 200
11 88 77 83 3 0 18 0.00 M M 8.5 17 190 M M 0 1 21 200
12 87 75 81 1 0 16 0.00 M M 8.8 16 220 M M 0 20 190
13 87 74 81 1 0 16 0.00 M M 7.7 16 200 M M 1 1 23 200
14 88 75 82 2 0 17 0.00 M M 5.9 14 200 M M 1 1 18 160
15 86 78 82 2 0 17 0.00 M M 5.4 12 180 M M 2 15 170
16 87 77 82 2 0 17 0.02 M M 7.8 16 130 M M 3 21 130
17 83 76 80 0 0 15 0.99 M M 11.6 18 180 M M 6 123 29 140
18 85 79 82 2 0 17 0.03 M M 12.7 21 200 M M 5 138 27 200
19 89 79 84 5 0 19 T M M 7.5 16 220 M M 4 1 19 210
20 91 75 83 4 0 18 0.02 M M 4.1 17 30 M M 1 3 23 30
21 86 71 79 0 0 14 0.47 M M 4.0 21 220 M M 4 13 27 200
22 83 74 79 0 0 14 0.08 M M 6.0 17 200 M M 6 13 23 190
23 84 75 80 1 0 15 0.04 M M 5.1 12 210 M M 5 1 14 210
24 87 74 81 2 0 16 0.00 M M 5.3 17 210 M M 1 12 22 200
25 86 76 81 2 0 16 T M M 5.3 16 200 M M 1 1 19 200
26 87 74 81 2 0 16 0.00 M M 3.1 10 170 M M 1 1 14 160
27 87 77 82 3 0 17 0.00 M M 5.3 12 150 M M 3 16 190
28 86 74 80 1 0 15 0.00 M M 5.1 10 180 M M 2 18 15 160
29 88 71 80 1 0 15 0.00 M M 5.2 12 180 M M 0 1 13 160
30 89 71 80 2 0 15 0.00 M M 7.4 17 210 M M 0 18 21 190
31 86 72 79 1 0 14 0.00 M M 10.6 22 210 M M 1 26 210
================================================================================
SM 2653 2298 0 468 5.90 M 204.0 M 92
================================================================================
AV 85.6 74.1 6.6 FASTST M M 3 MAX(MPH)
MISC ----> # 25 210 31 220
================================================================================
NOTES:
# LAST OF SEVERAL OCCURRENCES
COLUMN 17 PEAK WIND IN M.P.H.
PRELIMINARY LOCAL CLIMATOLOGICAL DATA (WS FORM: F-6) , PAGE 2
STATION: N.MYRTLE BEACH SOUTH CAROLINA
MONTH: AUGUST
YEAR: 2021
LATITUDE: 33 49 N
LONGITUDE: 78 43 W
[TEMPERATURE DATA] [PRECIPITATION DATA] SYMBOLS USED IN COLUMN 16
AVERAGE MONTHLY: 79.9 TOTAL FOR MONTH: 5.90 1 = FOG OR MIST
DPTR FM NORMAL: 0.4 DPTR FM NORMAL: -0.35 2 = FOG REDUCING VISIBILITY
HIGHEST: 91 ON 20 GRTST 24HR 3.49 ON 3- 3 TO 1/4 MILE OR LESS
LOWEST: 69 ON 5, 4 3 = THUNDER
SNOW, ICE PELLETS, HAIL 4 = ICE PELLETS
TOTAL MONTH: M 5 = HAIL
GRTST 24HR M ON M 6 = FREEZING RAIN OR DRIZZLE
GRTST DEPTH: M ON M 7 = DUSTSTORM OR SANDSTORM:
VSBY 1/2 MILE OR LESS
8 = SMOKE OR HAZE
[NO. OF DAYS WITH] [WEATHER - DAYS WITH] 9 = BLOWING SNOW
X = TORNADO
MAX 32 OR BELOW: 0 0.01 INCH OR MORE: 12
MAX 90 OR ABOVE: 1 0.10 INCH OR MORE: 6
MIN 32 OR BELOW: 0 0.50 INCH OR MORE: 3
MIN 0 OR BELOW: 0 1.00 INCH OR MORE: 1
[HDD (BASE 65) ]
TOTAL THIS MO. 0 CLEAR (SCALE 0-3) 20
DPTR FM NORMAL 0 PTCLDY (SCALE 4-7) 10
TOTAL FM JUL 1 0 CLOUDY (SCALE 8-10) 1
DPTR FM NORMAL 0
[CDD (BASE 65) ]
TOTAL THIS MO. 468
DPTR FM NORMAL 18 [PRESSURE DATA]
TOTAL FM JAN 1 1526 HIGHEST SLP 30.22 ON 28
DPTR FM NORMAL -34 LOWEST SLP 29.80 ON 1
[REMARKS]
#FINAL-08-21#
CORRECTED DAILY PRECIP ON AUGUST 27