000
CXUS52 KILM 011401
CLMCRE
CLIMATE REPORT
NATIONAL WEATHER SERVICE WILMINGTON NC
1001 AM EDT SAT JUL 01 2023
...................................
...THE N.MYRTLE BEACH SOUTH CAROLINA CLIMATE SUMMARY FOR THE MONTH OF JUNE 2023...
CLIMATE NORMAL PERIOD 1991 TO 2020
CLIMATE RECORD PERIOD 1931 TO 2023
WEATHER OBSERVED NORMAL DEPART LAST YEAR`S
VALUE DATE(S) VALUE FROM VALUE DATE(S)
NORMAL
................................................................
TEMPERATURE (F)
RECORD
HIGH 104 06/26/1952
LOW 49 06/03/1953
HIGHEST 90 06/27 MM MM 97 06/14
LOWEST 55 06/05 MM MM 57 06/20
AVG. MAXIMUM 82.7 84.8 -2.1 85.9
AVG. MINIMUM 67.0 70.3 -3.3 69.8
MEAN 74.9 77.5 -2.6 77.8
DAYS MAX >= 90 1 4.0 -3.0 7
DAYS MAX <= 32 0 0.0 0.0 0
DAYS MIN <= 32 0 0.0 0.0 0
DAYS MIN <= 0 0 0.0 0.0 0
PRECIPITATION (INCHES)
RECORD
MAXIMUM 12.45 2013
MINIMUM 0.26 1990
TOTALS 3.06 4.07 -1.01 3.94
DAILY AVG. 0.10 0.14 -0.04
DAYS >= .01 11 11.3 -0.3
DAYS >= .10 9 7.1 1.9
DAYS >= .50 2 2.9 -0.9
DAYS >= 1.00 0 1.0 -1.0
GREATEST
24 HR. TOTAL 0.89 06/22 TO 06/23
DEGREE DAYS
HEATING TOTAL 0 0 0 0
SINCE 7/1 1953 2342 -389
COOLING TOTAL 302 377 -75 394
SINCE 1/1 545 625 -80
FREEZE DATES
RECORD
EARLIEST MM
LATEST MM
EARLIEST 01/01 01/01
LATEST 01/31 03/29
................................................................
WIND (MPH)
AVERAGE WIND SPEED 8.1
RESULTANT WIND SPEED/DIRECTION 4/200
HIGHEST WIND SPEED/DIRECTION 44/220 DATE 06/23
HIGHEST GUST SPEED/DIRECTION 54/230 DATE 06/23
SKY COVER
AVERAGE SKY COVER 0.28
AVERAGE RH (PERCENT) 75
WEATHER CONDITIONS. NUMBER OF DAYS WITH
THUNDERSTORM 10 MIXED PRECIP MM
HEAVY RAIN 8 RAIN 9
LIGHT RAIN 13 FREEZING RAIN 0
LT FREEZING RAIN 0 HAIL MM
HEAVY SNOW 0 SNOW 0
LIGHT SNOW 0 SLEET MM
FOG 19 FOG W/VIS <= 1/4 MILE 2
HAZE 3
- INDICATES NEGATIVE NUMBERS.
R INDICATES RECORD WAS SET OR TIED.
MM INDICATES DATA IS MISSING.
T INDICATES TRACE AMOUNT.
$$