000
CXUS52 KJAX 010800
CF6CRG
PRELIMINARY LOCAL CLIMATOLOGICAL DATA (WS FORM: F-6)
STATION: CRAIG EXEC ARPT
MONTH: APRIL
YEAR: 2020
LATITUDE: 30 19 N
LONGITUDE: 81 31 W
TEMPERATURE IN F: :PCPN: SNOW: WIND :SUNSHINE: SKY :PK WND
================================================================================
1 2 3 4 5 6A 6B 7 8 9 10 11 12 13 14 15 16 17 18
12Z AVG MX 2MIN
DY MAX MIN AVG DEP HDD CDD WTR SNW DPTH SPD SPD DIR MIN PSBL S-S WX SPD DR
================================================================================
1 70 53 62 -3 3 0 0.00 0.0 0 10.2 22 330 M M 0 31 320
2 73 49 61 -4 4 0 0.00 0.0 0 4.0 13 100 M M 0 16 110
3 75 50 63 -2 2 0 0.00 0.0 0 3.2 12 110 M M 0 17 100
4 83 55 69 4 0 4 0.00 0.0 0 3.8 14 140 M M 0 18 80
5 74 61 68 3 0 3 0.01 0.0 0 4.0 18 90 M M 7 24 70
6 79 55 67 1 0 2 0.00 0.0 0 4.3 15 140 M M 2 12 22 110
7 84 60 72 6 0 7 0.00 0.0 0 5.2 13 110 M M 1 16 110
8 87 61 74 8 0 9 0.64 0.0 0 7.4 25 300 M M 5 13 37 300
9 91 70 81 15 0 16 0.00 0.0 0 10.0 20 270 M M 5 26 260
10 76 58 67 1 0 2 T 0.0 0 9.3 24 340 M M 1 30 330
11 75 49 62 -4 3 0 0.00 0.0 0 5.1 14 80 M M 0 19 90
12 83 68 76 10 0 11 T 0.0 0 17.2 30 160 M M 5 39 160
13 83 68 76 9 0 11 0.63 0.0 0 9.5 21 220 M M 8 13 29 170
14 78 69 74 7 0 9 0.92 0.0 0 5.5 29 230 M M 5 13 37 230
15 79 60 70 3 0 5 1.21 0.0 0 8.0 24 330 M M 8 13 31 320
16 70 59 65 -2 0 0 0.07 0.0 0 10.9 22 60 M M 4 1 30 50
17 77 56 67 0 0 2 0.00 0.0 0 6.9 17 100 M M 4 23 130
18 81 68 75 8 0 10 0.24 0.0 0 7.2 16 220 M M 4 1 24 220
19 85 68 77 9 0 12 T 0.0 0 4.3 17 240 M M 4 1 24 250
20 83 66 75 7 0 10 0.35 0.0 0 10.9 28 240 M M 3 13 37 240
21 84 62 73 5 0 8 0.00 0.0 0 5.5 15 280 M M 0 21 290
22 76 58 67 -1 0 2 0.00 0.0 0 6.6 15 40 M M 0 20 30
23 89 62 76 8 0 11 0.12 0.0 0 9.2 30 320 M M 3 13 41 320
24 78 67 73 5 0 8 0.63 0.0 0 9.8 23 310 M M 5 13 28 320
25 89 69 79 10 0 14 0.00 0.0 0 8.5 18 230 M M 5 26 250
26 82 66 74 5 0 9 0.00 0.0 0 10.1 17 250 M M 2 23 310
27 76 56 66 -3 0 1 0.00 0.0 0 8.3 20 340 M M 0 26 340
28 77 53 65 -4 0 0 0.00 0.0 0 6.2 17 150 M M 0 23 150
29 82 60 71 1 0 6 0.00 0.0 0 12.3 24 150 M M 1 31 130
30 80 64 72 2 0 7 0.09 0.0 0 11.0 22 240 M M 5 13 28 250
================================================================================
SM 2399 1820 12 179 4.91 0.0 234.4 M 87
================================================================================
AV 80.0 60.7 7.8 FASTST M M 3 MAX(MPH)
MISC ----> # 30 160 41 320
================================================================================
NOTES:
# LAST OF SEVERAL OCCURRENCES
COLUMN 17 PEAK WIND IN M.P.H.
PRELIMINARY LOCAL CLIMATOLOGICAL DATA (WS FORM: F-6) , PAGE 2
STATION: CRAIG EXEC ARPT
MONTH: APRIL
YEAR: 2020
LATITUDE: 30 19 N
LONGITUDE: 81 31 W
[TEMPERATURE DATA] [PRECIPITATION DATA] SYMBOLS USED IN COLUMN 16
AVERAGE MONTHLY: 70.3 TOTAL FOR MONTH: 4.91 1 = FOG OR MIST
DPTR FM NORMAL: 3.2 DPTR FM NORMAL: 2.38 2 = FOG REDUCING VISIBILITY
HIGHEST: 91 ON 9 GRTST 24HR 1.55 ON 13-14 TO 1/4 MILE OR LESS
LOWEST: 49 ON 11, 2 3 = THUNDER
SNOW, ICE PELLETS, HAIL 4 = ICE PELLETS
TOTAL MONTH: 0.0 INCH 5 = HAIL
GRTST 24HR 0.0 6 = FREEZING RAIN OR DRIZZLE
GRTST DEPTH: 0 7 = DUSTSTORM OR SANDSTORM:
VSBY 1/2 MILE OR LESS
8 = SMOKE OR HAZE
[NO. OF DAYS WITH] [WEATHER - DAYS WITH] 9 = BLOWING SNOW
X = TORNADO
MAX 32 OR BELOW: 0 0.01 INCH OR MORE: 11
MAX 90 OR ABOVE: 1 0.10 INCH OR MORE: 8
MIN 32 OR BELOW: 0 0.50 INCH OR MORE: 5
MIN 0 OR BELOW: 0 1.00 INCH OR MORE: 1
[HDD (BASE 65) ]
TOTAL THIS MO. 12 CLEAR (SCALE 0-3) 16
DPTR FM NORMAL -35 PTCLDY (SCALE 4-7) 14
TOTAL FM JUL 1 725 CLOUDY (SCALE 8-10) 0
DPTR FM NORMAL -482
[CDD (BASE 65) ]
TOTAL THIS MO. 179
DPTR FM NORMAL 69 [PRESSURE DATA]
TOTAL FM JAN 1 520 HIGHEST SLP 30.26 ON 16
DPTR FM NORMAL 339 LOWEST SLP 29.59 ON 20
[REMARKS]
#FINAL-04-20#