000
CXUS54 KCRP 011532
CF6CRP
PRELIMINARY LOCAL CLIMATOLOGICAL DATA (WS FORM: F-6)
STATION: CORPUS CHRISTI
MONTH: DECEMBER
YEAR: 2022
LATITUDE: 27 46 N
LONGITUDE: 97 30 W
TEMPERATURE IN F: :PCPN: SNOW: WIND :SUNSHINE: SKY :PK WND
================================================================================
1 2 3 4 5 6A 6B 7 8 9 10 11 12 13 14 15 16 17 18
12Z AVG MX 2MIN
DY MAX MIN AVG DEP HDD CDD WTR SNW DPTH SPD SPD DIR MIN PSBL S-S WX SPD DR
================================================================================
1 62 49 56 -6 9 0 0.09 0.0 0 12.5 20 20 M M 8 1 25 20
2 67 58 63 1 2 0 0.02 0.0 0 2.3 8 320 M M 10 12 10 360
3 78 63 71 9 0 6 T 0.0 0 7.6 17 50 M M 9 1 22 40
4 68 58 63 1 2 0 0.00 0.0 0 8.1 16 40 M M 10 1 20 30
5 81 66 74 12 0 9 0.00 0.0 0 11.9 22 160 M M 8 12 26 160
6 80 66 73 12 0 8 0.00 0.0 0 12.9 25 160 M M 7 12 32 160
7 82 63 73 12 0 8 0.00 0.0 0 12.7 24 140 M M 5 1 30 150
8 82 70 76 15 0 11 0.00 0.0 0 12.4 20 140 M M 7 12 25 140
9 82 70 76 15 0 11 0.00 0.0 0 10.6 22 140 M M 7 12 27 140
10 83 66 75 14 0 10 0.00 0.0 0 11.5 23 150 M M 6 12 29 150
11 81 67 74 14 0 9 0.00 0.0 0 5.2 13 210 M M 7 12 16 200
12 81 70 76 16 0 11 T 0.0 0 15.0 28 150 M M 9 1 33 140
13 85 70 78 18 0 13 0.00 0.0 0 16.7 26 190 M M 8 1 34 190
14 75 50 63 3 2 0 0.01 0.0 0 13.8 29 350 M M 5 1 39 350
15 71 47 59 -1 6 0 0.00 0.0 0 8.6 16 80 M M 2 20 80
16 78 49 64 4 1 0 0.00 0.0 0 10.8 30 20 M M 5 38 20
17 56 45 51 -8 14 0 T 0.0 0 13.7 28 20 M M 10 34 20
18 57 50 54 -5 11 0 T 0.0 0 14.7 22 50 M M 10 27 60
19 58 48 53 -6 12 0 0.20 0.0 0 13.0 22 340 M M 10 1 28 320
20 59 48 54 -5 11 0 T 0.0 0 12.9 22 340 M M 10 1 28 330
21 59 48 54 -5 11 0 0.00 0.0 0 6.9 14 20 M M 9 18 20
22 68 26 47 -12 18 0 T 0.0 0 11.8 37 10 M M 9 12 46 360
23 34 22 28 -30 37 0 0.00 0.0 0 19.0 33 360 M M 7 42 360
24 40 24 32 -26 33 0 0.00 0.0 0 9.2 20 360 M M 6 24 360
25 52 25 39 -19 26 0 0.00 0.0 0 5.8 12 10 M M 2 19 30
26 66 28 47 -11 18 0 0.00 0.0 0 3.8 12 90 M M 4 14 90
27 61 36 49 -9 16 0 0.00 0.0 0 7.4 13 110 M M 1 16 50
28 79 44 62 4 3 0 0.00 0.0 0 15.9 31 160 M M 2 40 150
29 78 61 70 12 0 5 T 0.0 0 11.6 21 160 M M 7 1 25 160
30 77 52 65 7 0 0 T 0.0 0 6.4 20 40 M M 7 1 23 40
31 82 43 63 5 2 0 0.00 0.0 0 8.2 18 150 M M 2 12 23 180
================================================================================
SM 2162 1582 234 101 0.32 0.0 332.9 M 209
================================================================================
AV 69.7 51.0 10.7 FASTST M M 7 MAX(MPH)
MISC ----> 37 10 46 360
================================================================================
NOTES:
# LAST OF SEVERAL OCCURRENCES
COLUMN 17 PEAK WIND IN M.P.H.
PRELIMINARY LOCAL CLIMATOLOGICAL DATA (WS FORM: F-6) , PAGE 2
STATION: CORPUS CHRISTI
MONTH: DECEMBER
YEAR: 2022
LATITUDE: 27 46 N
LONGITUDE: 97 30 W
[TEMPERATURE DATA] [PRECIPITATION DATA] SYMBOLS USED IN COLUMN 16
AVERAGE MONTHLY: 60.4 TOTAL FOR MONTH: 0.32 1 = FOG OR MIST
DPTR FM NORMAL: 0.7 DPTR FM NORMAL: -1.61 2 = FOG REDUCING VISIBILITY
HIGHEST: 85 ON 13 GRTST 24HR 0.20 ON 18-19 TO 1/4 MILE OR LESS
LOWEST: 22 ON 23 3 = THUNDER
SNOW, ICE PELLETS, HAIL 4 = ICE PELLETS
TOTAL MONTH: 0.0 INCH 5 = HAIL
GRTST 24HR 0.0 6 = FREEZING RAIN OR DRIZZLE
GRTST DEPTH: 0 7 = DUSTSTORM OR SANDSTORM:
VSBY 1/2 MILE OR LESS
8 = SMOKE OR HAZE
[NO. OF DAYS WITH] [WEATHER - DAYS WITH] 9 = BLOWING SNOW
X = TORNADO
MAX 32 OR BELOW: 0 0.01 INCH OR MORE: 4
MAX 90 OR ABOVE: 0 0.10 INCH OR MORE: 1
MIN 32 OR BELOW: 5 0.50 INCH OR MORE: 0
MIN 0 OR BELOW: 0 1.00 INCH OR MORE: 0
[HDD (BASE 65) ]
TOTAL THIS MO. 234 CLEAR (SCALE 0-3) 5
DPTR FM NORMAL 15 PTCLDY (SCALE 4-7) 14
TOTAL FM JUL 1 401 CLOUDY (SCALE 8-10) 12
DPTR FM NORMAL 78
[CDD (BASE 65) ]
TOTAL THIS MO. 101
DPTR FM NORMAL 46 [PRESSURE DATA]
TOTAL FM JAN 1 4034 HIGHEST SLP 30.74 ON 23
DPTR FM NORMAL 297 LOWEST SLP 29.62 ON 13
[REMARKS]
#FINAL-12-22#