000
CXUS56 KSGX 011045
CF6CRQ
PRELIMINARY LOCAL CLIMATOLOGICAL DATA (WS FORM: F-6)
STATION: CARLSBAD PALOMAR AIRPORT CA
MONTH: APRIL
YEAR: 2022
LATITUDE: 33 7 N
LONGITUDE: 117 17 W
TEMPERATURE IN F: :PCPN: SNOW: WIND :SUNSHINE: SKY :PK WND
================================================================================
1 2 3 4 5 6A 6B 7 8 9 10 11 12 13 14 15 16 17 18
12Z AVG MX 2MIN
DY MAX MIN AVG DEP HDD CDD WTR SNW DPTH SPD SPD DIR MIN PSBL S-S WX SPD DR
================================================================================
1 64 57 61 2 4 0 0.00 M M 2.9 12 250 M M 8 17 260
2 61 57 59 0 6 0 0.00 M M 3.7 12 260 M M 10 15 240
3 62 57 60 1 5 0 0.00 M M 5.3 13 270 M M 10 16 270
4 64 54 59 0 6 0 0.00 M M 3.5 12 260 M M 4 1 17 250
5 67 52 60 1 5 0 0.00 M M 3.7 12 250 M M 0 18 14 250
6 72 56 64 5 1 0 0.00 M M 2.7 12 250 M M 1 128 17 240
7 95 53 74 15 0 9 0.00 M M 2.6 12 250 M M 2 12 17 80
8 91 63 77 18 0 12 0.00 M M 3.9 13 270 M M 0 17 280
9 77 59 68 9 0 3 0.00 M M 6.8 17 220 M M 3 8 22 260
10 65 58 62 3 3 0 0.00 M M 7.7 15 220 M M 10 8 20 240
11 64 55 60 1 5 0 T M M 10.4 21 220 M M 8 8 25 220
12 64 52 58 -1 7 0 0.00 M M 6.0 16 280 M M 4 25 320
13 63 49 56 -4 9 0 0.00 M M 5.7 16 250 M M 0 23 260
14 64 48 56 -4 9 0 0.00 M M 5.2 13 220 M M 0 20 260
15 66 50 58 -2 7 0 0.00 M M 4.8 14 260 M M 1 19 260
16 64 54 59 -1 6 0 0.00 M M 6.0 16 270 M M 5 22 280
17 64 56 60 0 5 0 0.01 M M 5.4 14 260 M M 4 1 20 260
18 67 53 60 0 5 0 0.00 M M 3.7 13 260 M M 2 18 19 270
19 65 55 60 0 5 0 0.00 M M 5.4 13 250 M M 2 1 18 260
20 64 55 60 0 5 0 0.00 M M 6.3 16 260 M M 2 22 250
21 64 50 57 -3 8 0 T M M 5.4 17 260 M M 3 24 260
22 62 52 57 -3 8 0 0.03 M M 7.6 20 250 M M 5 1 27 290
23 64 50 57 -3 8 0 0.00 M M 5.6 13 270 M M 0 19 250
24 77 53 65 4 0 0 0.00 M M 3.9 15 260 M M 0 19 260
25 82 56 69 8 0 4 0.00 M M 4.4 14 250 M M 0 17 250
26 73 55 64 3 1 0 0.00 M M 5.0 13 260 M M 1 18 15 250
27 64 56 60 -1 5 0 0.00 M M 8.1 16 220 M M 8 20 230
28 63 55 59 -2 6 0 T M M 7.4 15 240 M M 8 18 21 250
29 64 55 60 -1 5 0 0.00 M M 4.7 13 240 M M 3 18 250
30 66 54 60 -1 5 0 0.00 M M 3.5 12 240 M M 0 17 240
================================================================================
SM 2042 1629 139 28 0.04 M 157.3 M 104
================================================================================
AV 68.1 54.3 5.2 FASTST M M 3 MAX(MPH)
MISC ----> 21 220 27 290
================================================================================
NOTES:
# LAST OF SEVERAL OCCURRENCES
COLUMN 17 PEAK WIND IN M.P.H.
PRELIMINARY LOCAL CLIMATOLOGICAL DATA (WS FORM: F-6) , PAGE 2
STATION: CARLSBAD PALOMAR AIRPORT CA
MONTH: APRIL
YEAR: 2022
LATITUDE: 33 7 N
LONGITUDE: 117 17 W
[TEMPERATURE DATA] [PRECIPITATION DATA] SYMBOLS USED IN COLUMN 16
AVERAGE MONTHLY: 61.2 TOTAL FOR MONTH: 0.04 1 = FOG OR MIST
DPTR FM NORMAL: 1.4 DPTR FM NORMAL: -0.84 2 = FOG REDUCING VISIBILITY
HIGHEST: 95 ON 7 GRTST 24HR 0.03 ON 21-22 TO 1/4 MILE OR LESS
LOWEST: 48 ON 14 3 = THUNDER
SNOW, ICE PELLETS, HAIL 4 = ICE PELLETS
TOTAL MONTH: M 5 = HAIL
GRTST 24HR M ON M 6 = FREEZING RAIN OR DRIZZLE
GRTST DEPTH: M ON M 7 = DUSTSTORM OR SANDSTORM:
VSBY 1/2 MILE OR LESS
8 = SMOKE OR HAZE
[NO. OF DAYS WITH] [WEATHER - DAYS WITH] 9 = BLOWING SNOW
X = TORNADO
MAX 32 OR BELOW: 0 0.01 INCH OR MORE: 2
MAX 90 OR ABOVE: 2 0.10 INCH OR MORE: 0
MIN 32 OR BELOW: 0 0.50 INCH OR MORE: 0
MIN 0 OR BELOW: 0 1.00 INCH OR MORE: 0
[HDD (BASE 65) ]
TOTAL THIS MO. 139 CLEAR (SCALE 0-3) 18
DPTR FM NORMAL -26 PTCLDY (SCALE 4-7) 8
TOTAL FM JUL 1 1327 CLOUDY (SCALE 8-10) 4
DPTR FM NORMAL -64
[CDD (BASE 65) ]
TOTAL THIS MO. 28
DPTR FM NORMAL 19 [PRESSURE DATA]
TOTAL FM JAN 1 56 HIGHEST SLP 30.15 ON 17
DPTR FM NORMAL 33 LOWEST SLP 29.77 ON 9
[REMARKS]
#FINAL-04-22#