000
CXUS51 KRLX 011718
CF6CRW
PRELIMINARY LOCAL CLIMATOLOGICAL DATA (WS FORM: F-6)
STATION: CHARLESTON WV
MONTH: NOVEMBER
YEAR: 2023
LATITUDE: 38 22 N
LONGITUDE: 81 36 W
TEMPERATURE IN F: :PCPN: SNOW: WIND :SUNSHINE: SKY :PK WND
================================================================================
1 2 3 4 5 6A 6B 7 8 9 10 11 12 13 14 15 16 17 18
12Z AVG MX 2MIN
DY MAX MIN AVG DEP HDD CDD WTR SNW DPTH SPD SPD DIR MIN PSBL S-S WX SPD DR
================================================================================
1 45 28 37 -14 28 0 T T 0 4.7 14 310 M M 6 20 290
2 54 24 39 -12 26 0 0.00 0.0 0 1.9 13 170 M M 1 15 170
3 64 26 45 -5 20 0 0.00 0.0 0 2.2 14 190 M M 0 18 200
4 68 31 50 0 15 0 0.00 0.0 0 3.4 14 220 M M 3 18 210
5 66 40 53 3 12 0 0.00 0.0 0 2.6 13 260 M M 2 16 300
6 71 32 52 3 13 0 0.00 0.0 0 4.0 15 200 M M 3 21 240
7 71 51 61 12 4 0 0.00 0.0 0 6.8 13 230 M M 7 1 18 250
8 78 42 60 11 5 0 0.00 0.0 0 4.2 16 180 M M 3 18 22 190
9 72 51 62 14 3 0 T 0.0 0 7.4 17 330 M M 8 24 340
10 51 36 44 -4 21 0 0.31 0.0 0 1.9 12 10 M M 7 1 15 10
11 54 33 44 -4 21 0 0.00 0.0 0 1.0 6 40 M M 6 12 8 40
12 60 32 46 -1 19 0 0.00 0.0 0 1.0 8 60 M M 2 12 10 60
13 64 29 47 0 18 0 0.00 0.0 0 3.1 14 260 M M 1 18 19 250
14 59 31 45 -2 20 0 0.00 0.0 0 1.2 12 50 M M 1 15 50
15 71 34 53 7 12 0 0.00 0.0 0 1.0 10 220 M M 3 13 220
16 73 33 53 7 12 0 0.00 0.0 0 0.8 8 190 M M 1 10 230
17 72 44 58 12 7 0 0.87 0.0 0 5.1 15 200 M M 8 1 21 220
18 59 33 46 0 19 0 T 0.0 0 4.3 17 320 M M 6 1 23 320
19 57 28 43 -2 22 0 0.00 0.0 0 0.7 5 40 M M 2 1 8 320
20 59 32 46 1 19 0 0.00 0.0 0 3.5 18 140 M M 6 30 150
21 55 48 52 7 13 0 0.78 0.0 0 9.2 25 140 M M 10 1 37 140
22 53 40 47 3 18 0 0.04 0.0 0 5.8 15 300 M M 10 1 24 310
23 51 33 42 -2 23 0 0.00 0.0 0 3.5 13 210 M M 4 1 17 220
24 51 30 41 -3 24 0 0.00 0.0 0 3.5 12 40 M M 8 12 17 340
25 52 29 41 -3 24 0 0.00 0.0 0 2.3 7 20 M M 3 10 30
26 56 32 44 1 21 0 0.19 0.0 0 4.7 22 290 M M 7 1 34 290
27 45 34 40 -3 25 0 T 0.0 0 9.1 20 280 M M 9 1 33 300
28 34 20 27 -16 38 0 0.00 0.0 0 9.3 21 310 M M 5 29 310
29 47 15 31 -11 34 0 0.00 0.0 0 3.0 14 230 M M 1 18 250
30 58 24 41 -1 24 0 0.00 0.0 0 3.7 15 210 M M 2 21 180
================================================================================
SM 1770 995 560 0 2.19 T 114.9 M 135
================================================================================
AV 59.0 33.2 3.8 FASTST M M 5 MAX(MPH)
MISC ----> 25 140 37 140
================================================================================
NOTES:
# LAST OF SEVERAL OCCURRENCES
COLUMN 17 PEAK WIND IN M.P.H.
PRELIMINARY LOCAL CLIMATOLOGICAL DATA (WS FORM: F-6) , PAGE 2
STATION: CHARLESTON WV
MONTH: NOVEMBER
YEAR: 2023
LATITUDE: 38 22 N
LONGITUDE: 81 36 W
[TEMPERATURE DATA] [PRECIPITATION DATA] SYMBOLS USED IN COLUMN 16
AVERAGE MONTHLY: 46.1 TOTAL FOR MONTH: 2.19 1 = FOG OR MIST
DPTR FM NORMAL: -0.3 DPTR FM NORMAL: -1.01 2 = FOG REDUCING VISIBILITY
HIGHEST: 78 ON 8 GRTST 24HR 0.87 ON 17-17 TO 1/4 MILE OR LESS
LOWEST: 15 ON 29 3 = THUNDER
SNOW, ICE PELLETS, HAIL 4 = ICE PELLETS
TOTAL MONTH: T 5 = HAIL
GRTST 24HR T ON 1- 1 6 = FREEZING RAIN OR DRIZZLE
GRTST DEPTH: 0 7 = DUSTSTORM OR SANDSTORM:
VSBY 1/2 MILE OR LESS
8 = SMOKE OR HAZE
[NO. OF DAYS WITH] [WEATHER - DAYS WITH] 9 = BLOWING SNOW
X = TORNADO
MAX 32 OR BELOW: 0 0.01 INCH OR MORE: 5
MAX 90 OR ABOVE: 0 0.10 INCH OR MORE: 4
MIN 32 OR BELOW: 16 0.50 INCH OR MORE: 2
MIN 0 OR BELOW: 0 1.00 INCH OR MORE: 0
[HDD (BASE 65) ]
TOTAL THIS MO. 560 CLEAR (SCALE 0-3) 12
DPTR FM NORMAL 2 PTCLDY (SCALE 4-7) 15
TOTAL FM JUL 1 803 CLOUDY (SCALE 8-10) 3
DPTR FM NORMAL -73
[CDD (BASE 65) ]
TOTAL THIS MO. 0
DPTR FM NORMAL -2 [PRESSURE DATA]
TOTAL FM JAN 1 968 HIGHEST SLP 30.53 ON 2
DPTR FM NORMAL -192 LOWEST SLP 29.78 ON 26
[REMARKS]
#FINAL-11-23#