000
CXUS51 KRLX 010807
CF6CRW
PRELIMINARY LOCAL CLIMATOLOGICAL DATA (WS FORM: F-6)
STATION: CHARLESTON WV
MONTH: AUGUST
YEAR: 2023
LATITUDE: 38 22 N
LONGITUDE: 81 36 W
TEMPERATURE IN F: :PCPN: SNOW: WIND :SUNSHINE: SKY :PK WND
================================================================================
1 2 3 4 5 6A 6B 7 8 9 10 11 12 13 14 15 16 17 18
12Z AVG MX 2MIN
DY MAX MIN AVG DEP HDD CDD WTR SNW DPTH SPD SPD DIR MIN PSBL S-S WX SPD DR
================================================================================
1 82 56 69 -7 0 4 0.00 0.0 0 3.2 13 80 M M 2 1 16 60
2 86 57 72 -4 0 7 0.00 0.0 0 2.5 8 210 M M 4 1 13 360
3 77 66 72 -3 0 7 0.30 0.0 0 2.6 8 170 M M 7 12 12 220
4 88 67 78 3 0 13 0.00 0.0 0 1.9 8 300 M M 6 12 13 40
5 90 64 77 2 0 12 0.00 0.0 0 1.6 8 70 M M 4 12 13 290
6 85 67 76 1 0 11 0.87 0.0 0 2.8 14 260 M M 6 13 22 260
7 87 69 78 3 0 13 0.52 0.0 0 7.4 28 300 M M 7 13 38 260
8 80 64 72 -3 0 7 0.00 0.0 0 4.3 14 250 M M 6 1 18 240
9 82 64 73 -2 0 8 0.00 0.0 0 3.5 14 230 M M 7 1 18 230
10 78 66 72 -3 0 7 0.76 0.0 0 3.8 16 260 M M 8 1 20 250
11 84 63 74 -1 0 9 0.00 0.0 0 2.3 12 200 M M 5 12 14 200
12 86 64 75 0 0 10 0.00 0.0 0 5.8 16 220 M M 5 1 21 220
13 87 73 80 5 0 15 0.00 0.0 0 3.6 13 240 M M 8 19 230
14 84 71 78 3 0 13 0.12 0.0 0 4.5 15 240 M M 8 13 23 290
15 81 69 75 0 0 10 0.03 0.0 0 6.8 20 230 M M 7 13 25 250
16 75 63 69 -6 0 4 0.01 0.0 0 1.7 9 250 M M 9 1 13 270
17 84 62 73 -2 0 8 T 0.0 0 5.3 16 210 M M 6 12 23 190
18 79 57 68 -7 0 3 0.00 0.0 0 5.5 12 330 M M 6 18 310
19 82 52 67 -8 0 2 0.00 0.0 0 1.4 8 190 M M 1 1 11 200
20 89 57 73 -2 0 8 0.00 0.0 0 1.9 12 190 M M 2 1 16 210
21 91 64 78 4 0 13 0.00 0.0 0 1.5 9 10 M M 3 1 14 20
22 88 67 78 4 0 13 0.00 0.0 0 3.1 10 360 M M 4 12 15 10
23 91 62 77 3 0 12 0.00 0.0 0 3.3 12 70 M M 2 1 14 70
24 91 67 79 5 0 14 T 0.0 0 4.3 13 300 M M 6 1 18 250
25 80 69 75 1 0 10 1.20 0.0 0 5.5 31 60 M M 8 13 41 60
26 86 69 78 4 0 13 T 0.0 0 2.7 9 20 M M 7 1 14 280
27 84 67 76 2 0 11 0.00 0.0 0 3.5 10 10 M M 8 1 15 30
28 79 66 73 -1 0 8 0.19 0.0 0 1.8 7 340 M M 10 1 10 340
29 77 68 73 0 0 8 0.06 0.0 0 1.2 8 340 M M 9 1 11 300
30 77 62 70 -3 0 5 0.00 0.0 0 4.2 12 360 M M 8 12 19 10
31 77 56 67 -6 0 2 0.00 0.0 0 3.1 10 30 M M 5 1 15 360
================================================================================
SM 2587 1988 0 280 4.06 0.0 106.6 M 184
================================================================================
AV 83.5 64.1 3.4 FASTST M M 6 MAX(MPH)
MISC ----> 31 60 41 60
================================================================================
NOTES:
# LAST OF SEVERAL OCCURRENCES
COLUMN 17 PEAK WIND IN M.P.H.
PRELIMINARY LOCAL CLIMATOLOGICAL DATA (WS FORM: F-6) , PAGE 2
STATION: CHARLESTON WV
MONTH: AUGUST
YEAR: 2023
LATITUDE: 38 22 N
LONGITUDE: 81 36 W
[TEMPERATURE DATA] [PRECIPITATION DATA] SYMBOLS USED IN COLUMN 16
AVERAGE MONTHLY: 73.8 TOTAL FOR MONTH: 4.06 1 = FOG OR MIST
DPTR FM NORMAL: -0.8 DPTR FM NORMAL: 0.31 2 = FOG REDUCING VISIBILITY
HIGHEST: 91 ON 24,23 GRTST 24HR 1.20 ON 25-25 TO 1/4 MILE OR LESS
LOWEST: 52 ON 19 3 = THUNDER
SNOW, ICE PELLETS, HAIL 4 = ICE PELLETS
TOTAL MONTH: 0.0 INCH 5 = HAIL
GRTST 24HR 0.0 6 = FREEZING RAIN OR DRIZZLE
GRTST DEPTH: 0 7 = DUSTSTORM OR SANDSTORM:
VSBY 1/2 MILE OR LESS
8 = SMOKE OR HAZE
[NO. OF DAYS WITH] [WEATHER - DAYS WITH] 9 = BLOWING SNOW
X = TORNADO
MAX 32 OR BELOW: 0 0.01 INCH OR MORE: 10
MAX 90 OR ABOVE: 4 0.10 INCH OR MORE: 7
MIN 32 OR BELOW: 0 0.50 INCH OR MORE: 4
MIN 0 OR BELOW: 0 1.00 INCH OR MORE: 1
[HDD (BASE 65) ]
TOTAL THIS MO. 0 CLEAR (SCALE 0-3) 5
DPTR FM NORMAL -1 PTCLDY (SCALE 4-7) 21
TOTAL FM JUL 1 0 CLOUDY (SCALE 8-10) 5
DPTR FM NORMAL 0
[CDD (BASE 65) ]
TOTAL THIS MO. 280
DPTR FM NORMAL -20 [PRESSURE DATA]
TOTAL FM JAN 1 802 HIGHEST SLP 30.21 ON 2
DPTR FM NORMAL -189 LOWEST SLP 29.67 ON 10
[REMARKS]
#FINAL-08-23#