000
CXUS54 KOUN 010810
CF6CSM
PRELIMINARY LOCAL CLIMATOLOGICAL DATA (WS FORM: F-6)
STATION: CLINTON
MONTH: APRIL
YEAR: 2022
LATITUDE: 35 20 N
LONGITUDE: 99 12 W
TEMPERATURE IN F: :PCPN: SNOW: WIND :SUNSHINE: SKY :PK WND
================================================================================
1 2 3 4 5 6A 6B 7 8 9 10 11 12 13 14 15 16 17 18
12Z AVG MX 2MIN
DY MAX MIN AVG DEP HDD CDD WTR SNW DPTH SPD SPD DIR MIN PSBL S-S WX SPD DR
================================================================================
1 72 38 55 0 10 0 0.13 M M 14.2 30 150 M M 4 39 150
2 69 40 55 0 10 0 0.00 M M 8.9 21 360 M M 2 12 25 10
3 82 50 66 11 0 1 0.00 M M 18.4 33 180 M M 0 3 41 180
4 60 50 55 0 10 0 0.00 0.0 0 14.3 25 30 M M 10 1 30 30
5 88 47 68 12 0 3 0.00 M M 19.6 46 10 M M 5 12 56 10
6 65 44 55 -1 10 0 0.00 M M 21.6 40 10 M M 3 52 10
7 63 42 53 -3 12 0 0.00 M M 21.5 45 330 M M 3 8 56 320
8 63 34 49 -7 16 0 0.00 M M 15.3 31 340 M M 0 43 350
9 88 33 61 5 4 0 0.00 M M 18.2 35 210 M M 0 43 190
10 80 59 70 13 0 5 0.00 0.0 M 14.0 23 60 M M 0 31 190
11 74 51 63 6 2 0 0.00 0.0 M 16.0 30 30 M M 2 36 20
12 94 58 76 19 0 11 0.00 0.0 M 22.9 36 210 M M 3 1 49 170
13 70 42 56 -1 9 0 0.00 0.0 M 16.6 33 360 M M 1 42 360
14 69 30 50 -8 15 0 0.00 M M 13.6 26 140 M M 0 34 150
15 92 54 73 15 0 8 0.00 M M 21.0 32 200 M M 0 39 210
16 54 46 50 -8 15 0 0.00 M M 20.4 33 20 M M 9 40 10
17 73 47 60 2 5 0 0.00 M M 8.5 20 300 M M 3 28 330
18 64 37 51 -7 14 0 0.00 M M 12.9 28 60 M M 0 1 32 60
19 65 44 55 -4 10 0 0.00 M M 22.7 38 170 M M 4 45 170
20 89 61 75 16 0 10 T M M 18.4 36 180 M M 4 44 170
21 91 57 74 15 0 9 M M M 20.9 35 160 M M 1 45 160
22 81 66 74 14 0 9 0.00 M M 28.7 39 160 M M 6 52 160
23 83 56 70 10 0 5 0.00 M M 22.9 39 170 M M 2 52 160
24 73 48 61 1 4 0 0.00 M M 16.9 30 20 M M 4 36 30
25 68 44 56 -4 9 0 0.00 M M 13.8 26 20 M M 2 33 20
26 72 35 54 -7 11 0 0.00 M M 10.6 18 160 M M 0 32 140
27 73 51 62 1 3 0 0.00 M M 20.6 30 170 M M 3 37 160
28 83 61 72 11 0 7 T 0.0 0 18.2 31 140 M M 5 3 36 130
29 95 62 79 17 0 14 0.00 0.0 0 22.5 38 210 M M 0 48 210
30 78 48 63 1 2 0 0.00 0.0 0 10.7 29 330 M M 0 40 340
================================================================================
SM 2271 1435 171 82 0.13 0.0 524.8 M 76
================================================================================
AV 75.7 47.8 17.5 FASTST M M 3 MAX(MPH)
MISC ----> 46 10 # 56 10
================================================================================
NOTES:
# LAST OF SEVERAL OCCURRENCES
COLUMN 17 PEAK WIND IN M.P.H.
PRELIMINARY LOCAL CLIMATOLOGICAL DATA (WS FORM: F-6) , PAGE 2
STATION: CLINTON
MONTH: APRIL
YEAR: 2022
LATITUDE: 35 20 N
LONGITUDE: 99 12 W
[TEMPERATURE DATA] [PRECIPITATION DATA] SYMBOLS USED IN COLUMN 16
AVERAGE MONTHLY: 61.8 TOTAL FOR MONTH: 0.13 1 = FOG OR MIST
DPTR FM NORMAL: 3.8 DPTR FM NORMAL: -2.47 2 = FOG REDUCING VISIBILITY
HIGHEST: 95 ON 29 GRTST 24HR 0.13 ON 1- 1 TO 1/4 MILE OR LESS
LOWEST: 30 ON 14 3 = THUNDER
SNOW, ICE PELLETS, HAIL 4 = ICE PELLETS
TOTAL MONTH: 0.0 INCH 5 = HAIL
GRTST 24HR 0.0 6 = FREEZING RAIN OR DRIZZLE
GRTST DEPTH: 0 7 = DUSTSTORM OR SANDSTORM:
VSBY 1/2 MILE OR LESS
8 = SMOKE OR HAZE
[NO. OF DAYS WITH] [WEATHER - DAYS WITH] 9 = BLOWING SNOW
X = TORNADO
MAX 32 OR BELOW: 0 0.01 INCH OR MORE: 1
MAX 90 OR ABOVE: 4 0.10 INCH OR MORE: 1
MIN 32 OR BELOW: 1 0.50 INCH OR MORE: 0
MIN 0 OR BELOW: 0 1.00 INCH OR MORE: 0
[HDD (BASE 65) ]
TOTAL THIS MO. 171 CLEAR (SCALE 0-3) 17
DPTR FM NORMAL -69 PTCLDY (SCALE 4-7) 11
TOTAL FM JUL 1 3264 CLOUDY (SCALE 8-10) 2
DPTR FM NORMAL -425
[CDD (BASE 65) ]
TOTAL THIS MO. 82
DPTR FM NORMAL 51 [PRESSURE DATA]
TOTAL FM JAN 1 89 HIGHEST SLP M ON M
DPTR FM NORMAL 52 LOWEST SLP 29.30 ON 5
[REMARKS]
#FINAL-04-22#