000
CXUS55 KOHX 011110
CF6CSV
PRELIMINARY LOCAL CLIMATOLOGICAL DATA (WS FORM: F-6)
STATION: CROSSVILLE
MONTH: MAY
YEAR: 2022
LATITUDE: 35 57 N
LONGITUDE: 85 5 W
TEMPERATURE IN F: :PCPN: SNOW: WIND :SUNSHINE: SKY :PK WND
================================================================================
1 2 3 4 5 6A 6B 7 8 9 10 11 12 13 14 15 16 17 18
12Z AVG MX 2MIN
DY MAX MIN AVG DEP HDD CDD WTR SNW DPTH SPD SPD DIR MIN PSBL S-S WX SPD DR
================================================================================
1 74 54 64 4 1 0 0.24 M M 6.8 18 260 M M 4 1 27 230
2 80 48 64 4 1 0 T M M 1.9 15 260 M M 0 1 19 270
3 78 63 71 11 0 6 0.00 M M 7.4 16 180 M M 3 30 150
4 73 52 63 3 2 0 0.00 M M 8.5 18 270 M M 4 18 25 250
5 79 49 64 3 1 0 1.04 M M 4.0 14 290 M M 2 138 22 170
6 72 53 63 2 2 0 0.43 M M 9.3 26 260 M M 8 13 42 260
7 57 50 54 -7 11 0 0.04 M M 9.7 16 290 M M 10 1 26 280
8 65 49 57 -4 8 0 0.00 M M 4.7 10 90 M M 7 16 100
9 74 49 62 0 3 0 0.00 M M 3.3 10 220 M M 0 1 19 180
10 80 51 66 4 0 1 0.00 M M 2.6 9 140 M M 2 1 15 160
11 81 56 69 7 0 4 T M M 2.9 13 30 M M 4 12 18 30
12 81 53 67 5 0 2 0.00 M M 3.6 13 80 M M 2 12 20 80
13 79 56 68 6 0 3 0.79 M M 2.6 21 150 M M 3 138 34 150
14 78 58 68 5 0 3 0.07 M M 3.1 23 280 M M 4 1238 33 290
15 79 58 69 6 0 4 0.06 M M 2.8 10 340 M M 3 1 16 340
16 73 51 62 -1 3 0 0.00 M M 5.7 15 350 M M 2 22 340
17 78 47 63 0 2 0 0.00 M M 2.2 12 360 M M 0 20 330
18 79 51 65 1 0 0 0.00 M M 4.9 14 200 M M 0 27 220
19 84 64 74 10 0 9 0.00 M M 5.9 14 260 M M 3 1 22 260
20 82 68 75 11 0 10 0.00 M M 7.9 15 180 M M 0 31 170
21 83 64 74 10 0 9 0.00 M M 4.5 13 280 M M 3 21 280
22 77 62 70 6 0 5 0.28 M M 6.2 14 310 M M 6 1 24 290
23 67 56 62 -3 3 0 1.34 M M 5.8 16 320 M M 10 12 24 330
24 75 56 66 1 0 1 0.02 M M 3.6 9 140 M M 7 12 14 140
25 76 62 69 4 0 4 0.03 M M 6.3 16 160 M M 6 1 30 130
26 71 59 65 0 0 0 0.37 M M 6.5 16 180 M M 8 1 30 180
27 68 55 62 -4 3 0 0.01 M M 6.8 21 270 M M 7 1 27 260
28 69 54 62 -4 3 0 0.00 M M 3.1 9 290 M M 8 1 14 290
29 78 53 66 0 0 1 0.00 M M 3.0 12 180 M M 1 1 19 170
30 82 59 71 5 0 6 0.00 M M 5.0 14 170 M M 1 24 200
31 84 65 75 8 0 10 0.00 M M 2.3 9 300 M M 1 19 180
================================================================================
SM 2356 1725 43 78 4.72 M 152.9 M 119
================================================================================
AV 76.0 55.6 4.9 FASTST M M 4 MAX(MPH)
MISC ----> 26 260 42 260
================================================================================
NOTES:
# LAST OF SEVERAL OCCURRENCES
COLUMN 17 PEAK WIND IN M.P.H.
PRELIMINARY LOCAL CLIMATOLOGICAL DATA (WS FORM: F-6) , PAGE 2
STATION: CROSSVILLE
MONTH: MAY
YEAR: 2022
LATITUDE: 35 57 N
LONGITUDE: 85 5 W
[TEMPERATURE DATA] [PRECIPITATION DATA] SYMBOLS USED IN COLUMN 16
AVERAGE MONTHLY: 65.8 TOTAL FOR MONTH: 4.72 1 = FOG OR MIST
DPTR FM NORMAL: 2.6 DPTR FM NORMAL: -0.46 2 = FOG REDUCING VISIBILITY
HIGHEST: 84 ON 31,19 GRTST 24HR 1.58 ON 22-23 TO 1/4 MILE OR LESS
LOWEST: 47 ON 17 3 = THUNDER
SNOW, ICE PELLETS, HAIL 4 = ICE PELLETS
TOTAL MONTH: M 5 = HAIL
GRTST 24HR M ON M 6 = FREEZING RAIN OR DRIZZLE
GRTST DEPTH: M ON M 7 = DUSTSTORM OR SANDSTORM:
VSBY 1/2 MILE OR LESS
8 = SMOKE OR HAZE
[NO. OF DAYS WITH] [WEATHER - DAYS WITH] 9 = BLOWING SNOW
X = TORNADO
MAX 32 OR BELOW: 0 0.01 INCH OR MORE: 13
MAX 90 OR ABOVE: 0 0.10 INCH OR MORE: 7
MIN 32 OR BELOW: 0 0.50 INCH OR MORE: 3
MIN 0 OR BELOW: 0 1.00 INCH OR MORE: 2
[HDD (BASE 65) ]
TOTAL THIS MO. 43 CLEAR (SCALE 0-3) 17
DPTR FM NORMAL -72 PTCLDY (SCALE 4-7) 10
TOTAL FM JUL 1 3900 CLOUDY (SCALE 8-10) 4
DPTR FM NORMAL -479
[CDD (BASE 65) ]
TOTAL THIS MO. 78
DPTR FM NORMAL 18 [PRESSURE DATA]
TOTAL FM JAN 1 89 HIGHEST SLP 30.28 ON 10
DPTR FM NORMAL 16 LOWEST SLP 29.53 ON 6
[REMARKS]
#FINAL-05-22#