000
CXUS55 KOHX 011210
CF6CSV
PRELIMINARY LOCAL CLIMATOLOGICAL DATA (WS FORM: F-6)
STATION: CROSSVILLE
MONTH: DECEMBER
YEAR: 2021
LATITUDE: 35 57 N
LONGITUDE: 85 5 W
TEMPERATURE IN F: :PCPN: SNOW: WIND :SUNSHINE: SKY :PK WND
================================================================================
1 2 3 4 5 6A 6B 7 8 9 10 11 12 13 14 15 16 17 18
12Z AVG MX 2MIN
DY MAX MIN AVG DEP HDD CDD WTR SNW DPTH SPD SPD DIR MIN PSBL S-S WX SPD DR
================================================================================
1 60 34 47 5 18 0 0.00 M M 5.2 14 210 M M 2 23 250
2 66 46 56 14 9 0 0.00 M M 7.8 17 260 M M 2 25 270
3 70 41 56 15 9 0 0.00 M M 4.1 14 260 M M 0 19 260
4 65 47 56 15 9 0 0.00 M M 3.2 12 20 M M 8 1 15 20
5 59 42 51 10 14 0 0.00 M M 6.0 16 180 M M 8 18 30 150
6 59 28 44 3 21 0 0.78 M M 8.3 24 300 M M 7 12 37 300
7 42 24 33 -7 32 0 0.00 M M 5.3 15 70 M M 4 8 20 70
8 49 28 39 -1 26 0 M M M 3.5 13 280 M M 3 1 17 260
9 54 25 40 0 25 0 T M M 6.6 18 180 M M 3 18 34 180
10 60 46 53 13 12 0 0.05 M M 7.5 16 180 M M 10 1 28 160
11 66 31 49 9 16 0 1.27 M M 10.4 30 260 M M 7 123 47 280
12 47 26 37 -3 28 0 0.00 M M 4.3 14 80 M M 0 20 80
13 58 32 45 6 20 0 0.00 M M 3.1 10 220 M M 0 17 210
14 64 27 46 7 19 0 0.00 M M 2.2 9 120 M M 0 1 14 110
15 59 47 53 14 12 0 0.00 M M 8.7 18 180 M M 0 31 190
16 65 51 58 19 7 0 0.53 M M 8.1 17 200 M M 3 1 32 190
17 63 56 60 22 5 0 0.09 M M 5.6 12 190 M M 9 1 22 180
18 63 40 52 14 13 0 0.57 M M 8.6 20 280 M M 9 13 27 260
19 40 27 34 -4 31 0 0.01 M M 9.2 15 30 M M 8 12 22 340
20 47 25 36 -2 29 0 0.00 M M 2.3 8 160 M M 0 1 12 180
21 48 33 41 3 24 0 0.00 M M 2.6 9 280 M M 5 1 13 260
22 41 24 33 -5 32 0 0.00 M M 5.7 14 10 M M 0 1 22 330
23 56 22 39 1 26 0 0.00 M M 4.4 14 190 M M 0 23 220
24 58 43 51 14 14 0 0.00 M M 8.8 16 200 M M 6 30 180
25 65 56 61 24 4 0 0.00 M M 9.5 20 260 M M 8 33 260
26 68 51 60 23 5 0 0.00 M M 3.4 14 290 M M 5 12 20 260
27 64 56 60 23 5 0 0.06 M M 7.1 16 260 M M 9 1 25 230
28 66 58 62 25 3 0 0.21 M M 5.1 16 280 M M 9 1 25 210
29 64 51 58 22 7 0 1.44 M M 4.6 18 10 M M 10 13 29 10
30 64 45 55 19 10 0 0.00 M M 4.1 14 280 M M 8 12 20 270
31 65 49 57 21 8 0 T M M 5.5 15 190 M M 8 1 24 200
================================================================================
SM 1815 1211 493 0 5.01 M 180.8 M 151
================================================================================
AV 58.5 39.1 5.8 FASTST M M 5 MAX(MPH)
MISC ----> 30 260 47 280
================================================================================
NOTES:
# LAST OF SEVERAL OCCURRENCES
COLUMN 17 PEAK WIND IN M.P.H.
PRELIMINARY LOCAL CLIMATOLOGICAL DATA (WS FORM: F-6) , PAGE 2
STATION: CROSSVILLE
MONTH: DECEMBER
YEAR: 2021
LATITUDE: 35 57 N
LONGITUDE: 85 5 W
[TEMPERATURE DATA] [PRECIPITATION DATA] SYMBOLS USED IN COLUMN 16
AVERAGE MONTHLY: 48.8 TOTAL FOR MONTH: 5.01 1 = FOG OR MIST
DPTR FM NORMAL: 10.0 DPTR FM NORMAL: -0.33 2 = FOG REDUCING VISIBILITY
HIGHEST: 70 ON 3 GRTST 24HR 1.44 ON 29-29 TO 1/4 MILE OR LESS
LOWEST: 22 ON 23 3 = THUNDER
SNOW, ICE PELLETS, HAIL 4 = ICE PELLETS
TOTAL MONTH: M 5 = HAIL
GRTST 24HR M ON M 6 = FREEZING RAIN OR DRIZZLE
GRTST DEPTH: M ON M 7 = DUSTSTORM OR SANDSTORM:
VSBY 1/2 MILE OR LESS
8 = SMOKE OR HAZE
[NO. OF DAYS WITH] [WEATHER - DAYS WITH] 9 = BLOWING SNOW
X = TORNADO
MAX 32 OR BELOW: 0 0.01 INCH OR MORE: 10
MAX 90 OR ABOVE: 0 0.10 INCH OR MORE: 6
MIN 32 OR BELOW: 12 0.50 INCH OR MORE: 5
MIN 0 OR BELOW: 0 1.00 INCH OR MORE: 2
[HDD (BASE 65) ]
TOTAL THIS MO. 493 CLEAR (SCALE 0-3) 12
DPTR FM NORMAL -319 PTCLDY (SCALE 4-7) 11
TOTAL FM JUL 1 1359 CLOUDY (SCALE 8-10) 8
DPTR FM NORMAL -361
[CDD (BASE 65) ]
TOTAL THIS MO. 0
DPTR FM NORMAL 0 [PRESSURE DATA]
TOTAL FM JAN 1 897 HIGHEST SLP 30.49 ON 14
DPTR FM NORMAL 6 LOWEST SLP 29.73 ON 28
[REMARKS]
#FINAL-12-21#