000
CXUS51 KILN 010658
CF6CVG
PRELIMINARY LOCAL CLIMATOLOGICAL DATA (WS FORM: F-6)
STATION: CINCINNATI OH
MONTH: JULY
YEAR: 2023
LATITUDE: 39 2 N
LONGITUDE: 84 40 W
TEMPERATURE IN F: :PCPN: SNOW: WIND :SUNSHINE: SKY :PK WND
================================================================================
1 2 3 4 5 6A 6B 7 8 9 10 11 12 13 14 15 16 17 18
12Z AVG MX 2MIN
DY MAX MIN AVG DEP HDD CDD WTR SNW DPTH SPD SPD DIR MIN PSBL S-S WX SPD DR
================================================================================
1 83 68 76 1 0 11 0.52 0.0 0 7.6 26 260 M M 9 13 35 260
2 84 67 76 0 0 11 0.03 0.0 0 9.6 16 180 M M 8 13 22 200
3 83 67 75 -1 0 10 0.02 0.0 0 8.0 22 320 M M 7 18 24 310
4 88 68 78 2 0 13 0.00 0.0 0 4.1 21 110 M M 7 138 25 100
5 90 68 79 3 0 14 0.00 0.0 0 3.9 14 240 M M 4 18 19 260
6 87 71 79 3 0 14 0.17 0.0 0 9.1 17 300 M M 7 13 29 320
7 87 68 78 2 0 13 0.00 0.0 0 4.7 13 280 M M 5 18 20
8 80 65 73 -3 0 8 0.40 0.0 0 5.0 26 310 M M 9 13 33 310
9 79 64 72 -4 0 7 T 0.0 0 7.7 16 330 M M 7 1 25 350
10 84 59 72 -4 0 7 0.00 0.0 0 4.7 13 290 M M 1 18 290
11 85 60 73 -3 0 8 0.00 0.0 0 6.6 14 230 M M 2 1 18 270
12 86 62 74 -2 0 9 0.00 0.0 0 7.2 18 180 M M 3 1 23 170
13 89 69 79 3 0 14 T 0.0 0 6.9 17 220 M M 5 138 23 230
14 89 69 79 3 0 14 0.00 0.0 0 5.3 14 280 M M 3 17 210
15 81 69 75 -1 0 10 0.27 0.0 0 6.0 24 350 M M 6 13 29 340
16 82 66 74 -2 0 9 0.41 0.0 0 7.0 16 310 M M 2 138 19 310
17 83 63 73 -3 0 8 0.20 0.0 0 8.5 32 340 M M 6 138 39 360
18 84 61 73 -3 0 8 1.07 0.0 0 6.4 14 330 M M 7 1238 18 330
19 79 69 74 -2 0 9 T 0.0 0 4.6 14 190 M M 7 18 16 210
20 86 68 77 1 0 12 0.15 0.0 0 6.3 17 320 M M 7 1 20 320
21 82 67 75 -1 0 10 0.00 0.0 0 8.1 16 320 M M 5 26 350
22 84 63 74 -2 0 9 0.00 0.0 0 4.2 15 10 M M 4 1 29 20
23 83 62 73 -3 0 8 T 0.0 0 4.4 17 280 M M 4 13 23 280
24 86 64 75 -1 0 10 1.82 T 0 7.8 30 280 M M 7 1358 49 270
25 87 63 75 -1 0 10 0.00 0.0 0 3.5 9 240 M M 1 18 13 250
26 90 70 80 4 0 15 T 0.0 0 12.0 21 190 M M 6 138 29 200
27 90 71 81 5 0 16 2.79 0.0 0 9.3 33 20 M M 7 138 44 20
28 91 73 82 6 0 17 0.00 0.0 0 8.9 22 340 M M 6 138 26 300
29 87 70 79 3 0 14 0.15 0.0 0 9.9 37 310 M M 5 13 47 300
30 87 71 79 3 0 14 0.00 0.0 0 6.9 14 290 M M 4 18 360
31 81 66 74 -2 0 9 0.00 0.0 0 7.6 17 10 M M 2 1 25 350
================================================================================
SM 2637 2061 0 341 8.00 T 211.8 M 163
================================================================================
AV 85.1 66.5 6.8 FASTST M M 5 MAX(MPH)
MISC ----> 37 310 49 270
================================================================================
NOTES:
# LAST OF SEVERAL OCCURRENCES
COLUMN 17 PEAK WIND IN M.P.H.
PRELIMINARY LOCAL CLIMATOLOGICAL DATA (WS FORM: F-6) , PAGE 2
STATION: CINCINNATI OH
MONTH: JULY
YEAR: 2023
LATITUDE: 39 2 N
LONGITUDE: 84 40 W
[TEMPERATURE DATA] [PRECIPITATION DATA] SYMBOLS USED IN COLUMN 16
AVERAGE MONTHLY: 75.8 TOTAL FOR MONTH: 8.00 1 = FOG OR MIST
DPTR FM NORMAL: -0.1 DPTR FM NORMAL: 4.17 2 = FOG REDUCING VISIBILITY
HIGHEST: 91 ON 28 GRTST 24HR 2.79 ON 27-27 TO 1/4 MILE OR LESS
LOWEST: 59 ON 10 3 = THUNDER
SNOW, ICE PELLETS, HAIL 4 = ICE PELLETS
TOTAL MONTH: T 5 = HAIL
GRTST 24HR T ON 24-24 6 = FREEZING RAIN OR DRIZZLE
GRTST DEPTH: 0 7 = DUSTSTORM OR SANDSTORM:
VSBY 1/2 MILE OR LESS
8 = SMOKE OR HAZE
[NO. OF DAYS WITH] [WEATHER - DAYS WITH] 9 = BLOWING SNOW
X = TORNADO
MAX 32 OR BELOW: 0 0.01 INCH OR MORE: 13
MAX 90 OR ABOVE: 4 0.10 INCH OR MORE: 11
MIN 32 OR BELOW: 0 0.50 INCH OR MORE: 4
MIN 0 OR BELOW: 0 1.00 INCH OR MORE: 3
[HDD (BASE 65) ]
TOTAL THIS MO. 0 CLEAR (SCALE 0-3) 6
DPTR FM NORMAL -1 PTCLDY (SCALE 4-7) 23
TOTAL FM JUL 1 0 CLOUDY (SCALE 8-10) 2
DPTR FM NORMAL 0
[CDD (BASE 65) ]
TOTAL THIS MO. 341
DPTR FM NORMAL 1 [PRESSURE DATA]
TOTAL FM JAN 1 598 HIGHEST SLP M ON M
DPTR FM NORMAL -84 LOWEST SLP 29.74 ON 2
[REMARKS]
#FINAL-07-23#