000
CXUS54 KHGX 011410
CF6CXO
PRELIMINARY LOCAL CLIMATOLOGICAL DATA (WS FORM: F-6)
STATION: CONROE
MONTH: JUNE
YEAR: 2023
LATITUDE: 30 21 N
LONGITUDE: 95 25 W
TEMPERATURE IN F: :PCPN: SNOW: WIND :SUNSHINE: SKY :PK WND
================================================================================
1 2 3 4 5 6A 6B 7 8 9 10 11 12 13 14 15 16 17 18
12Z AVG MX 2MIN
DY MAX MIN AVG DEP HDD CDD WTR SNW DPTH SPD SPD DIR MIN PSBL S-S WX SPD DR
================================================================================
1 90 63 77 -2 0 12 0.00 0.0 0 3.2 12 140 M M 1 1 16 140
2 91 65 78 -1 0 13 0.00 0.0 0 2.2 10 170 M M 0 1 17 140
3 92 69 81 2 0 16 T 0.0 0 4.8 17 70 M M 0 3 23 70
4 81 66 74 -5 0 9 0.42 0.0 0 3.5 22 280 M M 4 13 30 290
5 89 64 77 -3 0 12 0.01 0.0 0 2.8 15 150 M M 3 13 22 250
6 88 66 77 -3 0 12 0.00 0.0 0 2.3 20 160 M M 3 12 24 170
7 91 63 77 -3 0 12 0.00 0.0 0 2.8 12 210 M M 1 1 17 250
8 90 66 78 -2 0 13 0.22 0.0 0 3.0 20 80 M M 2 13 33 80
9 93 64 79 -1 0 14 0.00 0.0 0 1.8 9 160 M M 1 1 12 250
10 94 67 81 1 0 16 0.54 0.0 0 8.0 26 30 M M 2 13 41 30
11 93 66 80 0 0 15 0.04 0.0 0 5.0 14 220 M M 2 13 22 200
12 93 75 84 4 0 19 0.00 0.0 0 6.2 18 160 M M 3 1 24 150
13 95 73 84 3 0 19 0.00 0.0 0 8.1 17 160 M M 2 1 26 130
14 95 76 86 5 0 21 0.00 0.0 0 8.2 18 190 M M 4 1 29 190
15 98 80 89 8 0 24 0.00 0.0 0 8.1 16 210 M M 4 24 230
16 98 78 88 7 0 23 0.00 0.0 0 8.9 18 180 M M 4 18 28 190
17 95 78 87 6 0 22 0.00 0.0 0 5.3 14 210 M M 3 8 20 210
18 99 77 88 7 0 23 0.00 0.0 0 10.4 20 190 M M 2 28 200
19 100 78 89 8 0 24 0.00 0.0 0 8.8 18 200 M M 2 1 27 240
20 100 79 90 9 0 25 0.00 0.0 0 7.4 17 190 M M 3 3 22 220
21 99 76 88 7 0 23 0.44 0.0 0 5.7 30 340 M M 2 13 45 320
22 95 73 84 3 0 19 0.00 0.0 0 4.5 12 130 M M 1 1 17 110
23 97 78 88 7 0 23 0.00 0.0 0 4.6 15 180 M M 5 12 21 170
24 97 77 87 6 0 22 0.00 0.0 0 9.0 18 200 M M 2 23 170
25 98 80 89 8 0 24 0.00 0.0 0 10.5 16 200 M M 4 26 210
26 98 80 89 7 0 24 0.00 0.0 0 10.1 17 170 M M 3 23 180
27 99 79 89 7 0 24 0.00 0.0 0 7.0 15 200 M M 1 21 230
28 98 79 89 7 0 24 0.00 0.0 0 7.1 16 210 M M 3 22 230
29 99 79 89 7 0 24 0.00 0.0 0 6.8 13 130 M M 2 19 160
30 99 72 86 4 0 21 0.00 0.0 0 4.7 15 140 M M 2 21 210
================================================================================
SM 2844 2186 0 572 1.67 0.0 180.8 M 71
================================================================================
AV 94.8 72.9 6.0 FASTST M M 2 MAX(MPH)
MISC ----> 30 340 45 320
================================================================================
NOTES:
# LAST OF SEVERAL OCCURRENCES
COLUMN 17 PEAK WIND IN M.P.H.
PRELIMINARY LOCAL CLIMATOLOGICAL DATA (WS FORM: F-6) , PAGE 2
STATION: CONROE
MONTH: JUNE
YEAR: 2023
LATITUDE: 30 21 N
LONGITUDE: 95 25 W
[TEMPERATURE DATA] [PRECIPITATION DATA] SYMBOLS USED IN COLUMN 16
AVERAGE MONTHLY: 83.8 TOTAL FOR MONTH: 1.67 1 = FOG OR MIST
DPTR FM NORMAL: 3.2 DPTR FM NORMAL: -2.75 2 = FOG REDUCING VISIBILITY
HIGHEST: 100 ON 20,19 GRTST 24HR 0.58 ON 10-11 TO 1/4 MILE OR LESS
LOWEST: 63 ON 7, 1 3 = THUNDER
SNOW, ICE PELLETS, HAIL 4 = ICE PELLETS
TOTAL MONTH: 0.0 INCH 5 = HAIL
GRTST 24HR 0.0 6 = FREEZING RAIN OR DRIZZLE
GRTST DEPTH: 0 7 = DUSTSTORM OR SANDSTORM:
VSBY 1/2 MILE OR LESS
8 = SMOKE OR HAZE
[NO. OF DAYS WITH] [WEATHER - DAYS WITH] 9 = BLOWING SNOW
X = TORNADO
MAX 32 OR BELOW: 0 0.01 INCH OR MORE: 6
MAX 90 OR ABOVE: 27 0.10 INCH OR MORE: 4
MIN 32 OR BELOW: 0 0.50 INCH OR MORE: 1
MIN 0 OR BELOW: 0 1.00 INCH OR MORE: 0
[HDD (BASE 65) ]
TOTAL THIS MO. 0 CLEAR (SCALE 0-3) 22
DPTR FM NORMAL 0 PTCLDY (SCALE 4-7) 8
TOTAL FM JUL 1 1455 CLOUDY (SCALE 8-10) 0
DPTR FM NORMAL -250
[CDD (BASE 65) ]
TOTAL THIS MO. 572
DPTR FM NORMAL 104 [PRESSURE DATA]
TOTAL FM JAN 1 1155 HIGHEST SLP 30.02 ON 30
DPTR FM NORMAL 169 LOWEST SLP 29.66 ON 14
[REMARKS]
#FINAL-06-23#