000
CXUS54 KHGX 011410
CF6CXO
PRELIMINARY LOCAL CLIMATOLOGICAL DATA (WS FORM: F-6)
STATION: CONROE
MONTH: JUNE
YEAR: 2022
LATITUDE: 30 21 N
LONGITUDE: 95 25 W
TEMPERATURE IN F: :PCPN: SNOW: WIND :SUNSHINE: SKY :PK WND
================================================================================
1 2 3 4 5 6A 6B 7 8 9 10 11 12 13 14 15 16 17 18
12Z AVG MX 2MIN
DY MAX MIN AVG DEP HDD CDD WTR SNW DPTH SPD SPD DIR MIN PSBL S-S WX SPD DR
================================================================================
1 92 72 82 3 0 17 T 0.0 0 5.4 14 170 M M 4 13 18 130
2 92 69 81 2 0 16 0.00 0.0 0 4.9 18 330 M M 2 1 30 320
3 88 66 77 -2 0 12 0.00 0.0 0 4.4 13 80 M M 3 17 70
4 90 70 80 1 0 15 0.03 0.0 0 2.8 10 350 M M 3 1 15 360
5 92 67 80 0 0 15 0.00 0.0 0 5.8 13 130 M M 1 1 18 200
6 94 72 83 3 0 18 0.00 0.0 0 10.5 22 170 M M 2 29 150
7 95 73 84 4 0 19 0.00 0.0 0 9.3 20 150 M M 3 28 150
8 96 75 86 6 0 21 0.00 0.0 0 7.3 17 200 M M 3 27 200
9 95 71 83 3 0 18 0.00 0.0 0 3.9 13 170 M M 3 1 16 160
10 97 78 88 8 0 23 0.00 0.0 0 6.9 17 200 M M 2 26 190
11 95 78 87 7 0 22 0.00 0.0 0 7.4 15 220 M M 1 22 220
12 99 79 89 9 0 24 0.00 0.0 0 10.0 18 210 M M 4 26 210
13 99 77 88 7 0 23 0.00 0.0 0 11.0 18 160 M M 3 26 190
14 97 76 87 6 0 22 0.00 0.0 0 11.8 22 170 M M 3 31 150
15 97 76 87 6 0 22 0.00 0.0 0 9.0 17 140 M M 3 24 180
16 98 71 85 4 0 20 0.00 0.0 0 3.4 9 140 M M 4 1 14 130
17 96 73 85 4 0 20 T 0.0 0 3.8 15 130 M M 3 3 23 130
18 96 72 84 3 0 19 0.00 0.0 0 1.9 10 140 M M 1 15 140
19 99 71 85 4 0 20 0.00 0.0 0 3.3 12 90 M M 1 16 110
20 100 72 86 5 0 21 0.00 0.0 0 4.2 13 140 M M 1 20 120
21 98 72 85 4 0 20 T 0.0 0 3.3 14 120 M M 2 13 27 100
22 98 70 84 3 0 19 0.00 0.0 0 2.4 18 160 M M 1 23 170
23 101 72 87 6 0 22 0.00 0.0 0 3.2 10 150 M M 0 15 180
24 100 77 89 8 0 24 0.00 0.0 0 6.4 14 140 M M 0 20 160
25 100 70 85 4 0 20 0.00 0.0 0 5.1 13 220 M M 0 1 20 220
26 100 72 86 4 0 21 0.00 0.0 0 3.9 12 160 M M 1 3 15 130
27 99 74 87 5 0 22 0.00 0.0 0 3.9 13 70 M M 1 38 21 50
28 95 71 83 1 0 18 0.00 0.0 0 5.7 17 330 M M 3 27 340
29 98 69 84 2 0 19 0.00 0.0 0 5.1 17 140 M M 2 27 140
30 85 71 78 -4 0 13 0.00 0.0 0 6.0 15 110 M M 2 22 130
================================================================================
SM 2881 2176 0 585 0.03 0.0 172.0 M 62
================================================================================
AV 96.0 72.5 5.7 FASTST M M 2 MAX(MPH)
MISC ----> # 22 170 31 150
================================================================================
NOTES:
# LAST OF SEVERAL OCCURRENCES
COLUMN 17 PEAK WIND IN M.P.H.
PRELIMINARY LOCAL CLIMATOLOGICAL DATA (WS FORM: F-6) , PAGE 2
STATION: CONROE
MONTH: JUNE
YEAR: 2022
LATITUDE: 30 21 N
LONGITUDE: 95 25 W
[TEMPERATURE DATA] [PRECIPITATION DATA] SYMBOLS USED IN COLUMN 16
AVERAGE MONTHLY: 84.3 TOTAL FOR MONTH: 0.03 1 = FOG OR MIST
DPTR FM NORMAL: 3.7 DPTR FM NORMAL: -4.39 2 = FOG REDUCING VISIBILITY
HIGHEST: 101 ON 23 GRTST 24HR 0.03 ON 4- 4 TO 1/4 MILE OR LESS
LOWEST: 66 ON 3 3 = THUNDER
SNOW, ICE PELLETS, HAIL 4 = ICE PELLETS
TOTAL MONTH: 0.0 INCH 5 = HAIL
GRTST 24HR 0.0 6 = FREEZING RAIN OR DRIZZLE
GRTST DEPTH: 0 7 = DUSTSTORM OR SANDSTORM:
VSBY 1/2 MILE OR LESS
8 = SMOKE OR HAZE
[NO. OF DAYS WITH] [WEATHER - DAYS WITH] 9 = BLOWING SNOW
X = TORNADO
MAX 32 OR BELOW: 0 0.01 INCH OR MORE: 1
MAX 90 OR ABOVE: 28 0.10 INCH OR MORE: 0
MIN 32 OR BELOW: 0 0.50 INCH OR MORE: 0
MIN 0 OR BELOW: 0 1.00 INCH OR MORE: 0
[HDD (BASE 65) ]
TOTAL THIS MO. 0 CLEAR (SCALE 0-3) 24
DPTR FM NORMAL 0 PTCLDY (SCALE 4-7) 6
TOTAL FM JUL 1 1653 CLOUDY (SCALE 8-10) 0
DPTR FM NORMAL -52
[CDD (BASE 65) ]
TOTAL THIS MO. 585
DPTR FM NORMAL 117 [PRESSURE DATA]
TOTAL FM JAN 1 1251 HIGHEST SLP 30.15 ON 22
DPTR FM NORMAL 265 LOWEST SLP 29.70 ON 5
[REMARKS]
#FINAL-06-22#