000
CXUS54 KHGX 011510
CF6CXO
PRELIMINARY LOCAL CLIMATOLOGICAL DATA (WS FORM: F-6)
STATION: CONROE
MONTH: DECEMBER
YEAR: 2021
LATITUDE: 30 21 N
LONGITUDE: 95 25 W
TEMPERATURE IN F: :PCPN: SNOW: WIND :SUNSHINE: SKY :PK WND
================================================================================
1 2 3 4 5 6A 6B 7 8 9 10 11 12 13 14 15 16 17 18
12Z AVG MX 2MIN
DY MAX MIN AVG DEP HDD CDD WTR SNW DPTH SPD SPD DIR MIN PSBL S-S WX SPD DR
================================================================================
1 76 44 60 5 5 0 0.00 0.0 0 1.8 13 200 M M 3 12 16 210
2 76 46 61 7 4 0 0.00 0.0 0 1.1 10 260 M M 5 12 15 250
3 78 55 67 13 0 2 0.00 0.0 0 4.9 10 180 M M 7 12 16 170
4 80 65 73 19 0 8 0.00 0.0 0 3.9 10 160 M M 8 12 14 150
5 78 65 72 18 0 7 0.00 0.0 0 7.7 14 190 M M 8 12 19 180
6 76 56 66 12 0 1 0.01 0.0 0 7.3 24 330 M M 9 3 36 330
7 64 51 58 4 7 0 0.00 0.0 0 3.4 9 140 M M 8 12 140
8 63 55 59 6 6 0 0.00 0.0 0 3.8 9 140 M M 10 18 13 140
9 83 60 72 19 0 7 0.00 0.0 0 7.1 18 210 M M 8 12 27 200
10 84 73 79 26 0 14 0.00 0.0 0 13.5 26 190 M M 8 35 190
11 76 45 61 8 4 0 0.55 0.0 0 9.7 23 300 M M 6 13 40 330
12 61 36 49 -4 16 0 0.00 0.0 0 3.0 13 60 M M 0 17 80
13 66 41 54 2 11 0 0.02 0.0 0 2.3 9 130 M M 7 1 14 130
14 79 66 73 21 0 8 0.00 0.0 0 8.2 15 160 M M 9 12 21 150
15 81 68 75 23 0 10 0.00 0.0 0 11.1 21 170 M M 8 1 29 190
16 82 69 76 24 0 11 0.48 0.0 0 8.5 17 170 M M 9 18 27 210
17 80 67 74 22 0 9 0.00 0.0 0 8.2 18 170 M M 7 1 25 160
18 71 50 61 9 4 0 3.22 0.0 0 9.3 32 310 M M 10 123 55 320
19 57 41 49 -3 16 0 0.02 0.0 0 7.2 14 350 M M 5 22 340
20 54 38 46 -6 19 0 0.13 0.0 0 3.1 9 70 M M 7 1 16 70
21 61 33 47 -5 18 0 0.00 0.0 0 1.8 8 330 M M 0 12 11 350
22 70 36 53 2 12 0 0.00 0.0 0 4.6 14 180 M M 1 1 19 180
23 76 53 65 14 0 0 0.00 0.0 0 7.7 20 190 M M 5 27 190
24 79 54 67 16 0 2 0.00 0.0 0 9.9 22 190 M M 3 1 30 220
25 77 62 70 19 0 5 0.00 0.0 0 6.9 18 210 M M 8 1 27 220
26 81 66 74 23 0 9 0.00 0.0 0 9.0 20 180 M M 7 1 26 190
27 81 63 72 21 0 7 0.00 0.0 0 8.6 18 200 M M 8 1 27 230
28 80 64 72 21 0 7 T 0.0 0 7.9 20 190 M M 8 1 27 180
29 82 60 71 20 0 6 0.00 0.0 0 4.9 14 200 M M 7 1 20 170
30 83 54 69 18 0 4 0.00 0.0 0 2.5 14 170 M M 5 128 17 170
31 83 67 75 24 0 10 0.00 0.0 0 9.4 20 190 M M 8 12 26 180
================================================================================
SM 2318 1703 122 127 4.43 0.0 198.3 M 202
================================================================================
AV 74.8 54.9 6.4 FASTST M M 7 MAX(MPH)
MISC ----> 32 310 55 320
================================================================================
NOTES:
# LAST OF SEVERAL OCCURRENCES
COLUMN 17 PEAK WIND IN M.P.H.
PRELIMINARY LOCAL CLIMATOLOGICAL DATA (WS FORM: F-6) , PAGE 2
STATION: CONROE
MONTH: DECEMBER
YEAR: 2021
LATITUDE: 30 21 N
LONGITUDE: 95 25 W
[TEMPERATURE DATA] [PRECIPITATION DATA] SYMBOLS USED IN COLUMN 16
AVERAGE MONTHLY: 64.9 TOTAL FOR MONTH: 4.43 1 = FOG OR MIST
DPTR FM NORMAL: 12.6 DPTR FM NORMAL: 0.52 2 = FOG REDUCING VISIBILITY
HIGHEST: 84 ON 10 GRTST 24HR 3.22 ON 18-18 TO 1/4 MILE OR LESS
LOWEST: 33 ON 21 3 = THUNDER
SNOW, ICE PELLETS, HAIL 4 = ICE PELLETS
TOTAL MONTH: 0.0 INCH 5 = HAIL
GRTST 24HR 0.0 6 = FREEZING RAIN OR DRIZZLE
GRTST DEPTH: 0 7 = DUSTSTORM OR SANDSTORM:
VSBY 1/2 MILE OR LESS
8 = SMOKE OR HAZE
[NO. OF DAYS WITH] [WEATHER - DAYS WITH] 9 = BLOWING SNOW
X = TORNADO
MAX 32 OR BELOW: 0 0.01 INCH OR MORE: 7
MAX 90 OR ABOVE: 0 0.10 INCH OR MORE: 4
MIN 32 OR BELOW: 0 0.50 INCH OR MORE: 2
MIN 0 OR BELOW: 0 1.00 INCH OR MORE: 1
[HDD (BASE 65) ]
TOTAL THIS MO. 122 CLEAR (SCALE 0-3) 4
DPTR FM NORMAL -289 PTCLDY (SCALE 4-7) 18
TOTAL FM JUL 1 400 CLOUDY (SCALE 8-10) 9
DPTR FM NORMAL -292
[CDD (BASE 65) ]
TOTAL THIS MO. 127
DPTR FM NORMAL 110 [PRESSURE DATA]
TOTAL FM JAN 1 2863 HIGHEST SLP 30.35 ON 19
DPTR FM NORMAL 142 LOWEST SLP 29.67 ON 28
[REMARKS]
#FINAL-12-21#