647
CXUS54 KHGX 011515
CF6CXO
PRELIMINARY LOCAL CLIMATOLOGICAL DATA (WS FORM: F-6)
STATION: CONROE
MONTH: JULY
YEAR: 2020
LATITUDE: 30 21 N
LONGITUDE: 95 25 W
TEMPERATURE IN F: :PCPN: SNOW: WIND :SUNSHINE: SKY :PK WND
================================================================================
1 2 3 4 5 6A 6B 7 8 9 10 11 12 13 14 15 16 17 18
12Z AVG MX 2MIN
DY MAX MIN AVG DEP HDD CDD WTR SNW DPTH SPD SPD DIR MIN PSBL S-S WX SPD DR
================================================================================
1 95 79 87 5 0 22 0.00 0.0 0 9.6 18 210 M M 7 23 200
2 95 78 87 5 0 22 0.00 0.0 0 5.2 14 220 M M 6 1 17 180
3 95 69 82 0 0 17 0.00 0.0 0 5.8 20 80 M M 3 18 27 70
4 96 69 83 1 0 18 0.00 0.0 0 1.8 9 270 M M 1 18 13 250
5 93 77 85 3 0 20 0.00 0.0 0 4.3 14 220 M M 2 18 20 230
6 93 78 86 4 0 21 0.02 0.0 0 5.6 16 170 M M 3 1 21 210
7 95 73 84 2 0 19 0.74 0.0 0 4.3 22 170 M M 5 13 26 140
8 96 74 85 3 0 20 0.00 0.0 0 6.5 15 190 M M 5 1 19 210
9 98 78 88 6 0 23 0.00 0.0 0 9.2 16 170 M M 4 22 190
10 97 74 86 4 0 21 0.00 0.0 0 4.4 13 200 M M 4 1 18 220
11 97 80 89 7 0 24 0.00 0.0 0 5.5 13 210 M M 2 19 290
12 99 78 89 7 0 24 0.00 0.0 0 5.5 16 220 M M 2 18 21 210
13 99 79 89 7 0 24 0.00 0.0 0 7.9 14 160 M M 2 19 110
14 98 79 89 6 0 24 0.00 0.0 0 9.2 17 170 M M 2 21 170
15 98 81 90 7 0 25 0.00 0.0 0 6.8 13 150 M M 3 8 18 200
16 98 77 88 5 0 23 0.00 0.0 0 5.2 10 220 M M 2 8 15 260
17 94 75 85 2 0 20 0.07 0.0 0 4.9 20 150 M M 4 38 25 150
18 91 72 82 -1 0 17 0.04 0.0 0 2.5 17 170 M M 2 138 22 180
19 97 72 85 2 0 20 0.00 0.0 0 4.1 16 170 M M 1 1 18 140
20 91 73 82 -1 0 17 T 0.0 0 4.6 22 120 M M 3 13 32 120
21 88 75 82 -1 0 17 0.01 0.0 0 5.5 12 120 M M 5 13 17 150
22 93 73 83 0 0 18 0.00 0.0 0 3.5 12 130 M M 3 13 16 150
23 97 73 85 2 0 20 0.00 0.0 0 3.7 12 40 M M 2 18 16 40
24 92 77 85 2 0 20 0.14 0.0 0 7.8 17 90 M M 3 138 24 120
25 91 76 84 1 0 19 0.29 0.0 0 9.2 17 130 M M 7 1 27 130
26 94 74 84 1 0 19 0.92 0.0 0 5.8 26 190 M M 6 13 36 180
27 91 74 83 0 0 18 0.01 0.0 0 4.4 12 160 M M 7 13 15 100
28 91 74 83 0 0 18 0.00 0.0 0 3.8 20 170 M M 2 123 24 150
29 92 72 82 -1 0 17 0.03 0.0 0 7.2 24 180 M M 3 1 33 190
30 96 78 87 4 0 22 0.00 0.0 0 9.6 18 210 M M 4 24 220
31 97 78 88 4 0 23 0.00 0.0 0 8.0 16 220 M M 5 3 22 220
================================================================================
SM 2937 2339 0 632 2.27 0.0 181.4 M 110
================================================================================
AV 94.7 75.5 5.9 FASTST M M 4 MAX(MPH)
MISC ----> # 26 190 # 36 180
================================================================================
NOTES:
# LAST OF SEVERAL OCCURRENCES
COLUMN 17 PEAK WIND IN M.P.H.
PRELIMINARY LOCAL CLIMATOLOGICAL DATA (WS FORM: F-6) , PAGE 2
STATION: CONROE
MONTH: JULY
YEAR: 2020
LATITUDE: 30 21 N
LONGITUDE: 95 25 W
[TEMPERATURE DATA] [PRECIPITATION DATA] SYMBOLS USED IN COLUMN 16
AVERAGE MONTHLY: 85.1 TOTAL FOR MONTH: 2.27 1 = FOG OR MIST
DPTR FM NORMAL: 2.5 DPTR FM NORMAL: -1.16 2 = FOG REDUCING VISIBILITY
HIGHEST: 99 ON 13,12 GRTST 24HR 0.92 ON 26-26 TO 1/4 MILE OR LESS
LOWEST: 69 ON 4, 3 3 = THUNDER
SNOW, ICE PELLETS, HAIL 4 = ICE PELLETS
TOTAL MONTH: 0.0 INCH 5 = HAIL
GRTST 24HR 0.0 6 = FREEZING RAIN OR DRIZZLE
GRTST DEPTH: 0 7 = DUSTSTORM OR SANDSTORM:
VSBY 1/2 MILE OR LESS
8 = SMOKE OR HAZE
[NO. OF DAYS WITH] [WEATHER - DAYS WITH] 9 = BLOWING SNOW
X = TORNADO
MAX 32 OR BELOW: 0 0.01 INCH OR MORE: 10
MAX 90 OR ABOVE: 30 0.10 INCH OR MORE: 4
MIN 32 OR BELOW: 0 0.50 INCH OR MORE: 2
MIN 0 OR BELOW: 0 1.00 INCH OR MORE: 0
[HDD (BASE 65) ]
TOTAL THIS MO. 0 CLEAR (SCALE 0-3) 16
DPTR FM NORMAL 0 PTCLDY (SCALE 4-7) 15
TOTAL FM JUL 1 0 CLOUDY (SCALE 8-10) 0
DPTR FM NORMAL 0
[CDD (BASE 65) ]
TOTAL THIS MO. 632
DPTR FM NORMAL 85 [PRESSURE DATA]
TOTAL FM JAN 1 1783 HIGHEST SLP 30.09 ON 16
DPTR FM NORMAL 300 LOWEST SLP 29.79 ON 5
[REMARKS]
#FINAL-07-20#