000
CXUS51 KRNK 010645
CLSDAN
CLIMATE REPORT
NATIONAL WEATHER SERVICE BLACKSBURG, VA
245 AM EDT FRI SEP 01 2023
...................................
...THE DANVILLE VA CLIMATE SUMMARY FOR THE SEASON, FROM
6/1/2023 TO 8/31/2023...
CLIMATE NORMAL PERIOD: 1991 TO 2020
CLIMATE RECORD PERIOD: 1916 TO 2023
WEATHER OBSERVED NORMAL DEPART LAST YEAR`S
VALUE DATE(S) VALUE FROM VALUE
NORMAL
..............................................................
TEMPERATURE (F)
RECORD
HIGH 107 08/31/1932
08/06/1918
LOW 40 06/11/1977
HIGHEST 97 07/28 96
LOWEST 47 06/09 49
AVG. MAXIMUM 85.6 87.1 -1.5 87.6
AVG. MINIMUM 63.9 65.2 -1.3 65.8
MEAN 74.8 76.1 -1.3 76.7
DAYS MAX >= 90 27 35.5 -8.5 40
DAYS MAX <= 32 0 0.0 0.0 0
DAYS MIN <= 32 0 0.0 0.0 0
DAYS MIN <= 0 0 0.0 0.0 0
PRECIPITATION (INCHES)
RECORD
MAXIMUM 22.94 1995
MINIMUM 6.76 2007
TOTALS 11.28 12.33 -1.05 9.23
DAYS >= .01 34 34.9 -0.9 26
DAYS >= .10 23 21.3 1.7 19
DAYS >= .50 7 9.0 -2.0 8
DAYS >= 1.00 3 3.3 -0.3 1
GREATEST
24 HR. TOTAL 1.95 1.17
SNOWFALL (INCHES)
TOTALS 0.0 0.0 0.0 0.0
DAYS >= TRACE 0 0.0 0.0 0
DAYS >= 1.0 0 0.0 0.0 0
GREATEST
24 HR TOTAL MM 0.0
DEGREE DAYS
HEATING TOTAL 4 5 -1 0
COOLING TOTAL 932 1030 -98 1105
..............................................................
WIND (MPH)
AVERAGE WIND SPEED 4.0
RESULTANT WIND SPEED/DIRECTION 1/300
HIGHEST WIND SPEED/DIRECTION 36/250 DATE 07/02
HIGHEST GUST SPEED/DIRECTION 57/240 DATE 07/02
SKY COVER
AVERAGE SKY COVER 0.33
AVERAGE RH (PERCENT) 73
WEATHER CONDITIONS. NUMBER OF DAYS WITH
THUNDERSTORM 24 MIXED PRECIP 0
HEAVY RAIN 16 RAIN 21
LIGHT RAIN 39 FREEZING RAIN 0
LT FREEZING RAIN 0 HAIL 0
HEAVY SNOW 0 SNOW 0
LIGHT SNOW 0 SLEET 0
FOG 47 FOG W/VIS <= 1/4 MILE 5
HAZE 4
- INDICATES NEGATIVE NUMBERS.
R INDICATES RECORD WAS SET OR TIED.
MM INDICATES DATA IS MISSING.
T INDICATES TRACE AMOUNT.
$$
RCS