000
CXUS53 KDDC 061307
CF6DDC
PRELIMINARY LOCAL CLIMATOLOGICAL DATA (WS FORM: F-6)
STATION: DODGE CITY KS
MONTH: JUNE
YEAR: 2023
LATITUDE: 37 46 N
LONGITUDE: 99 58 W
TEMPERATURE IN F: :PCPN: SNOW: WIND :SUNSHINE: SKY :PK WND
================================================================================
1 2 3 4 5 6A 6B 7 8 9 10 11 12 13 14 15 16 17 18
12Z AVG MX 2MIN
DY MAX MIN AVG DEP HDD CDD WTR SNW DPTH SPD SPD DIR MIN PSBL S-S WX SPD DR
================================================================================
1 81 61 71 0 0 6 0.17 0.0 0 15.8 28 170 M M 6 1 36 170
2 73 59 66 -5 0 1 1.07 0.0 0 11.4 28 90 M M 5 13 35 210
3 75 58 67 -5 0 2 1.21 0.0 0 5.5 13 310 M M 8 1 18 280
4 73 57 65 -7 0 0 T 0.0 0 6.1 20 160 M M 7 12 26 170
5 83 56 70 -2 0 5 T 0.0 0 6.5 18 100 M M 2 138 23 110
6 82 56 69 -4 0 4 T 0.0 0 5.4 18 140 M M 1 138 23 140
7 83 59 71 -2 0 6 0.27 0.0 0 6.9 24 60 M M 1 138 32 50
8 87 61 74 1 0 9 0.00 0.0 0 4.3 9 230 M M 0 18 12 150
9 87 61 74 0 0 9 0.72 0.0 0 9.1 30 30 M M 2 138 40 30
10 84 60 72 -2 0 7 0.03 0.0 0 9.1 38 320 M M 1 3 57 310
11 77 61 69 -5 0 4 0.04 0.0 0 13.3 36 350 M M 4 13 50 310
12 72 59 66 -8 0 1 0.05 0.0 0 7.3 20 270 M M 8 18 26 150
13 74 54 64 -11 1 0 T 0.0 0 6.8 21 290 M M 4 138 33 280
14 83 52 68 -7 0 3 0.00 0.0 0 4.3 13 270 M M 1 15 270
15 85 58 72 -3 0 7 1.03 0.0 0 11.1 49 280 M M 3 138 69 280
16 85 55 70 -5 0 5 0.00 0.0 0 4.2 10 140 M M 0 14 160
17 79 55 67 -9 0 2 0.56 0.0 0 10.5 46 290 M M 5 13 64 300
18 84 57 71 -5 0 6 T 0.0 0 8.1 18 320 M M 1 24 310
19 88 62 75 -1 0 10 0.00 0.0 0 16.9 29 160 M M 0 37 180
20 87 69 78 2 0 13 0.00 0.0 0 14.6 22 110 M M 6 8 29 120
21 87 68 78 1 0 13 T 0.0 0 15.1 24 90 M M 6 18 35 80
22 75 64 70 -7 0 5 0.16 0.0 0 7.0 22 130 M M 4 1238 29 130
23 86 63 75 -2 0 10 0.37 0.0 0 12.3 30 70 M M 2 138 44 320
24 94 68 81 4 0 16 0.00 0.0 0 10.4 22 310 M M 0 18 28 310
25 87 60 74 -4 0 9 0.00 0.0 0 11.2 25 30 M M 0 33 20
26 86 61 74 -4 0 9 0.00 0.0 0 9.8 18 170 M M 2 8 27 160
27 97 67 82 4 0 17 0.04 0.0 0 17.6 49 220 M M 3 38 66 220
28 96 70 83 5 0 18 0.00 0.0 0 11.7 29 180 M M 0 43 180
29 96 72 84 6 0 19 0.00 0.0 0 12.0 21 80 M M 1 8 29 310
30 91 63 77 -1 0 12 0.57 0.0 0 10.8 33 350 M M 1 138 49 350
================================================================================
SM 2517 1826 1 228 6.29 0.0 295.1 M 84
================================================================================
AV 83.9 60.9 9.8 FASTST M M 3 MAX(MPH)
MISC ----> # 49 220 69 280
================================================================================
NOTES:
# LAST OF SEVERAL OCCURRENCES
COLUMN 17 PEAK WIND IN M.P.H.
PRELIMINARY LOCAL CLIMATOLOGICAL DATA (WS FORM: F-6) , PAGE 2
STATION: DODGE CITY KS
MONTH: JUNE
YEAR: 2023
LATITUDE: 37 46 N
LONGITUDE: 99 58 W
[TEMPERATURE DATA] [PRECIPITATION DATA] SYMBOLS USED IN COLUMN 16
AVERAGE MONTHLY: 72.4 TOTAL FOR MONTH: 6.29 1 = FOG OR MIST
DPTR FM NORMAL: -2.7 DPTR FM NORMAL: 3.00 2 = FOG REDUCING VISIBILITY
HIGHEST: 97 ON 27 GRTST 24HR 2.23 ON 2- 3 TO 1/4 MILE OR LESS
LOWEST: 52 ON 14 3 = THUNDER
SNOW, ICE PELLETS, HAIL 4 = ICE PELLETS
TOTAL MONTH: 0.0 INCH 5 = HAIL
GRTST 24HR 0.0 6 = FREEZING RAIN OR DRIZZLE
GRTST DEPTH: 0 7 = DUSTSTORM OR SANDSTORM:
VSBY 1/2 MILE OR LESS
8 = SMOKE OR HAZE
[NO. OF DAYS WITH] [WEATHER - DAYS WITH] 9 = BLOWING SNOW
X = TORNADO
MAX 32 OR BELOW: 0 0.01 INCH OR MORE: 14
MAX 90 OR ABOVE: 5 0.10 INCH OR MORE: 10
MIN 32 OR BELOW: 0 0.50 INCH OR MORE: 6
MIN 0 OR BELOW: 0 1.00 INCH OR MORE: 3
[HDD (BASE 65) ]
TOTAL THIS MO. 1 CLEAR (SCALE 0-3) 19
DPTR FM NORMAL -7 PTCLDY (SCALE 4-7) 11
TOTAL FM JUL 1 4738 CLOUDY (SCALE 8-10) 0
DPTR FM NORMAL -73
[CDD (BASE 65) ]
TOTAL THIS MO. 228
DPTR FM NORMAL -83 [PRESSURE DATA]
TOTAL FM JAN 1 363 HIGHEST SLP 30.07 ON 5
DPTR FM NORMAL -76 LOWEST SLP 29.59 ON 15
[REMARKS]
#FINAL-06-23#