000
CXUS53 KARX 041456
CF6DEH
PRELIMINARY LOCAL CLIMATOLOGICAL DATA (WS FORM: F-6)
STATION: DECORAH IA
MONTH: NOVEMBER
YEAR: 2021
LATITUDE: 43 16 N
LONGITUDE: 91 44 W
TEMPERATURE IN F: :PCPN: SNOW: WIND :SUNSHINE: SKY :PK WND
================================================================================
1 2 3 4 5 6A 6B 7 8 9 10 11 12 13 14 15 16 17 18
12Z AVG MX 2MIN
DY MAX MIN AVG DEP HDD CDD WTR SNW DPTH SPD SPD DIR MIN PSBL S-S WX SPD DR
================================================================================
1 43 28 36 M 29 0 0.00 0.0 0 5.5 15 320 M M 5 24 310
2 43 27 35 M 30 0 0.00 0.0 0 4.7 14 310 M M 3 1 23 310
3 43 21 32 M 33 0 0.00 0.0 0 2.0 7 160 M M 6 M M
4 50 34 42 M 23 0 0.00 0.0 0 5.6 10 210 M M 8 16 210
5 54 36 45 M 20 0 0.00 0.0 0 11.3 20 170 M M 5 33 190
6 63 39 51 M 14 0 0.00 0.0 0 7.2 12 190 M M 0 22 190
7 66 45 56 M 9 0 0.00 0.0 0 8.9 13 170 M M 0 20 170
8 63 41 52 M 13 0 0.00 0.0 0 6.2 15 10 M M 1 21 10
9 55 37 46 M 19 0 0.00 0.0 0 5.2 9 20 M M 1 14 50
10 52 34 43 M 22 0 0.73 0.0 0 9.3 18 120 M M 6 1 30 130
11 52 34 43 M 22 0 0.38 T 0 10.1 15 270 M M 10 1 30 270
12 37 32 35 M 30 0 0.01 M M 8.7 13 320 M M 10 1 24 320
13 34 30 32 M 33 0 M M 0 9.0 15 330 M M 10 30 330
14 36 28 32 M 33 0 T T M 13.6 23 330 M M 10 1 36 320
15 37 27 32 M 33 0 0.00 0.0 0 4.0 8 70 M M 6 13 120
16 48 27 38 M 27 0 0.00 0.0 0 9.9 17 150 M M 1 32 150
17 48 30 39 M 26 0 0.00 0.0 0 10.0 16 300 M M 5 24 300
18 30 23 27 M 38 0 M M 0 9.8 16 310 M M 7 29 310
19 39 19 29 M 36 0 0.00 0.0 0 8.2 15 170 M M 2 22 170
20 50 34 42 M 23 0 0.00 0.0 0 5.6 13 170 M M 4 22 170
21 43 21 32 M 33 0 0.00 0.0 0 8.1 17 300 M M 4 37 310
22 32 16 24 M 41 0 0.00 0.0 0 4.2 8 300 M M 4 16 300
23 48 23 36 M 29 0 0.00 0.0 0 11.1 20 170 M M 1 30 170
24 55 32 44 M 21 0 0.00 0.0 0 12.4 18 170 M M 5 30 170
25 32 14 23 M 42 0 M M 0 13.5 22 340 M M 5 31 340
26 32 12 22 M 43 0 0.00 0.0 0 7.0 13 160 M M 9 18 160
27 50 27 39 M 26 0 0.00 0.0 0 7.5 14 340 M M 4 24 350
28 39 25 32 M 33 0 0.00 0.0 0 6.8 17 320 M M 1 24 320
29 52 32 42 M 23 0 0.00 0.0 0 7.2 12 320 M M 4 22 180
30 46 30 38 M 27 0 0.00 0.0 0 5.3 17 320 M M 2 23 320
================================================================================
SM 1372 858 831 0 1.12 T 237.9 M 139
================================================================================
AV 45.7 28.6 7.9 FASTST M M 5 MAX(MPH)
MISC ----> 23 330 37 310
================================================================================
NOTES:
# LAST OF SEVERAL OCCURRENCES
COLUMN 17 PEAK WIND IN M.P.H.
PRELIMINARY LOCAL CLIMATOLOGICAL DATA (WS FORM: F-6) , PAGE 2
STATION: DECORAH IA
MONTH: NOVEMBER
YEAR: 2021
LATITUDE: 43 16 N
LONGITUDE: 91 44 W
[TEMPERATURE DATA] [PRECIPITATION DATA] SYMBOLS USED IN COLUMN 16
AVERAGE MONTHLY: 37.2 TOTAL FOR MONTH: 1.12 1 = FOG OR MIST
DPTR FM NORMAL: 0.0 DPTR FM NORMAL: M 2 = FOG REDUCING VISIBILITY
HIGHEST: 66 ON 7 GRTST 24HR 0.73 ON 10-10 TO 1/4 MILE OR LESS
LOWEST: 12 ON 26 3 = THUNDER
SNOW, ICE PELLETS, HAIL 4 = ICE PELLETS
TOTAL MONTH: T 5 = HAIL
GRTST 24HR T ON 11-11 6 = FREEZING RAIN OR DRIZZLE
GRTST DEPTH: 0 7 = DUSTSTORM OR SANDSTORM:
VSBY 1/2 MILE OR LESS
8 = SMOKE OR HAZE
[NO. OF DAYS WITH] [WEATHER - DAYS WITH] 9 = BLOWING SNOW
X = TORNADO
MAX 32 OR BELOW: 4 0.01 INCH OR MORE: 3
MAX 90 OR ABOVE: 0 0.10 INCH OR MORE: 2
MIN 32 OR BELOW: 21 0.50 INCH OR MORE: 1
MIN 0 OR BELOW: 0 1.00 INCH OR MORE: 0
[HDD (BASE 65) ]
TOTAL THIS MO. 831 CLEAR (SCALE 0-3) 10
DPTR FM NORMAL M PTCLDY (SCALE 4-7) 15
TOTAL FM JUL 1 1175 CLOUDY (SCALE 8-10) 5
DPTR FM NORMAL M
[CDD (BASE 65) ]
TOTAL THIS MO. 0
DPTR FM NORMAL M [PRESSURE DATA]
TOTAL FM JAN 1 700 HIGHEST SLP M ON M
DPTR FM NORMAL M LOWEST SLP M ON M
[REMARKS]
#FINAL-11-21#