000
CXUS54 KSHV 030506
CF6DEQ
PRELIMINARY LOCAL CLIMATOLOGICAL DATA (WS FORM: F-6)
STATION: DE QUEEN
MONTH: SEPTEMBER
YEAR: 2021
LATITUDE: 34 2 N
LONGITUDE: 94 24 W
TEMPERATURE IN F: :PCPN: SNOW: WIND :SUNSHINE: SKY :PK WND
================================================================================
1 2 3 4 5 6A 6B 7 8 9 10 11 12 13 14 15 16 17 18
12Z AVG MX 2MIN
DY MAX MIN AVG DEP HDD CDD WTR SNW DPTH SPD SPD DIR MIN PSBL S-S WX SPD DR
================================================================================
1 98 72 85 5 0 20 0.00 0.0 0 2.2 12 80 M M 0 1 16 70
2 94 75 85 6 0 20 0.00 0.0 0 4.6 12 100 M M 1 15 110
3 94 73 84 5 0 19 0.00 0.0 0 2.0 8 160 M M 1 1 12 160
4 94 74 84 5 0 19 0.00 0.0 0 3.3 12 270 M M 1 128 14 260
5 91 71 81 3 0 16 0.50 0.0 0 2.2 9 290 M M 3 13 12 260
6 90 65 78 0 0 13 0.00 0.0 0 2.3 9 120 M M 3 12 13 120
7 91 62 77 -1 0 12 0.00 0.0 0 1.6 9 260 M M 0 1 11 230
8 93 64 79 1 0 14 T 0.0 0 3.0 13 40 M M 1 1 17 30
9 94 55 75 -3 0 10 0.00 0.0 0 1.3 12 50 M M 0 8 16 40
10 92 58 75 -2 0 10 0.00 0.0 0 2.3 9 190 M M 0 12 200
11 91 60 76 -1 0 11 0.00 0.0 0 1.6 9 180 M M 0 1 15 210
12 91 59 75 -2 0 10 0.00 0.0 0 2.0 13 170 M M 1 1 17 160
13 86 67 77 1 0 12 0.45 0.0 0 3.2 14 170 M M 4 12 19 160
14 89 68 79 3 0 14 0.00 0.0 0 2.8 14 200 M M 5 12 17 180
15 92 65 79 3 0 14 0.00 0.0 0 3.0 15 120 M M 2 1 19 110
16 90 67 79 4 0 14 0.00 0.0 0 4.3 14 110 M M 2 1 21 120
17 92 67 80 5 0 15 0.00 0.0 0 2.3 9 130 M M 4 1 14 110
18 89 68 79 4 0 14 0.27 0.0 0 3.2 16 100 M M 2 13 22 110
19 89 69 79 5 0 14 0.01 0.0 0 2.6 16 110 M M 4 13 21 110
20 93 70 82 8 0 17 0.00 0.0 0 3.9 10 90 M M 4 18 14 120
21 81 57 69 -5 0 4 0.58 0.0 0 3.3 15 330 M M 4 1238 21 350
22 82 51 67 -6 0 2 0.00 0.0 0 3.8 17 10 M M 0 25 350
23 83 46 65 -8 0 0 0.00 0.0 0 1.7 9 140 M M 0 12 12 140
24 84 49 67 -5 0 2 0.00 0.0 0 1.2 10 230 M M 0 1 14 230
25 89 52 71 -1 0 6 0.00 0.0 0 2.0 10 250 M M 0 12 12 230
26 90 55 73 1 0 8 0.00 0.0 0 1.9 12 170 M M 0 12 16 190
27 88 56 72 1 0 7 0.00 0.0 0 2.4 13 190 M M 1 12 20 170
28 91 60 76 5 0 11 0.00 0.0 0 3.4 13 110 M M 1 1 18 110
29 79 66 73 3 0 8 0.00 0.0 0 5.8 12 80 M M 6 1 14 90
30 88 66 77 7 0 12 0.03 0.0 0 3.5 15 280 M M 5 123 20 290
================================================================================
SM 2688 1887 0 348 1.84 0.0 82.7 M 55
================================================================================
AV 89.6 62.9 2.8 FASTST M M 2 MAX(MPH)
MISC ----> 17 10 25 350
================================================================================
NOTES:
# LAST OF SEVERAL OCCURRENCES
COLUMN 17 PEAK WIND IN M.P.H.
PRELIMINARY LOCAL CLIMATOLOGICAL DATA (WS FORM: F-6) , PAGE 2
STATION: DE QUEEN
MONTH: SEPTEMBER
YEAR: 2021
LATITUDE: 34 2 N
LONGITUDE: 94 24 W
[TEMPERATURE DATA] [PRECIPITATION DATA] SYMBOLS USED IN COLUMN 16
AVERAGE MONTHLY: 76.3 TOTAL FOR MONTH: 1.84 1 = FOG OR MIST
DPTR FM NORMAL: 1.1 DPTR FM NORMAL: -1.52 2 = FOG REDUCING VISIBILITY
HIGHEST: 98 ON 1 GRTST 24HR 0.58 ON 21-21 TO 1/4 MILE OR LESS
LOWEST: 46 ON 23 3 = THUNDER
SNOW, ICE PELLETS, HAIL 4 = ICE PELLETS
TOTAL MONTH: 0.0 INCH 5 = HAIL
GRTST 24HR 0.0 6 = FREEZING RAIN OR DRIZZLE
GRTST DEPTH: 0 7 = DUSTSTORM OR SANDSTORM:
VSBY 1/2 MILE OR LESS
8 = SMOKE OR HAZE
[NO. OF DAYS WITH] [WEATHER - DAYS WITH] 9 = BLOWING SNOW
X = TORNADO
MAX 32 OR BELOW: 0 0.01 INCH OR MORE: 6
MAX 90 OR ABOVE: 18 0.10 INCH OR MORE: 4
MIN 32 OR BELOW: 0 0.50 INCH OR MORE: 2
MIN 0 OR BELOW: 0 1.00 INCH OR MORE: 0
[HDD (BASE 65) ]
TOTAL THIS MO. 0 CLEAR (SCALE 0-3) 21
DPTR FM NORMAL -6 PTCLDY (SCALE 4-7) 9
TOTAL FM JUL 1 0 CLOUDY (SCALE 8-10) 0
DPTR FM NORMAL -4
[CDD (BASE 65) ]
TOTAL THIS MO. 348
DPTR FM NORMAL 37 [PRESSURE DATA]
TOTAL FM JAN 1 2072 HIGHEST SLP 30.27 ON 22
DPTR FM NORMAL 39 LOWEST SLP 29.73 ON 1
[REMARKS]
#FINAL-09-21#