000
CXUS53 KIWX 010910
CF6DFI
PRELIMINARY LOCAL CLIMATOLOGICAL DATA (WS FORM: F-6)
STATION: DEFIANCE MEMORIAL
MONTH: NOVEMBER
YEAR: 2023
LATITUDE: 41 20 N
LONGITUDE: 84 26 W
TEMPERATURE IN F: :PCPN: SNOW: WIND :SUNSHINE: SKY :PK WND
================================================================================
1 2 3 4 5 6A 6B 7 8 9 10 11 12 13 14 15 16 17 18
12Z AVG MX 2MIN
DY MAX MIN AVG DEP HDD CDD WTR SNW DPTH SPD SPD DIR MIN PSBL S-S WX SPD DR
================================================================================
1 43 25 34 -12 31 0 0.00 M M 4.2 10 250 M M 4 1 16 260
2 53 30 42 -4 23 0 0.00 M M 8.6 21 200 M M 4 29 220
3 61 39 50 4 15 0 0.00 M M 10.9 23 210 M M 1 35 210
4 63 43 53 8 12 0 T M M 4.0 13 200 M M 5 8 25 180
5 58 33 46 1 19 0 0.00 M M 4.1 9 320 M M 1 128 13 330
6 67 40 54 10 11 0 T M M 9.2 21 210 M M 3 35 200
7 59 42 51 7 14 0 0.00 M M 6.2 14 320 M M 1 20 320
8 53 40 47 3 18 0 T M M 9.3 18 100 M M 6 25 80
9 57 44 51 8 14 0 0.00 M M 8.5 22 310 M M 5 30 320
10 56 36 46 3 19 0 0.00 M M 7.2 16 300 M M 1 24 290
11 51 29 40 -2 25 0 0.00 M M 2.6 9 20 M M 2 13 30
12 54 27 41 -1 24 0 0.00 M M 3.6 13 160 M M 0 22 110
13 62 33 48 6 17 0 0.00 M M 7.1 21 300 M M 0 32 310
14 58 25 42 1 23 0 0.00 M M 2.8 10 170 M M 0 14 160
15 64 27 46 5 19 0 0.00 M M 4.7 14 220 M M 0 21 230
16 67 33 50 10 15 0 0.00 M M 7.8 18 200 M M 1 26 190
17 60 30 45 5 20 0 0.01 M M 8.6 20 360 M M 8 1 29 360
18 50 21 36 -4 29 0 0.00 M M 3.5 14 240 M M 0 1 19 240
19 57 29 43 4 22 0 0.00 M M 3.7 8 30 M M 0 13 10
20 47 34 41 2 24 0 0.01 M M 11.3 23 80 M M 2 33 90
21 53 39 46 8 19 0 0.45 M M 9.7 18 100 M M 10 1 25 230
22 49 37 43 5 22 0 0.00 M M 7.7 17 300 M M 9 23 300
23 49 35 42 4 23 0 0.00 M M 7.3 14 260 M M 5 27 260
24 37 22 30 -7 35 0 0.00 M M 6.9 15 340 M M 2 23 320
25 37 18 28 -9 37 0 0.00 M M 2.0 8 120 M M 0 12 160
26 35 20 28 -8 37 0 0.17 M M 4.1 16 260 M M 7 1 27 260
27 33 21 27 -9 38 0 T M M 11.0 17 250 M M 10 31 240
28 26 16 21 -15 44 0 T M M 8.3 14 250 M M 7 24 260
29 41 16 29 -6 36 0 0.00 M M 9.2 17 220 M M 2 26 220
30 56 27 42 7 23 0 0.00 M M 10.1 23 200 M M 2 30 240
================================================================================
SM 1556 911 708 0 0.64 M 204.2 M 98
================================================================================
AV 51.9 30.4 6.8 FASTST M M 3 MAX(MPH)
MISC ----> # 23 210 # 35 210
================================================================================
NOTES:
# LAST OF SEVERAL OCCURRENCES
COLUMN 17 PEAK WIND IN M.P.H.
PRELIMINARY LOCAL CLIMATOLOGICAL DATA (WS FORM: F-6) , PAGE 2
STATION: DEFIANCE MEMORIAL
MONTH: NOVEMBER
YEAR: 2023
LATITUDE: 41 20 N
LONGITUDE: 84 26 W
[TEMPERATURE DATA] [PRECIPITATION DATA] SYMBOLS USED IN COLUMN 16
AVERAGE MONTHLY: 41.1 TOTAL FOR MONTH: 0.64 1 = FOG OR MIST
DPTR FM NORMAL: 0.5 DPTR FM NORMAL: -1.84 2 = FOG REDUCING VISIBILITY
HIGHEST: 67 ON 16, 6 GRTST 24HR 0.46 ON 20-21 TO 1/4 MILE OR LESS
LOWEST: 16 ON 29,28 3 = THUNDER
SNOW, ICE PELLETS, HAIL 4 = ICE PELLETS
TOTAL MONTH: M 5 = HAIL
GRTST 24HR M ON M 6 = FREEZING RAIN OR DRIZZLE
GRTST DEPTH: M ON M 7 = DUSTSTORM OR SANDSTORM:
VSBY 1/2 MILE OR LESS
8 = SMOKE OR HAZE
[NO. OF DAYS WITH] [WEATHER - DAYS WITH] 9 = BLOWING SNOW
X = TORNADO
MAX 32 OR BELOW: 1 0.01 INCH OR MORE: 4
MAX 90 OR ABOVE: 0 0.10 INCH OR MORE: 2
MIN 32 OR BELOW: 16 0.50 INCH OR MORE: 0
MIN 0 OR BELOW: 0 1.00 INCH OR MORE: 0
[HDD (BASE 65) ]
TOTAL THIS MO. 708 CLEAR (SCALE 0-3) 17
DPTR FM NORMAL -24 PTCLDY (SCALE 4-7) 10
TOTAL FM JUL 1 1101 CLOUDY (SCALE 8-10) 3
DPTR FM NORMAL -159
[CDD (BASE 65) ]
TOTAL THIS MO. 0
DPTR FM NORMAL 0 [PRESSURE DATA]
TOTAL FM JAN 1 731 HIGHEST SLP 30.52 ON 12
DPTR FM NORMAL -16 LOWEST SLP 29.62 ON 8
[REMARKS]
#FINAL-11-23#