000
CXUS54 KFWD 010730
CF6DFW
PRELIMINARY LOCAL CLIMATOLOGICAL DATA (WS FORM: F-6)
STATION: DALLAS/FORT WORTH
MONTH: MARCH
YEAR: 2023
LATITUDE: 32 54 N
LONGITUDE: 97 2 W
TEMPERATURE IN F: :PCPN: SNOW: WIND :SUNSHINE: SKY :PK WND
================================================================================
1 2 3 4 5 6A 6B 7 8 9 10 11 12 13 14 15 16 17 18
12Z AVG MX 2MIN
DY MAX MIN AVG DEP HDD CDD WTR SNW DPTH SPD SPD DIR MIN PSBL S-S WX SPD DR
================================================================================
1 71 57 64 10 1 0 0.04 0.0 0 8.3 23 190 M M 10 13 29 190
2 82 54 68 14 0 3 0.59 0.0 0 11.5 53 320 M M 9 13 71 320
3 66 46 56 2 9 0 0.19 0.0 0 10.8 28 290 M M 3 13 37 290
4 77 43 60 5 5 0 0.00 0.0 0 9.4 20 180 M M 1 26 190
5 79 50 65 10 0 0 0.00 0.0 0 13.5 29 190 M M 3 36 190
6 82 58 70 15 0 5 0.00 0.0 0 10.9 18 190 M M 7 24 180
7 74 58 66 10 0 1 0.00 0.0 0 6.5 16 330 M M 6 1 20 180
8 63 52 58 2 7 0 0.01 0.0 0 10.4 22 330 M M 10 1 28 330
9 70 54 62 6 3 0 0.52 0.0 0 9.2 23 10 M M 10 1238 32 20
10 67 46 57 1 8 0 0.00 0.0 0 8.6 21 20 M M 5 27 30
11 88 56 72 15 0 7 0.00 0.0 0 14.7 25 210 M M 8 1 36 190
12 66 50 58 1 7 0 0.00 0.0 0 18.8 30 360 M M 8 39 360
13 60 46 53 -4 12 0 0.00 0.0 0 12.5 18 360 M M 6 26 360
14 63 39 51 -7 14 0 T 0.0 0 6.5 13 30 M M 6 21 110
15 69 43 56 -2 9 0 0.00 0.0 0 14.8 26 160 M M 6 35 170
16 71 44 58 0 7 0 0.95 0.0 0 21.4 38 340 M M 10 13 57 290
17 54 40 47 -12 18 0 0.00 0.0 0 16.2 31 350 M M 7 38 360
18 56 38 47 -12 18 0 0.00 0.0 0 10.0 22 360 M M 6 30 340
19 53 31 42 -17 23 0 0.00 0.0 0 6.4 12 50 M M 3 18 50
20 55 37 46 -13 19 0 0.00 0.0 0 14.9 28 170 M M 8 38 170
21 69 50 60 0 5 0 0.04 0.0 0 15.0 28 170 M M 10 1 34 150
22 83 66 75 15 0 10 0.00 0.0 0 17.9 28 170 M M 9 8 36 170
23 86 69 78 18 0 13 0.00 0.0 0 18.0 29 190 M M 8 39 210
24 76 61 69 9 0 4 0.38 0.0 0 11.4 24 290 M M 7 13 30 290
25 77 52 65 4 0 0 0.00 0.0 0 10.4 21 270 M M 0 28 270
26 79 50 65 4 0 0 0.00 0.0 0 8.7 26 10 M M 1 33 10
27 72 47 60 -1 5 0 0.03 0.0 0 7.8 17 10 M M 6 3 26 10
28 64 49 57 -5 8 0 0.00 0.0 0 13.2 23 350 M M 6 32 350
29 66 49 58 -4 7 0 0.00 0.0 0 7.7 15 150 M M 8 20 160
30 73 60 67 5 0 2 0.01 0.0 0 15.3 31 170 M M 10 1 40 160
31 88 67 78 16 0 13 T 0.0 0 18.7 35 290 M M 6 3 44 260
================================================================================
SM 2199 1562 185 58 2.76 0.0 379.4 M 203
================================================================================
AV 70.9 50.4 12.2 FASTST M M 7 MAX(MPH)
MISC ----> 53 320 71 320
================================================================================
NOTES:
# LAST OF SEVERAL OCCURRENCES
COLUMN 17 PEAK WIND IN M.P.H.
PRELIMINARY LOCAL CLIMATOLOGICAL DATA (WS FORM: F-6) , PAGE 2
STATION: DALLAS/FORT WORTH
MONTH: MARCH
YEAR: 2023
LATITUDE: 32 54 N
LONGITUDE: 97 2 W
[TEMPERATURE DATA] [PRECIPITATION DATA] SYMBOLS USED IN COLUMN 16
AVERAGE MONTHLY: 60.7 TOTAL FOR MONTH: 2.76 1 = FOG OR MIST
DPTR FM NORMAL: 2.5 DPTR FM NORMAL: -0.54 2 = FOG REDUCING VISIBILITY
HIGHEST: 88 ON 31,11 GRTST 24HR 0.95 ON 16-16 TO 1/4 MILE OR LESS
LOWEST: 31 ON 19 3 = THUNDER
SNOW, ICE PELLETS, HAIL 4 = ICE PELLETS
TOTAL MONTH: 0.0 INCH 5 = HAIL
GRTST 24HR 0.0 6 = FREEZING RAIN OR DRIZZLE
GRTST DEPTH: 0 7 = DUSTSTORM OR SANDSTORM:
VSBY 1/2 MILE OR LESS
8 = SMOKE OR HAZE
[NO. OF DAYS WITH] [WEATHER - DAYS WITH] 9 = BLOWING SNOW
X = TORNADO
MAX 32 OR BELOW: 0 0.01 INCH OR MORE: 10
MAX 90 OR ABOVE: 0 0.10 INCH OR MORE: 5
MIN 32 OR BELOW: 1 0.50 INCH OR MORE: 3
MIN 0 OR BELOW: 0 1.00 INCH OR MORE: 0
[HDD (BASE 65) ]
TOTAL THIS MO. 185 CLEAR (SCALE 0-3) 6
DPTR FM NORMAL -61 PTCLDY (SCALE 4-7) 16
TOTAL FM JUL 1 1782 CLOUDY (SCALE 8-10) 9
DPTR FM NORMAL -345
[CDD (BASE 65) ]
TOTAL THIS MO. 58
DPTR FM NORMAL 23 [PRESSURE DATA]
TOTAL FM JAN 1 91 HIGHEST SLP M ON M
DPTR FM NORMAL 46 LOWEST SLP 29.25 ON 2
[REMARKS]
#FINAL-03-23#