000
CXUS51 KLWX 180815
CF6DMH
PRELIMINARY LOCAL CLIMATOLOGICAL DATA (WS FORM: F-6)
STATION: BALTIMORE INNER HARBOR
MONTH: APRIL
YEAR: 2024
LATITUDE: 39 16 N
LONGITUDE: 76 37 W
TEMPERATURE IN F: :PCPN: SNOW: WIND :SUNSHINE: SKY :PK WND
================================================================================
1 2 3 4 5 6A 6B 7 8 9 10 11 12 13 14 15 16 17 18
12Z AVG MX 2MIN
DY MAX MIN AVG DEP HDD CDD WTR SNW DPTH SPD SPD DIR MIN PSBL S-S WX SPD DR
================================================================================
1 59 54 57 5 8 0 1.23 M M M M M M M 0 M M
2 55 51 53 0 12 0 1.36 M M M M M M M 0 M M
3 53 50 52 -1 13 0 1.18 M M M M M M M 0 M M
4 59 44 52 -1 13 0 0.20 M M M M M M M 0 M M
5 58 43 51 -3 14 0 0.00 M M M M M M M 0 M M
6 61 43 52 -2 13 0 0.00 M M M M M M M 0 M M
7 71 50 61 7 4 0 0.00 M M M M M M M 0 M M
8 73 48 61 6 4 0 0.00 M M M M M M M 0 M M
9 80 55 68 13 0 3 0.00 M M M M M M M 0 M M
10 84 63 74 18 0 9 0.00 M M M M M M M 0 M M
11 78 66 72 16 0 7 0.03 M M M M M M M 0 M M
12 74 62 68 12 0 3 0.14 M M M M M M M 0 M M
13 70 57 64 7 1 0 0.00 M M M M M M M 0 M M
14 87 52 70 13 0 5 0.00 M M M M M M M 0 M M
15 92 66 79 22 0 14 0.01 M M M M M M M M M M
16 79 61 70 12 0 5 0.00 M M M M M M M M M M
17 73 61 67 9 0 2 0.32 M M M M M M M M M M
================================================================================
SM 1206 926 82 48 4.47 M M M 0
================================================================================
AV 70.9 54.5 M FASTST M M 0 MAX(MPH)
MISC ----> M M M M
================================================================================
NOTES:
# LAST OF SEVERAL OCCURRENCES
COLUMN 17 PEAK WIND IN M.P.H.
PRELIMINARY LOCAL CLIMATOLOGICAL DATA (WS FORM: F-6) , PAGE 2
STATION: BALTIMORE INNER HARBOR
MONTH: APRIL
YEAR: 2024
LATITUDE: 39 16 N
LONGITUDE: 76 37 W
[TEMPERATURE DATA] [PRECIPITATION DATA] SYMBOLS USED IN COLUMN 16
AVERAGE MONTHLY: 62.7 TOTAL FOR MONTH: 4.47 1 = FOG OR MIST
DPTR FM NORMAL: 7.5 DPTR FM NORMAL: 2.48 2 = FOG REDUCING VISIBILITY
HIGHEST: 92 ON 15 GRTST 24HR 1.40 ON 1- 2 TO 1/4 MILE OR LESS
LOWEST: 43 ON 6, 5 3 = THUNDER
SNOW, ICE PELLETS, HAIL 4 = ICE PELLETS
TOTAL MONTH: M 5 = HAIL
GRTST 24HR M ON M 6 = FREEZING RAIN OR DRIZZLE
GRTST DEPTH: M ON M 7 = DUSTSTORM OR SANDSTORM:
VSBY 1/2 MILE OR LESS
8 = SMOKE OR HAZE
[NO. OF DAYS WITH] [WEATHER - DAYS WITH] 9 = BLOWING SNOW
X = TORNADO
MAX 32 OR BELOW: 0 0.01 INCH OR MORE: 8
MAX 90 OR ABOVE: 1 0.10 INCH OR MORE: 6
MIN 32 OR BELOW: 0 0.50 INCH OR MORE: 3
MIN 0 OR BELOW: 0 1.00 INCH OR MORE: 3
[HDD (BASE 65) ]
TOTAL THIS MO. 82 CLEAR (SCALE 0-3) 14
DPTR FM NORMAL -96 PTCLDY (SCALE 4-7) 0
TOTAL FM JUL 1 2686 CLOUDY (SCALE 8-10) 3
DPTR FM NORMAL -1021
[CDD (BASE 65) ]
TOTAL THIS MO. 48
DPTR FM NORMAL 38 [PRESSURE DATA]
TOTAL FM JAN 1 54 HIGHEST SLP M ON M
DPTR FM NORMAL 41 LOWEST SLP 29.29 ON 3
[REMARKS]