000
CXUS54 KEPZ 011030
CF6DMN
PRELIMINARY LOCAL CLIMATOLOGICAL DATA (WS FORM: F-6)
STATION: DEMING
MONTH: JUNE
YEAR: 2023
LATITUDE: 32 15 N
LONGITUDE: 107 42 W
TEMPERATURE IN F: :PCPN: SNOW: WIND :SUNSHINE: SKY :PK WND
================================================================================
1 2 3 4 5 6A 6B 7 8 9 10 11 12 13 14 15 16 17 18
12Z AVG MX 2MIN
DY MAX MIN AVG DEP HDD CDD WTR SNW DPTH SPD SPD DIR MIN PSBL S-S WX SPD DR
================================================================================
1 85 53 69 -5 0 4 0.00 M M 10.4 24 270 M M 0 34 230
2 86 55 71 -4 0 6 0.00 M M 10.2 21 250 M M 0 31 260
3 89 52 71 -4 0 6 0.00 M M 6.4 17 260 M M 0 25 250
4 92 56 74 -2 0 9 0.00 M M 7.5 17 110 M M 1 24 70
5 93 61 77 1 0 12 0.00 M M 12.8 26 50 M M 0 38 30
6 92 64 78 2 0 13 0.07 M M 10.5 23 140 M M 0 3 35 140
7 89 56 73 -4 0 8 0.00 M M 8.7 22 260 M M 0 30 260
8 90 53 72 -5 0 7 0.00 M M 9.7 21 270 M M 0 31 270
9 84 58 71 -6 0 6 T M M 9.3 25 250 M M 0 39 260
10 92 49 71 -7 0 6 0.00 M M 8.8 23 260 M M 0 32 260
11 93 56 75 -3 0 10 0.00 M M 11.0 23 210 M M 0 36 160
12 89 60 75 -3 0 10 0.00 M M 12.9 28 270 M M 0 39 290
13 90 51 71 -7 0 6 0.00 M M 10.0 25 280 M M 0 34 300
14 96 50 73 -6 0 8 0.00 M M 9.7 22 260 M M 0 33 260
15 96 55 76 -3 0 11 0.00 M M 11.6 31 280 M M 0 8 54 250
16 96 56 76 -3 0 11 0.00 M M 10.6 33 260 M M 0 47 270
17 96 61 79 0 0 14 0.00 M M 13.3 31 290 M M 0 46 270
18 99 57 78 -2 0 13 0.00 M M 10.3 26 270 M M 0 36 290
19 99 61 80 0 0 15 0.00 M M 11.2 24 270 M M 0 34 260
20 99 67 83 3 0 18 0.00 M M 9.3 28 230 M M 0 40 250
21 101 59 80 0 0 15 0.00 M M 8.2 23 240 M M 0 34 260
22 101 64 83 3 0 18 0.00 M M 11.3 29 270 M M 0 44 230
23 102 71 87 7 0 22 0.00 M M 11.9 32 260 M M 0 46 270
24 102 60 81 0 0 16 0.00 M M 10.7 26 280 M M 0 38 250
25 104 62 83 2 0 18 0.00 M M 10.0 26 270 M M 0 36 310
26 107 62 85 4 0 20 0.00 M M 5.8 21 210 M M 0 31 210
27 104 72 88 7 0 23 T M M 11.3 43 240 M M 1 38 63 230
28 101 72 87 6 0 22 0.00 M M 9.9 32 180 M M 0 8 45 170
29 101 70 86 5 0 21 0.00 M M 9.6 23 290 M M 0 32 290
30 99 66 83 2 0 18 0.00 M M 11.3 24 260 M M 0 33 290
================================================================================
SM 2867 1789 0 386 0.07 M 304.2 M 2
================================================================================
AV 95.6 59.6 10.1 FASTST M M 0 MAX(MPH)
MISC ----> 43 240 63 230
================================================================================
NOTES:
# LAST OF SEVERAL OCCURRENCES
COLUMN 17 PEAK WIND IN M.P.H.
PRELIMINARY LOCAL CLIMATOLOGICAL DATA (WS FORM: F-6) , PAGE 2
STATION: DEMING
MONTH: JUNE
YEAR: 2023
LATITUDE: 32 15 N
LONGITUDE: 107 42 W
[TEMPERATURE DATA] [PRECIPITATION DATA] SYMBOLS USED IN COLUMN 16
AVERAGE MONTHLY: 77.6 TOTAL FOR MONTH: 0.07 1 = FOG OR MIST
DPTR FM NORMAL: -1.0 DPTR FM NORMAL: -0.48 2 = FOG REDUCING VISIBILITY
HIGHEST: 107 ON 26 GRTST 24HR 0.07 ON 6- 6 TO 1/4 MILE OR LESS
LOWEST: 49 ON 10 3 = THUNDER
SNOW, ICE PELLETS, HAIL 4 = ICE PELLETS
TOTAL MONTH: M 5 = HAIL
GRTST 24HR M ON M 6 = FREEZING RAIN OR DRIZZLE
GRTST DEPTH: M ON M 7 = DUSTSTORM OR SANDSTORM:
VSBY 1/2 MILE OR LESS
8 = SMOKE OR HAZE
[NO. OF DAYS WITH] [WEATHER - DAYS WITH] 9 = BLOWING SNOW
X = TORNADO
MAX 32 OR BELOW: 0 0.01 INCH OR MORE: 1
MAX 90 OR ABOVE: 24 0.10 INCH OR MORE: 0
MIN 32 OR BELOW: 0 0.50 INCH OR MORE: 0
MIN 0 OR BELOW: 0 1.00 INCH OR MORE: 0
[HDD (BASE 65) ]
TOTAL THIS MO. 0 CLEAR (SCALE 0-3) 30
DPTR FM NORMAL 0 PTCLDY (SCALE 4-7) 0
TOTAL FM JUL 1 3101 CLOUDY (SCALE 8-10) 0
DPTR FM NORMAL 55
[CDD (BASE 65) ]
TOTAL THIS MO. 386
DPTR FM NORMAL -22 [PRESSURE DATA]
TOTAL FM JAN 1 574 HIGHEST SLP 29.91 ON 25
DPTR FM NORMAL 2 LOWEST SLP 29.62 ON 6
[REMARKS]
#FINAL-06-23#