000
CXUS54 KEPZ 221306
CF6DMN
PRELIMINARY LOCAL CLIMATOLOGICAL DATA (WS FORM: F-6)
STATION: DEMING
MONTH: SEPTEMBER
YEAR: 2022
LATITUDE: 32 15 N
LONGITUDE: 107 42 W
TEMPERATURE IN F: :PCPN: SNOW: WIND :SUNSHINE: SKY :PK WND
================================================================================
1 2 3 4 5 6A 6B 7 8 9 10 11 12 13 14 15 16 17 18
12Z AVG MX 2MIN
DY MAX MIN AVG DEP HDD CDD WTR SNW DPTH SPD SPD DIR MIN PSBL S-S WX SPD DR
================================================================================
1 85 65 75 -2 0 10 0.00 M M 5.5 16 100 M M 4 23 120
2 90 61 76 -1 0 11 0.00 M M 7.7 16 90 M M 0 27 90
3 91 65 78 2 0 13 T M M 10.2 24 90 M M 2 33 110
4 89 60 75 -1 0 10 0.00 M M 8.8 21 80 M M 1 29 100
5 91 58 75 -1 0 10 0.00 M M 6.0 14 90 M M 0 21 170
6 91 58 75 -1 0 10 0.00 M M 6.5 18 90 M M 0 25 120
7 90 61 76 0 0 11 0.00 M M 7.2 18 110 M M 0 23 120
8 90 60 75 0 0 10 0.00 M M 4.6 13 120 M M 0 17 110
9 93 60 77 2 0 12 0.00 M M 6.8 17 280 M M 0 27 290
10 93 62 78 3 0 13 0.00 M M 6.2 18 40 M M 1 26 340
11 88 66 77 3 0 12 T M M 15.0 24 50 M M 1 33 70
12 91 61 76 2 0 11 0.24 M M 9.1 21 320 M M 3 1 27 320
13 85 60 73 -1 0 8 0.10 M M 7.5 36 270 M M 1 38 53 280
14 85 58 72 -2 0 7 0.00 M M 5.8 15 280 M M 2 24 270
15 89 57 73 0 0 8 0.00 M M 4.2 15 210 M M 1 22 290
16 92 53 73 0 0 8 0.00 M M 4.3 17 210 M M 0 27 240
17 93 54 74 1 0 9 0.00 M M 4.4 14 220 M M 1 18 250
18 90 62 76 4 0 11 0.00 M M 8.9 32 50 M M 3 38 47 60
19 89 61 75 3 0 10 0.00 M M 7.2 18 100 M M 2 29 110
20 92 65 79 7 0 14 0.04 M M 8.1 18 290 M M 4 3 28 170
21 92 61 77 5 0 12 0.00 M M 4.9 15 300 M M 1 21 240
22 92 60 76 5 0 11 0.00 M M 5.1 15 80 M M 2 20 90
23 92 61 77 6 0 12 0.00 M M 6.1 16 30 M M 0 21 30
24 92 59 76 5 0 11 0.00 M M 4.9 21 10 M M 1 29 20
25 89 58 74 4 0 9 0.00 M M 8.9 23 60 M M 0 44 80
26 82 60 71 1 0 6 0.11 M M 8.8 22 50 M M 4 13 30 40
27 86 56 71 1 0 6 0.00 M M 8.3 20 100 M M 0 30 80
28 86 58 72 3 0 7 0.00 M M 10.6 24 90 M M 0 36 70
29 82 55 69 0 0 4 0.00 M M 7.8 16 90 M M 0 23 110
30 83 60 72 4 0 7 T M M 6.8 13 120 M M 1 19 130
================================================================================
SM 2673 1795 0 293 0.49 M 216.2 M 35
================================================================================
AV 89.1 59.8 7.2 FASTST M M 1 MAX(MPH)
MISC ----> 36 270 53 280
================================================================================
NOTES:
# LAST OF SEVERAL OCCURRENCES
COLUMN 17 PEAK WIND IN M.P.H.
PRELIMINARY LOCAL CLIMATOLOGICAL DATA (WS FORM: F-6) , PAGE 2
STATION: DEMING
MONTH: SEPTEMBER
YEAR: 2022
LATITUDE: 32 15 N
LONGITUDE: 107 42 W
[TEMPERATURE DATA] [PRECIPITATION DATA] SYMBOLS USED IN COLUMN 16
AVERAGE MONTHLY: 74.5 TOTAL FOR MONTH: 0.49 1 = FOG OR MIST
DPTR FM NORMAL: 1.5 DPTR FM NORMAL: -0.66 2 = FOG REDUCING VISIBILITY
HIGHEST: 93 ON 17,10 GRTST 24HR 0.33 ON 12-13 TO 1/4 MILE OR LESS
LOWEST: 53 ON 16 3 = THUNDER
SNOW, ICE PELLETS, HAIL 4 = ICE PELLETS
TOTAL MONTH: M 5 = HAIL
GRTST 24HR M ON M 6 = FREEZING RAIN OR DRIZZLE
GRTST DEPTH: M ON M 7 = DUSTSTORM OR SANDSTORM:
VSBY 1/2 MILE OR LESS
8 = SMOKE OR HAZE
[NO. OF DAYS WITH] [WEATHER - DAYS WITH] 9 = BLOWING SNOW
X = TORNADO
MAX 32 OR BELOW: 0 0.01 INCH OR MORE: 4
MAX 90 OR ABOVE: 17 0.10 INCH OR MORE: 3
MIN 32 OR BELOW: 0 0.50 INCH OR MORE: 0
MIN 0 OR BELOW: 0 1.00 INCH OR MORE: 0
[HDD (BASE 65) ]
TOTAL THIS MO. 0 CLEAR (SCALE 0-3) 27
DPTR FM NORMAL -4 PTCLDY (SCALE 4-7) 3
TOTAL FM JUL 1 0 CLOUDY (SCALE 8-10) 0
DPTR FM NORMAL -1
[CDD (BASE 65) ]
TOTAL THIS MO. 293
DPTR FM NORMAL 47 [PRESSURE DATA]
TOTAL FM JAN 1 2002 HIGHEST SLP 30.17 ON 28
DPTR FM NORMAL 231 LOWEST SLP 29.60 ON 9
[REMARKS]
#FINAL-09-22#