179
CXUS53 KEAX 172202
CLSDMO
CLIMATE REPORT
NATIONAL WEATHER SERVICE
357 PM CST TUE NOV 17 2020
...................................
...THE SEDALIA MO CLIMATE SUMMARY FOR THE SEASON, FROM
9/1/2019 TO 11/30/2019...
CLIMATE NORMAL PERIOD: 1981 TO 2010
CLIMATE RECORD PERIOD: 9999 TO 9999
WEATHER OBSERVED NORMAL DEPART LAST YEAR`S
VALUE DATE(S) VALUE FROM VALUE DATE(S)
NORMAL
................................................................
TEMPERATURE (F)
HIGHEST 91 09/16 92 -1 MM
LOWEST 5R 11/12 17 -12 MM
AVG. MAXIMUM 65.8 67.9 -2.1 MM
AVG. MINIMUM 46.2 48.1 -1.9 MM
MEAN 56.0 58.0 -2.0 MM
DAYS MAX >= 90 5 3.2 1.8 MM
DAYS MAX <= 32 1 1.0 0.0 MM
DAYS MIN <= 32 17 19.2 -2.2 MM
DAYS MIN <= 0 0 0.0 0.0 MM
PRECIPITATION (INCHES)
TOTALS 11.62 10.85 0.77 MM
DAILY AVG. 0.13 0.12 0.01 MM
DAYS >= .01 33 25.6 7.4 MM
DAYS >= .10 14 15.9 -1.9 MM
DAYS >= .50 8 6.7 1.3 MM
DAYS >= 1.00 3 3.0 0.0 MM
GREATEST
24 HR. TOTAL 2.66
DEGREE DAYS
HEATING TOTAL 1094 844 250 MM
COOLING TOTAL 283 206 77 MM
................................................................
WIND (MPH)
AVERAGE WIND SPEED 9.1
HIGHEST WIND SPEED/DIRECTION 37/230 DATE 11/26
HIGHEST GUST SPEED/DIRECTION 63/230 DATE 11/26
SKY COVER
POSSIBLE SUNSHINE (PERCENT) MM
AVERAGE SKY COVER 0.30
NUMBER OF DAYS FAIR 56
NUMBER OF DAYS PC 29
NUMBER OF DAYS CLOUDY 6
AVERAGE RH (PERCENT) 72
WEATHER CONDITIONS. NUMBER OF DAYS WITH
THUNDERSTORM 11 MIXED PRECIP 0
HEAVY RAIN 6 RAIN 13
LIGHT RAIN 31 FREEZING RAIN 1
LT FREEZING RAIN 0 HAIL 0
HEAVY SNOW 0 SNOW 1
LIGHT SNOW 9 SLEET 0
FOG 29 FOG W/VIS <= 1/4 MILE 5
HAZE 14
- INDICATES NEGATIVE NUMBERS.
R INDICATES RECORD WAS SET OR TIED.
MM INDICATES DATA IS MISSING.
T INDICATES TRACE AMOUNT.
$$