000
CXUS55 KVEF 020444
CF6DRA
PRELIMINARY LOCAL CLIMATOLOGICAL DATA (WS FORM: F-6)
STATION: DESERT ROCK-MERCURY NV
MONTH: JUNE
YEAR: 2021
LATITUDE: 36 37 N
LONGITUDE: 116 1 W
TEMPERATURE IN F: :PCPN: SNOW: WIND :SUNSHINE: SKY :PK WND
================================================================================
1 2 3 4 5 6A 6B 7 8 9 10 11 12 13 14 15 16 17 18
12Z AVG MX 2MIN
DY MAX MIN AVG DEP HDD CDD WTR SNW DPTH SPD SPD DIR MIN PSBL S-S WX SPD DR
================================================================================
1 100 62 81 6 0 16 0.00 0.0 0 5.2 13 240 M M 0 22 99
2 102 65 84 9 0 19 0.00 0.0 0 7.9 18 220 M M 0 27 220
3 105 72 89 13 0 24 0.00 0.0 0 10.9 21 200 M M 0 31 230
4 106 78 92 16 0 27 0.00 0.0 0 10.3 18 190 M M 0 33 220
5 104 71 88 12 0 23 0.00 0.0 0 12.0 22 200 M M 0 36 200
6 99 71 85 8 0 20 0.00 0.0 0 14.3 27 210 M M 0 47 230
7 93 69 81 4 0 16 0.00 0.0 0 11.6 24 210 M M 0 39 170
8 88 62 75 -2 0 10 0.00 0.0 0 16.5 27 190 M M 0 43 190
9 88 67 78 0 0 13 0.00 0.0 0 18.1 28 200 M M 0 48 200
10 84 58 71 -7 0 6 0.00 0.0 0 9.9 33 210 M M 0 52 190
11 91 51 71 -7 0 6 0.00 0.0 0 4.8 14 30 M M 0 18 310
12 98 59 79 1 0 14 0.00 0.0 0 5.5 12 230 M M 0 38 210
13 102 63 83 4 0 18 0.00 0.0 0 9.4 23 210 M M 0 40 190
14 104 68 86 7 0 21 0.00 0.0 0 11.2 25 220 M M 0 40 210
15 109 67 88 8 0 23 0.00 0.0 0 7.8 20 170 M M 0 38 240
16 110 72 91 11 0 26 0.00 0.0 0 4.6 13 230 M M 0 18 99
17 111 76 94 14 0 29 T 0.0 0 5.6 16 220 M M 0 27 220
18 109 81 95 15 0 30 0.00 0.0 0 8.3 18 290 M M 0 33 310
19 109 75 92 11 0 27 0.00 0.0 0 5.2 15 220 M M 0 23 220
20 108 81 95 14 0 30 0.00 0.0 0 10.9 22 210 M M 0 37 220
21 104 74 89 8 0 24 0.00 0.0 0 15.0 28 230 M M 0 41 220
22 101 85 93 11 0 28 0.00 0.0 0 20.9 29 200 M M 0 50 200
23 88 70 79 -3 0 14 0.00 0.0 0 12.7 25 190 M M 1 39 200
24 95 64 80 -2 0 15 T 0.0 0 8.7 20 200 M M 1 37 220
25 97 64 81 -1 0 16 0.00 0.0 0 4.7 12 200 M M 0 22 200
26 106 64 85 2 0 20 0.00 0.0 0 7.0 20 30 M M 0 30 30
27 106 79 93 10 0 28 0.00 0.0 0 10.4 18 30 M M 0 30 20
28 107 79 93 10 0 28 0.00 0.0 0 8.9 30 300 M M 0 52 290
29 104 75 90 6 0 25 T 0.0 0 12.2 29 20 M M 2 44 190
30 97 72 85 1 0 20 T 0.0 0 13.5 23 40 M M 1 38 30
================================================================================
SM 3025 2094 0 616 T 0.0 304.0 M 5
================================================================================
AV100.8 69.8 10.1 FASTST M M 0 MAX(MPH)
MISC ----> 33 210 # 52 190
================================================================================
NOTES:
# LAST OF SEVERAL OCCURRENCES
COLUMN 17 PEAK WIND IN M.P.H.
PRELIMINARY LOCAL CLIMATOLOGICAL DATA (WS FORM: F-6) , PAGE 2
STATION: DESERT ROCK-MERCURY NV
MONTH: JUNE
YEAR: 2021
LATITUDE: 36 37 N
LONGITUDE: 116 1 W
[TEMPERATURE DATA] [PRECIPITATION DATA] SYMBOLS USED IN COLUMN 16
AVERAGE MONTHLY: 85.3 TOTAL FOR MONTH: T 1 = FOG OR MIST
DPTR FM NORMAL: 5.7 DPTR FM NORMAL: -0.12 2 = FOG REDUCING VISIBILITY
HIGHEST: 111 ON 17 GRTST 24HR T ON 17-17 TO 1/4 MILE OR LESS
LOWEST: 51 ON 11 3 = THUNDER
SNOW, ICE PELLETS, HAIL 4 = ICE PELLETS
TOTAL MONTH: 0.0 INCH 5 = HAIL
GRTST 24HR 0.0 6 = FREEZING RAIN OR DRIZZLE
GRTST DEPTH: 0 7 = DUSTSTORM OR SANDSTORM:
VSBY 1/2 MILE OR LESS
8 = SMOKE OR HAZE
[NO. OF DAYS WITH] [WEATHER - DAYS WITH] 9 = BLOWING SNOW
X = TORNADO
MAX 32 OR BELOW: 0 0.01 INCH OR MORE: 0
MAX 90 OR ABOVE: 26 0.10 INCH OR MORE: 0
MIN 32 OR BELOW: 0 0.50 INCH OR MORE: 0
MIN 0 OR BELOW: 0 1.00 INCH OR MORE: 0
[HDD (BASE 65) ]
TOTAL THIS MO. 0 CLEAR (SCALE 0-3) 30
DPTR FM NORMAL -5 PTCLDY (SCALE 4-7) 0
TOTAL FM JUL 1 2529 CLOUDY (SCALE 8-10) 0
DPTR FM NORMAL -308
[CDD (BASE 65) ]
TOTAL THIS MO. 616
DPTR FM NORMAL 175 [PRESSURE DATA]
TOTAL FM JAN 1 886 HIGHEST SLP M ON M
DPTR FM NORMAL 221 LOWEST SLP M ON M
[REMARKS]
#FINAL-06-21#