000
CXUS53 KDMX 021530
CF6DSM
PRELIMINARY LOCAL CLIMATOLOGICAL DATA (WS FORM: F-6)
STATION: DES MOINES IA
MONTH: NOVEMBER
YEAR: 2023
LATITUDE: 41 31 N
LONGITUDE: 93 39 W
TEMPERATURE IN F: :PCPN: SNOW: WIND :SUNSHINE: SKY :PK WND
================================================================================
1 2 3 4 5 6A 6B 7 8 9 10 11 12 13 14 15 16 17 18
12Z AVG MX 2MIN
DY MAX MIN AVG DEP HDD CDD WTR SNW DPTH SPD SPD DIR MIN PSBL S-S WX SPD DR
================================================================================
1 49 20 35 -11 30 0 0.00 0.0 0 9.6 22 210 M M 5 35 220
2 60 30 45 0 20 0 0.00 0.0 0 6.2 15 170 M M 2 20 200
3 59 44 52 7 13 0 0.00 0.0 0 9.7 17 220 M M 9 24 200
4 60 33 47 3 18 0 0.00 0.0 0 3.4 8 270 M M 2 18 11 260
5 66 37 52 8 13 0 0.00 0.0 0 11.0 23 190 M M 6 29 180
6 71 50 61 18 4 0 0.00 0.0 0 9.9 22 310 M M 5 27 210
7 62 38 50 7 15 0 0.00 0.0 0 11.0 17 100 M M 6 25 100
8 63 44 54 12 11 0 0.00 0.0 0 10.5 25 320 M M 6 38 320
9 60 32 46 4 19 0 0.00 0.0 0 11.1 29 250 M M 3 43 260
10 49 29 39 -3 26 0 0.00 0.0 0 6.9 15 300 M M 2 21 300
11 51 34 43 2 22 0 0.00 0.0 0 12.4 20 170 M M 8 29 170
12 68 42 55 14 10 0 0.00 0.0 0 11.5 25 210 M M 1 33 230
13 66 34 50 10 15 0 0.00 0.0 0 4.8 12 320 M M 1 15 330
14 69 39 54 14 11 0 0.00 0.0 0 11.9 25 190 M M 3 33 200
15 68 43 56 17 9 0 0.00 0.0 0 5.7 13 210 M M 3 16 210
16 65 45 55 16 10 0 0.00 0.0 0 12.7 25 200 M M 7 34 220
17 50 32 41 3 24 0 0.00 0.0 0 6.2 18 330 M M 2 29 330
18 64 31 48 10 17 0 0.00 0.0 0 3.5 14 260 M M 2 8 18 270
19 59 34 47 9 18 0 T 0.0 0 7.1 15 140 M M 6 27 140
20 50 41 46 9 19 0 0.07 0.0 0 10.8 18 80 M M 10 1 25 60
21 47 30 39 2 26 0 T 0.0 0 12.8 26 310 M M 7 33 310
22 51 22 37 1 28 0 0.00 0.0 0 9.1 18 210 M M 5 27 220
23 43 26 35 -1 30 0 0.00 0.0 0 11.5 20 10 M M 6 27 10
24 31 22 27 -9 38 0 0.00 0.0 0 9.5 15 30 M M 9 23 10
25 35 27 31 -4 34 0 0.16 1.9 0 4.6 10 90 M M 9 1 14 100
26 36 22 29 -6 36 0 0.03 0.7 2 13.7 31 300 M M 8 1 38 300
27 30 16 23 -11 42 0 T T 2 12.8 24 310 M M 2 31 300
28 33 11 22 -12 43 0 0.00 0.0 1 7.9 16 160 M M 1 24 200
29 53 26 40 6 25 0 0.00 0.0 1 8.0 14 200 M M 4 19 170
30 50 33 42 9 23 0 0.00 0.0 0 8.0 14 30 M M 5 22 30
================================================================================
SM 1618 967 649 0 0.26 2.6 273.8 M 145
================================================================================
AV 53.9 32.2 9.1 FASTST M M 5 MAX(MPH)
MISC ----> 31 300 43 260
================================================================================
NOTES:
# LAST OF SEVERAL OCCURRENCES
COLUMN 17 PEAK WIND IN M.P.H.
PRELIMINARY LOCAL CLIMATOLOGICAL DATA (WS FORM: F-6) , PAGE 2
STATION: DES MOINES IA
MONTH: NOVEMBER
YEAR: 2023
LATITUDE: 41 31 N
LONGITUDE: 93 39 W
[TEMPERATURE DATA] [PRECIPITATION DATA] SYMBOLS USED IN COLUMN 16
AVERAGE MONTHLY: 43.1 TOTAL FOR MONTH: 0.26 1 = FOG OR MIST
DPTR FM NORMAL: 3.8 DPTR FM NORMAL: -1.65 2 = FOG REDUCING VISIBILITY
HIGHEST: 71 ON 6 GRTST 24HR 0.19 ON 25-26 TO 1/4 MILE OR LESS
LOWEST: 11 ON 28 3 = THUNDER
SNOW, ICE PELLETS, HAIL 4 = ICE PELLETS
TOTAL MONTH: 2.6 INCHES 5 = HAIL
GRTST 24HR 1.9 ON 25-25 6 = FREEZING RAIN OR DRIZZLE
GRTST DEPTH: 2 ON 27,26 7 = DUSTSTORM OR SANDSTORM:
VSBY 1/2 MILE OR LESS
8 = SMOKE OR HAZE
[NO. OF DAYS WITH] [WEATHER - DAYS WITH] 9 = BLOWING SNOW
X = TORNADO
MAX 32 OR BELOW: 2 0.01 INCH OR MORE: 3
MAX 90 OR ABOVE: 0 0.10 INCH OR MORE: 1
MIN 32 OR BELOW: 15 0.50 INCH OR MORE: 0
MIN 0 OR BELOW: 0 1.00 INCH OR MORE: 0
[HDD (BASE 65) ]
TOTAL THIS MO. 649 CLEAR (SCALE 0-3) 11
DPTR FM NORMAL -124 PTCLDY (SCALE 4-7) 14
TOTAL FM JUL 1 982 CLOUDY (SCALE 8-10) 5
DPTR FM NORMAL -265
[CDD (BASE 65) ]
TOTAL THIS MO. 0
DPTR FM NORMAL 0 [PRESSURE DATA]
TOTAL FM JAN 1 1287 HIGHEST SLP 30.63 ON 24
DPTR FM NORMAL 216 LOWEST SLP 29.66 ON 6
[REMARKS]
#FINAL-11-23#