000
CXUS54 KFWD 010730
CF6DTO
PRELIMINARY LOCAL CLIMATOLOGICAL DATA (WS FORM: F-6)
STATION: DENTON
MONTH: AUGUST
YEAR: 2023
LATITUDE: 33 12 N
LONGITUDE: 97 12 W
TEMPERATURE IN F: :PCPN: SNOW: WIND :SUNSHINE: SKY :PK WND
================================================================================
1 2 3 4 5 6A 6B 7 8 9 10 11 12 13 14 15 16 17 18
12Z AVG MX 2MIN
DY MAX MIN AVG DEP HDD CDD WTR SNW DPTH SPD SPD DIR MIN PSBL S-S WX SPD DR
================================================================================
1 107 77 92 6 0 27 0.00 M M 7.0 16 120 M M 0 22 100
2 108 78 93 7 0 28 0.00 M M 9.5 21 160 M M 0 28 160
3 106 84 95 9 0 30 0.00 M M 11.0 17 160 M M 0 27 180
4 106 83 95 9 0 30 0.00 M M 8.8 16 190 M M 0 24 200
5 106 84 95 9 0 30 0.00 M M 9.5 18 200 M M 0 24 190
6 106 82 94 8 0 29 0.00 M M 9.0 21 160 M M 0 29 160
7 102 78 90 4 0 25 0.00 M M 8.5 17 30 M M 0 26 30
8 102 82 92 7 0 27 T M M 12.5 22 200 M M 0 31 200
9 109 76 93 8 0 28 0.03 M M 15.0 32 10 M M 1 3 46 360
10 107 75 91 6 0 26 T M M 6.1 14 150 M M 0 22 150
11 108 86 97 12 0 32 0.00 M M 12.0 20 160 M M 0 28 170
12 107 84 96 11 0 31 0.00 M M 13.1 22 190 M M 0 29 190
13 108 82 95 10 0 30 0.00 M M 11.8 21 180 M M 0 27 180
14 97 75 86 1 0 21 0.00 M M 9.7 21 10 M M 0 27 20
15 95 71 83 -2 0 18 0.00 M M 8.2 18 10 M M 0 32 10
16 96 62 79 -5 0 14 0.00 M M 4.3 14 100 M M 0 18 100
17 111 72 92 8 0 27 0.00 M M 8.2 17 150 M M 0 25 180
18 111 76 94 10 0 29 0.00 M M 6.8 16 150 M M 0 24 150
19 109 78 94 10 0 29 0.00 M M 5.5 18 200 M M 0 24 200
20 110 76 93 9 0 28 0.00 M M 6.2 17 90 M M 0 24 130
21 106 78 92 8 0 27 0.00 M M 8.4 18 110 M M 0 26 130
22 103 78 91 8 0 26 0.00 M M 7.3 17 130 M M 0 23 120
23 103 80 92 9 0 27 0.00 M M 4.6 16 130 M M 0 25 160
24 106 78 92 9 0 27 0.00 M M 4.6 12 120 M M 1 19 200
25 109 79 94 11 0 29 0.00 M M 3.4 18 130 M M 0 23 130
26 109 79 94 12 0 29 0.00 M M 5.8 17 290 M M 0 3 24 300
27 100 82 91 9 0 26 T M M 10.5 20 340 M M 1 26 310
28 95 73 84 2 0 19 0.00 M M 9.7 18 20 M M 1 27 360
29 98 69 84 2 0 19 0.00 M M 6.3 17 30 M M 0 24 20
30 98 70 84 3 0 19 0.00 M M 8.0 17 20 M M 1 25 30
31 99 66 83 2 0 18 0.00 M M 5.7 15 80 M M 0 20 80
================================================================================
SM 3237 2393 0 805 0.03 M 257.0 M 5
================================================================================
AV104.4 77.2 8.3 FASTST M M 0 MAX(MPH)
MISC ----> 32 10 46 360
================================================================================
NOTES:
# LAST OF SEVERAL OCCURRENCES
COLUMN 17 PEAK WIND IN M.P.H.
PRELIMINARY LOCAL CLIMATOLOGICAL DATA (WS FORM: F-6) , PAGE 2
STATION: DENTON
MONTH: AUGUST
YEAR: 2023
LATITUDE: 33 12 N
LONGITUDE: 97 12 W
[TEMPERATURE DATA] [PRECIPITATION DATA] SYMBOLS USED IN COLUMN 16
AVERAGE MONTHLY: 90.8 TOTAL FOR MONTH: 0.03 1 = FOG OR MIST
DPTR FM NORMAL: 6.7 DPTR FM NORMAL: -2.36 2 = FOG REDUCING VISIBILITY
HIGHEST: 111 ON 18,17 GRTST 24HR 0.03 ON 9- 9 TO 1/4 MILE OR LESS
LOWEST: 62 ON 16 3 = THUNDER
SNOW, ICE PELLETS, HAIL 4 = ICE PELLETS
TOTAL MONTH: M 5 = HAIL
GRTST 24HR M ON M 6 = FREEZING RAIN OR DRIZZLE
GRTST DEPTH: M ON M 7 = DUSTSTORM OR SANDSTORM:
VSBY 1/2 MILE OR LESS
8 = SMOKE OR HAZE
[NO. OF DAYS WITH] [WEATHER - DAYS WITH] 9 = BLOWING SNOW
X = TORNADO
MAX 32 OR BELOW: 0 0.01 INCH OR MORE: 1
MAX 90 OR ABOVE: 31 0.10 INCH OR MORE: 0
MIN 32 OR BELOW: 0 0.50 INCH OR MORE: 0
MIN 0 OR BELOW: 0 1.00 INCH OR MORE: 0
[HDD (BASE 65) ]
TOTAL THIS MO. 0 CLEAR (SCALE 0-3) 31
DPTR FM NORMAL 0 PTCLDY (SCALE 4-7) 0
TOTAL FM JUL 1 0 CLOUDY (SCALE 8-10) 0
DPTR FM NORMAL 0
[CDD (BASE 65) ]
TOTAL THIS MO. 805
DPTR FM NORMAL 215 [PRESSURE DATA]
TOTAL FM JAN 1 2425 HIGHEST SLP M ON M
DPTR FM NORMAL 427 LOWEST SLP 29.60 ON 9
[REMARKS]
#FINAL-08-23#