000
CXUS53 KFGF 010815
CF6DVL
PRELIMINARY LOCAL CLIMATOLOGICAL DATA (WS FORM: F-6)
STATION: DEVILS LAKE ND
MONTH: JUNE
YEAR: 2021
LATITUDE: 48 7 N
LONGITUDE: 98 54 W
TEMPERATURE IN F: :PCPN: SNOW: WIND :SUNSHINE: SKY :PK WND
================================================================================
1 2 3 4 5 6A 6B 7 8 9 10 11 12 13 14 15 16 17 18
12Z AVG MX 2MIN
DY MAX MIN AVG DEP HDD CDD WTR SNW DPTH SPD SPD DIR MIN PSBL S-S WX SPD DR
================================================================================
1 76 49 63 3 2 0 M M M 7.8 15 160 M M 1 M M
2 85 55 70 9 0 5 M M M 8.7 14 300 M M 1 20 340
3 93 62 78 17 0 13 M M M 9.9 16 270 M M 1 22 270
4 103 68 86 25 0 21 0.06 M M 12.5 25 340 M M 1 3 43 320
5 98 61 80 18 0 15 M M M 7.9 16 130 M M 1 23 130
6 83 60 72 10 0 7 0.15 M M 18.7 47 320 M M 1 38 66 260
7 87 50 69 7 0 4 0.01 M M 10.4 17 70 M M 4 M M
8 82 59 71 9 0 6 0.20 0.0 0 10.2 39 170 M M 1 3 51 170
9 82 65 74 12 0 9 0.59 M M 8.3 20 90 M M 5 13 25 100
10 80 61 71 8 0 6 M M M 14.7 24 90 M M 6 1 38 100
11 71 60 66 3 0 1 0.06 M M 23.1 33 250 M M 4 1 46 260
12 81 57 69 6 0 4 M M M 12.0 17 280 M M 0 25 270
13 81 60 71 8 0 6 M M M 11.9 18 350 M M 0 27 270
14 84 67 76 13 0 11 M M M 5.8 13 70 M M 0 16 10
15 83 51 67 3 0 2 M M M 9.6 16 120 M M 0 21 130
16 91 66 79 15 0 14 M M M 15.9 23 310 M M 0 32 130
17 86 55 71 7 0 6 M M M 13.0 27 280 M M 0 37 260
18 75 52 64 0 1 0 M M M 13.9 28 330 M M 2 35 330
19 79 46 63 -1 2 0 T M M 7.7 16 270 M M 2 23 250
20 69 49 59 -5 6 0 0.36 M M 12.9 23 340 M M 7 32 360
21 64 43 54 -10 11 0 M M M 8.9 15 280 M M 4 17 340
22 81 47 64 -1 1 0 M M M 9.8 14 260 M M 2 21 260
23 95 65 80 15 0 15 M M M 15.2 25 350 M M 1 30 350
24 81 53 67 2 0 2 M M M 7.6 10 340 M M 2 20 270
25 68 60 64 -1 1 0 0.77 M M 5.2 12 30 M M 9 1 M M
26 77 58 68 3 0 3 M M M 8.0 15 330 M M 5 M M
27 73 59 66 1 0 1 0.12 M M 6.7 17 350 M M 5 1 20 350
28 77 56 67 1 0 2 M M M 7.9 14 10 M M 4 16 30
29 81 51 66 0 0 1 M M M 3.9 10 240 M M 1 1 M M
30 87 57 72 6 0 7 M M M 3.5 10 150 M M 0 M M
================================================================================
SM 2453 1702 24 161 2.32 0.0 311.5 M 70
================================================================================
AV 81.8 56.7 10.4 FASTST M M 2 MAX(MPH)
MISC ----> 47 320 66 260
================================================================================
NOTES:
# LAST OF SEVERAL OCCURRENCES
COLUMN 17 PEAK WIND IN M.P.H.
PRELIMINARY LOCAL CLIMATOLOGICAL DATA (WS FORM: F-6) , PAGE 2
STATION: DEVILS LAKE ND
MONTH: JUNE
YEAR: 2021
LATITUDE: 48 7 N
LONGITUDE: 98 54 W
[TEMPERATURE DATA] [PRECIPITATION DATA] SYMBOLS USED IN COLUMN 16
AVERAGE MONTHLY: 69.3 TOTAL FOR MONTH: 2.32 1 = FOG OR MIST
DPTR FM NORMAL: 5.8 DPTR FM NORMAL: M 2 = FOG REDUCING VISIBILITY
HIGHEST: 103 ON 4 GRTST 24HR 0.77 ON 25-25 TO 1/4 MILE OR LESS
LOWEST: 43 ON 21 3 = THUNDER
SNOW, ICE PELLETS, HAIL 4 = ICE PELLETS
TOTAL MONTH: 0.0 INCH 5 = HAIL
GRTST 24HR 0.0 6 = FREEZING RAIN OR DRIZZLE
GRTST DEPTH: 0 7 = DUSTSTORM OR SANDSTORM:
VSBY 1/2 MILE OR LESS
8 = SMOKE OR HAZE
[NO. OF DAYS WITH] [WEATHER - DAYS WITH] 9 = BLOWING SNOW
X = TORNADO
MAX 32 OR BELOW: 0 0.01 INCH OR MORE: 9
MAX 90 OR ABOVE: 5 0.10 INCH OR MORE: 6
MIN 32 OR BELOW: 0 0.50 INCH OR MORE: 2
MIN 0 OR BELOW: 0 1.00 INCH OR MORE: 0
[HDD (BASE 65) ]
TOTAL THIS MO. 24 CLEAR (SCALE 0-3) 20
DPTR FM NORMAL -52 PTCLDY (SCALE 4-7) 9
TOTAL FM JUL 1 8776 CLOUDY (SCALE 8-10) 1
DPTR FM NORMAL -815
[CDD (BASE 65) ]
TOTAL THIS MO. 161
DPTR FM NORMAL 132 [PRESSURE DATA]
TOTAL FM JAN 1 176 HIGHEST SLP M ON M
DPTR FM NORMAL 143 LOWEST SLP M ON M
[REMARKS]
#FINAL-06-21#