000
CXUS55 KDVN 011000
CF6DVN
PRELIMINARY LOCAL CLIMATOLOGICAL DATA (WS FORM: F-6)
STATION: DAVENPORT IA
MONTH: MAY
YEAR: 2021
LATITUDE: 41 37 N
LONGITUDE: 90 35 W
TEMPERATURE IN F: :PCPN: SNOW: WIND :SUNSHINE: SKY :PK WND
================================================================================
1 2 3 4 5 6A 6B 7 8 9 10 11 12 13 14 15 16 17 18
12Z AVG MX 2MIN
DY MAX MIN AVG DEP HDD CDD WTR SNW DPTH SPD SPD DIR MIN PSBL S-S WX SPD DR
================================================================================
1 87 52 70 14 0 5 0.00 0.0 0 21.0 37 220 M M 1 52 220
2 86 63 75 19 0 10 0.00 0.0 0 16.9 25 210 M M 1 35 190
3 71 55 63 6 2 0 0.56 0.0 0 9.6 21 330 M M 8 138 27 330
4 63 45 54 -3 11 0 0.00 0.0 0 11.8 20 350 M M 4 25 340
5 66 39 53 -5 12 0 T 0.0 0 4.0 13 270 M M 2 19 250
6 64 42 53 -5 12 0 T 0.0 0 12.3 23 320 M M 6 33 330
7 64 41 53 -5 12 0 0.00 0.0 0 11.5 25 340 M M 2 32 320
8 59 35 47 -12 18 0 0.56 0.0 0 9.4 24 70 M M 4 13 32 60
9 61 38 50 -9 15 0 0.83 T 0 11.4 26 60 M M 6 1 35 60
10 63 43 53 -6 12 0 T 0.0 0 8.4 22 330 M M 7 29 340
11 59 37 48 -12 17 0 0.00 0.0 0 7.8 18 30 M M 1 1 26 20
12 65 36 51 -9 14 0 0.00 0.0 0 3.1 10 20 M M 1 19 310
13 69 39 54 -7 11 0 0.00 0.0 0 3.7 14 130 M M 1 20 130
14 72 43 58 -3 7 0 T 0.0 0 7.9 18 190 M M 2 27 220
15 58 51 55 -6 10 0 0.38 0.0 0 11.0 17 190 M M 10 1 23 190
16 66 51 59 -3 6 0 T 0.0 0 6.6 13 140 M M 6 16 140
17 64 57 61 -1 4 0 0.34 0.0 0 11.6 20 100 M M 10 1 27 110
18 65 60 63 0 2 0 0.66 0.0 0 15.6 23 150 M M 10 1 32 120
19 78 64 71 8 0 6 0.01 0.0 0 13.2 24 170 M M 8 1 31 170
20 82 68 75 12 0 10 0.01 0.0 0 14.9 25 180 M M 7 36 200
21 76 64 70 6 0 5 0.08 0.0 0 11.1 20 160 M M 5 1 27 150
22 80 63 72 8 0 7 T 0.0 0 9.8 18 210 M M 6 24 200
23 82 66 74 10 0 9 0.01 0.0 0 8.0 15 210 M M 6 22 250
24 86 67 77 12 0 12 0.00 0.0 0 8.1 17 210 M M 2 24 200
25 82 70 76 11 0 11 0.02 0.0 0 14.2 26 210 M M 5 38 220
26 81 61 71 5 0 6 0.25 0.0 0 10.5 21 290 M M 2 13 30 280
27 62 47 55 -11 10 0 0.33 0.0 0 16.5 25 90 M M 6 1 35 110
28 48 46 47 -19 18 0 0.03 0.0 0 14.3 21 30 M M 10 1 30 50
29 65 37 51 -16 14 0 0.00 0.0 0 8.1 16 70 M M 0 23 70
30 70 40 55 -12 10 0 0.00 0.0 0 4.3 9 140 M M 0 12 140
31 68 53 61 -6 4 0 0.00 0.0 0 6.8 16 230 M M 0 1 22 180
================================================================================
SM 2162 1573 221 81 4.07 T 323.4 M 139
================================================================================
AV 69.7 50.7 10.4 FASTST M M 4 MAX(MPH)
MISC ----> 37 220 52 220
================================================================================
NOTES:
# LAST OF SEVERAL OCCURRENCES
COLUMN 17 PEAK WIND IN M.P.H.
PRELIMINARY LOCAL CLIMATOLOGICAL DATA (WS FORM: F-6) , PAGE 2
STATION: DAVENPORT IA
MONTH: MAY
YEAR: 2021
LATITUDE: 41 37 N
LONGITUDE: 90 35 W
[TEMPERATURE DATA] [PRECIPITATION DATA] SYMBOLS USED IN COLUMN 16
AVERAGE MONTHLY: 60.2 TOTAL FOR MONTH: 4.07 1 = FOG OR MIST
DPTR FM NORMAL: -1.5 DPTR FM NORMAL: -0.75 2 = FOG REDUCING VISIBILITY
HIGHEST: 87 ON 1 GRTST 24HR 1.39 ON 8- 9 TO 1/4 MILE OR LESS
LOWEST: 35 ON 8 3 = THUNDER
SNOW, ICE PELLETS, HAIL 4 = ICE PELLETS
TOTAL MONTH: T 5 = HAIL
GRTST 24HR T ON 9- 9 6 = FREEZING RAIN OR DRIZZLE
GRTST DEPTH: 0 7 = DUSTSTORM OR SANDSTORM:
VSBY 1/2 MILE OR LESS
8 = SMOKE OR HAZE
[NO. OF DAYS WITH] [WEATHER - DAYS WITH] 9 = BLOWING SNOW
X = TORNADO
MAX 32 OR BELOW: 0 0.01 INCH OR MORE: 14
MAX 90 OR ABOVE: 0 0.10 INCH OR MORE: 8
MIN 32 OR BELOW: 0 0.50 INCH OR MORE: 4
MIN 0 OR BELOW: 0 1.00 INCH OR MORE: 0
[HDD (BASE 65) ]
TOTAL THIS MO. 221 CLEAR (SCALE 0-3) 13
DPTR FM NORMAL 51 PTCLDY (SCALE 4-7) 13
TOTAL FM JUL 1 6263 CLOUDY (SCALE 8-10) 5
DPTR FM NORMAL -44
[CDD (BASE 65) ]
TOTAL THIS MO. 81
DPTR FM NORMAL 12 [PRESSURE DATA]
TOTAL FM JAN 1 98 HIGHEST SLP 30.52 ON 12
DPTR FM NORMAL 19 LOWEST SLP 29.51 ON 2
[REMARKS]
#FINAL-05-21#