000
CXUS53 KDVN 011425
CLMDVN
CLIMATE REPORT
NATIONAL WEATHER SERVICE QUAD CITIES IA IL
825 AM CST FRI MAR 01 2024
...................................
...THE DAVENPORT IA CLIMATE SUMMARY FOR THE MONTH OF FEBRUARY 2024...
CLIMATE NORMAL PERIOD 1991 TO 2020
CLIMATE RECORD PERIOD 9999 TO 9999
WEATHER OBSERVED NORMAL DEPART LAST YEAR`S
VALUE DATE(S) VALUE FROM VALUE
NORMAL
..............................................................
TEMPERATURE (F)
HIGHEST 77 02/27 40 37
LOWEST 8 02/17 14 -6
AVG. MAXIMUM 50.5 34.4 16.1
AVG. MINIMUM 25.9 18.1 7.8
MEAN 38.2 26.3 11.9
DAYS MAX >= 90 0
DAYS MAX <= 32 3
DAYS MIN <= 32 23
DAYS MIN <= 0 0
PRECIPITATION (INCHES)
TOTALS 0.17 1.44 -1.27
DAILY AVG. 0.01
DAYS >= .01 3
DAYS >= .10 1
DAYS >= .50 0
DAYS >= 1.00 0
GREATEST
24 HR. TOTAL 0.13 02/15 TO 02/15
SNOWFALL (INCHES)
TOTALS 0.5
SINCE 7/1 36.9
SNOWDEPTH AVG. T
DAYS >= TRACE 5
DAYS >= 1.0 0
GREATEST
SNOW DEPTH T
24 HR TOTAL 0.5 02/16 TO 02/16
DEGREE DAYS
HEATING TOTAL 771 1085 -314
SINCE 7/1 3979 4938 -959
COOLING TOTAL 0 0 0
SINCE 1/1 0 0 0
..............................................................
WIND (MPH)
AVERAGE WIND SPEED 10.9
HIGHEST WIND SPEED/DIRECTION 35/290 DATE 02/27
HIGHEST GUST SPEED/DIRECTION 48/290 DATE 02/27
SKY COVER
AVERAGE SKY COVER 0.18
NUMBER OF DAYS FAIR 23
NUMBER OF DAYS PC 5
NUMBER OF DAYS CLOUDY 1
AVERAGE RH (PERCENT) 63
WEATHER CONDITIONS. NUMBER OF DAYS WITH
THUNDERSTORM 1 HAIL 1
SLEET 0 FOG 8
FOG W/VIS <= 1/4 MILE 0 HAZE 3
- INDICATES NEGATIVE NUMBERS.
R INDICATES RECORD WAS SET OR TIED.
MM INDICATES DATA IS MISSING.
T INDICATES TRACE AMOUNT.
$$
===================================================================
NOTE: SUPPLEMENTAL CLIMATE DATA WAS USED FROM A NEARBY
CLIMATOLOGICALLY REPRESENTATIVE STATION.
===================================================================
PARAMETER DATE
--------- ----
SNW 2/16
WTR 2/16