000
CXUS54 KEWX 011010
CF6DZB
PRELIMINARY LOCAL CLIMATOLOGICAL DATA (WS FORM: F-6)
STATION: HORSESHOE BAY
MONTH: APRIL
YEAR: 2022
LATITUDE: 30 31 N
LONGITUDE: 98 22 W
TEMPERATURE IN F: :PCPN: SNOW: WIND :SUNSHINE: SKY :PK WND
================================================================================
1 2 3 4 5 6A 6B 7 8 9 10 11 12 13 14 15 16 17 18
12Z AVG MX 2MIN
DY MAX MIN AVG DEP HDD CDD WTR SNW DPTH SPD SPD DIR MIN PSBL S-S WX SPD DR
================================================================================
1 82 44 63 M 2 0 0.00 M M 8.2 14 150 M M 0 23 160
2 86 54 70 M 0 5 0.00 M M 5.0 9 320 M M 1 17 160
3 88 49 69 M 0 4 0.00 M M 6.4 12 160 M M 0 21 160
4 80 62 71 M 0 6 0.00 M M 5.4 12 150 M M 6 16 170
5 99 65 82 M 0 17 0.00 M M 8.8 17 220 M M 0 1 23 230
6 79 52 66 M 0 1 0.00 M M 11.9 18 210 M M 0 30 360
7 76 41 59 M 6 0 0.00 M M 5.3 15 350 M M 0 25 350
8 77 38 58 M 7 0 0.00 M M 5.4 13 320 M M 0 21 330
9 88 41 65 M 0 0 0.00 M M 8.4 17 180 M M 0 28 190
10 88 62 75 M 0 10 0.00 M M 11.8 17 160 M M 1 30 190
11 88 68 78 M 0 13 0.00 M M 9.4 14 160 M M 5 8 23 160
12 94 72 83 M 0 18 0.00 M M 11.8 21 190 M M 5 30 190
13 91 51 71 M 0 6 0.00 M M 10.5 20 170 M M 3 31 170
14 83 46 65 M 0 0 0.00 M M 6.6 14 130 M M 0 22 130
15 85 61 73 M 0 8 0.00 M M 7.5 14 160 M M 7 20 190
16 89 70 80 M 0 15 0.00 M M 4.3 9 130 M M 6 1 M M
17 89 67 78 M 0 13 0.00 M M 3.2 8 140 M M 6 M M
18 80 53 67 M 0 2 0.00 M M 4.8 12 60 M M 1 17 70
19 70 51 61 M 4 0 0.07 M M 7.0 14 140 M M 6 1 22 140
20 86 66 76 M 0 11 0.00 M M 11.4 17 200 M M 7 29 200
21 81 71 76 M 0 11 0.00 M M 9.1 17 150 M M 8 24 170
22 89 70 80 M 0 15 0.00 M M 12.4 18 150 M M 7 31 160
23 89 70 80 M 0 15 0.00 M M 13.4 18 180 M M 7 32 190
24 88 70 79 M 0 14 0.00 M M 10.4 17 160 M M 7 24 160
25 73 59 66 M 0 1 0.15 M M 6.2 10 40 M M 9 3 21 40
26 79 58 69 M 0 4 0.00 M M 4.6 10 90 M M 7 16 80
27 78 57 68 M 0 3 0.00 M M 5.1 12 140 M M 5 18 160
28 86 67 77 M 0 12 0.00 M M 10.7 16 160 M M 7 25 160
29 86 70 78 M 0 13 0.00 M M 9.4 14 180 M M 8 22 160
30 91 72 82 M 0 17 M M M 5.3 9 100 M M 7 20 180
================================================================================
SM 2538 1777 19 234 0.22 M 239.6 M 126
================================================================================
AV 84.6 59.2 8.0 FASTST M M 4 MAX(MPH)
MISC ----> 21 190 32 190
================================================================================
NOTES:
# LAST OF SEVERAL OCCURRENCES
COLUMN 17 PEAK WIND IN M.P.H.
PRELIMINARY LOCAL CLIMATOLOGICAL DATA (WS FORM: F-6) , PAGE 2
STATION: HORSESHOE BAY
MONTH: APRIL
YEAR: 2022
LATITUDE: 30 31 N
LONGITUDE: 98 22 W
[TEMPERATURE DATA] [PRECIPITATION DATA] SYMBOLS USED IN COLUMN 16
AVERAGE MONTHLY: 71.9 TOTAL FOR MONTH: 0.22 1 = FOG OR MIST
DPTR FM NORMAL: 0.0 DPTR FM NORMAL: M 2 = FOG REDUCING VISIBILITY
HIGHEST: 99 ON 5 GRTST 24HR 0.15 ON 25-25 TO 1/4 MILE OR LESS
LOWEST: 38 ON 8 3 = THUNDER
SNOW, ICE PELLETS, HAIL 4 = ICE PELLETS
TOTAL MONTH: M 5 = HAIL
GRTST 24HR M ON M 6 = FREEZING RAIN OR DRIZZLE
GRTST DEPTH: M ON M 7 = DUSTSTORM OR SANDSTORM:
VSBY 1/2 MILE OR LESS
8 = SMOKE OR HAZE
[NO. OF DAYS WITH] [WEATHER - DAYS WITH] 9 = BLOWING SNOW
X = TORNADO
MAX 32 OR BELOW: 0 0.01 INCH OR MORE: 2
MAX 90 OR ABOVE: 4 0.10 INCH OR MORE: 1
MIN 32 OR BELOW: 0 0.50 INCH OR MORE: 0
MIN 0 OR BELOW: 0 1.00 INCH OR MORE: 0
[HDD (BASE 65) ]
TOTAL THIS MO. 19 CLEAR (SCALE 0-3) 12
DPTR FM NORMAL M PTCLDY (SCALE 4-7) 16
TOTAL FM JUL 1 1574 CLOUDY (SCALE 8-10) 2
DPTR FM NORMAL M
[CDD (BASE 65) ]
TOTAL THIS MO. 234
DPTR FM NORMAL M [PRESSURE DATA]
TOTAL FM JAN 1 303 HIGHEST SLP M ON M
DPTR FM NORMAL M LOWEST SLP M ON M
[REMARKS]
#FINAL-04-22#