000
CXUS54 KMAF 011210
CF6E38
PRELIMINARY LOCAL CLIMATOLOGICAL DATA (WS FORM: F-6)
STATION: ALPINE-CASPARIS MUNICIPAL
MONTH: DECEMBER
YEAR: 2022
LATITUDE: 30 23 N
LONGITUDE: 103 41 W
TEMPERATURE IN F: :PCPN: SNOW: WIND :SUNSHINE: SKY :PK WND
================================================================================
1 2 3 4 5 6A 6B 7 8 9 10 11 12 13 14 15 16 17 18
12Z AVG MX 2MIN
DY MAX MIN AVG DEP HDD CDD WTR SNW DPTH SPD SPD DIR MIN PSBL S-S WX SPD DR
================================================================================
1 71 37 54 M 11 0 M M M 6.9 13 230 M M 0 20 190
2 78 51 65 M 0 0 M M M 10.9 23 270 M M 0 30 280
3 54 38 46 M 19 0 M M M 6.3 14 90 M M 1 18 70
4 74 34 54 M 11 0 M M M 5.5 15 230 M M 1 22 230
5 78 55 67 M 0 2 M M M 8.3 18 240 M M 0 24 240
6 72 54 63 M 2 0 0.01 M M 8.0 16 230 M M 4 20 230
7 74 54 64 M 1 0 M M M 5.6 14 240 M M 6 18 240
8 73 46 60 M 5 0 M M M 2.9 10 40 M M 1 M M
9 74 46 60 M 5 0 M M M 4.1 15 210 M M 4 23 210
10 66 40 53 M 12 0 M M M 4.4 12 70 M M 1 M M
11 69 39 54 M 11 0 M M M 5.0 13 180 M M 3 17 180
12 73 48 61 M 4 0 M M M 13.5 30 220 M M 0 40 210
13 55 29 42 M 23 0 M M M 8.2 23 260 M M 0 30 260
14 51 32 42 M 23 0 M M M 15.2 29 260 M M 0 33 260
15 56 35 46 M 19 0 M M M 12.3 23 260 M M 0 28 260
16 44 34 39 M 26 0 M M M 6.0 13 20 M M 1 17 20
17 58 24 41 M 24 0 M M M 4.8 10 60 M M 1 18 210
18 63 29 46 M 19 0 M M M 6.8 15 190 M M 0 21 200
19 62 31 47 M 18 0 M M M 8.3 18 270 M M 0 25 240
20 58 26 42 M 23 0 M M M 4.2 9 320 M M 0 M M
21 66 28 47 M 18 0 M M M 10.6 18 250 M M 0 24 250
22 66 13 40 M 25 0 M M M 16.7 29 260 M M 0 40 250
23 27 7 17 M 48 0 M M M 6.5 15 40 M M 0 18 40
24 51 10 31 M 34 0 M M M 6.9 15 230 M M 0 21 250
25 59 17 38 M 27 0 M M M 5.5 18 230 M M 0 M M
26 52 30 41 M 24 0 M M M 8.5 20 240 M M 0 24 20
27 65 30 48 M 17 0 M M M 12.2 24 230 M M 0 30 230
28 69 47 58 M 7 0 M M M 11.3 22 230 M M 0 28 230
29 64 45 55 M 10 0 M M M 5.7 14 290 M M 0 25 0
30 58 41 50 M 15 0 M M M 9.6 18 260 M M 3 28 280
31 64 42 53 M 12 0 M M M 12.7 24 250 M M 0 31 250
================================================================================
SM 1944 1092 493 2 0.01 M 253.5 M 26
================================================================================
AV 62.7 35.2 8.2 FASTST M M 1 MAX(MPH)
MISC ----> 30 220 # 40 210
================================================================================
NOTES:
# LAST OF SEVERAL OCCURRENCES
COLUMN 17 PEAK WIND IN M.P.H.
PRELIMINARY LOCAL CLIMATOLOGICAL DATA (WS FORM: F-6) , PAGE 2
STATION: ALPINE-CASPARIS MUNICIPAL
MONTH: DECEMBER
YEAR: 2022
LATITUDE: 30 23 N
LONGITUDE: 103 41 W
[TEMPERATURE DATA] [PRECIPITATION DATA] SYMBOLS USED IN COLUMN 16
AVERAGE MONTHLY: 49.0 TOTAL FOR MONTH: 0.01 1 = FOG OR MIST
DPTR FM NORMAL: 0.0 DPTR FM NORMAL: M 2 = FOG REDUCING VISIBILITY
HIGHEST: 78 ON 5, 2 GRTST 24HR 0.01 ON 6- 6 TO 1/4 MILE OR LESS
LOWEST: 7 ON 23 3 = THUNDER
SNOW, ICE PELLETS, HAIL 4 = ICE PELLETS
TOTAL MONTH: M 5 = HAIL
GRTST 24HR M ON M 6 = FREEZING RAIN OR DRIZZLE
GRTST DEPTH: M ON M 7 = DUSTSTORM OR SANDSTORM:
VSBY 1/2 MILE OR LESS
8 = SMOKE OR HAZE
[NO. OF DAYS WITH] [WEATHER - DAYS WITH] 9 = BLOWING SNOW
X = TORNADO
MAX 32 OR BELOW: 1 0.01 INCH OR MORE: 1
MAX 90 OR ABOVE: 0 0.10 INCH OR MORE: 0
MIN 32 OR BELOW: 13 0.50 INCH OR MORE: 0
MIN 0 OR BELOW: 0 1.00 INCH OR MORE: 0
[HDD (BASE 65) ]
TOTAL THIS MO. 493 CLEAR (SCALE 0-3) 28
DPTR FM NORMAL M PTCLDY (SCALE 4-7) 3
TOTAL FM JUL 1 1089 CLOUDY (SCALE 8-10) 0
DPTR FM NORMAL M
[CDD (BASE 65) ]
TOTAL THIS MO. 2
DPTR FM NORMAL M [PRESSURE DATA]
TOTAL FM JAN 1 2040 HIGHEST SLP M ON M
DPTR FM NORMAL M LOWEST SLP M ON M
[REMARKS]
#FINAL-12-22#