000
CXUS53 KEAX 011328
CF6EAX
PRELIMINARY LOCAL CLIMATOLOGICAL DATA (WS FORM: F-6)
STATION: PLEASANT HILL NWS MO
MONTH: JUNE
YEAR: 2023
LATITUDE: 38 48 N
LONGITUDE: 94 16 W
TEMPERATURE IN F: :PCPN: SNOW: WIND :SUNSHINE: SKY :PK WND
================================================================================
1 2 3 4 5 6A 6B 7 8 9 10 11 12 13 14 15 16 17 18
12Z AVG MX 2MIN
DY MAX MIN AVG DEP HDD CDD WTR SNW DPTH SPD SPD DIR MIN PSBL S-S WX SPD DR
================================================================================
1 85 64 75 5 0 10 0.00 0.0 0 M M M M M M M M
2 87 65 76 5 0 11 0.73 0.0 0 M M M M M M 3 M M
3 89 63 76 5 0 11 0.00 0.0 0 M M M M M M M M
4 90 63 77 6 0 12 0.00 0.0 0 M M M M M M M M
5 89 67 78 6 0 13 T 0.0 0 M M M M M M 3 M M
6 87 63 75 3 0 10 0.00 0.0 0 M M M M M M M M
7 88 66 77 5 0 12 0.00 0.0 0 M M M M M M M M
8 77 65 71 -1 0 6 0.06 0.0 0 M M M M M M M M
9 82 61 72 -1 0 7 0.00 0.0 0 M M M M M M M M
10 75 62 69 -4 0 4 1.23 0.0 0 M M M M M M 13 M M
11 70 61 66 -7 0 1 0.57 0.0 0 M M M M M M 3 M M
12 74 54 64 -10 1 0 0.00 0.0 0 M M M M M M M M
13 78 54 66 -8 0 1 0.00 0.0 0 M M M M M M M M
14 83 57 70 -4 0 5 0.00 0.0 0 M M M M M M M M
15 85 61 73 -1 0 8 0.00 0.0 0 M M M M M M M M
16 87 63 75 0 0 10 0.00 0.0 0 M M M M M M M M
17 87 65 76 1 0 11 0.00 0.0 0 M M M M M M M M
18 79 65 72 -3 0 7 0.29 0.0 0 M M M M M M 3 M M
19 87 64 76 1 0 11 0.00 0.0 0 M M M M M M M M
20 88 68 78 2 0 13 0.00 0.0 0 M M M M M M M M
21 88 66 77 1 0 12 0.00 0.0 0 M M M M M M M M
22 88 68 78 2 0 13 0.00 0.0 0 M M M M M M M M
23 89 65 77 1 0 12 0.00 0.0 0 M M M M M M M M
24 91 69 80 4 0 15 0.00 0.0 0 M M M M M M M M
25 87 69 78 2 0 13 0.00 0.0 0 M M M M M M M M
26 86 63 75 -2 0 10 0.00 0.0 0 M M M M M M M M
27 84 61 73 -4 0 8 0.00 0.0 0 M M M M M M M M
28 96 70 83 6 0 18 T 0.0 0 M M M M M M M M
29 99 76 88 11 0 23 T 0.0 0 M M M M M M M M
30 99 73 86 9 0 21 0.00 0.0 0 M M M M M M M M
================================================================================
SM 2574 1931 1 308 2.88 0.0 M M M
================================================================================
AV 85.8 64.4 M FASTST M M M MAX(MPH)
MISC ----> M M M M
================================================================================
NOTES:
# LAST OF SEVERAL OCCURRENCES
COLUMN 17 PEAK WIND IN M.P.H.
PRELIMINARY LOCAL CLIMATOLOGICAL DATA (WS FORM: F-6) , PAGE 2
STATION: PLEASANT HILL NWS MO
MONTH: JUNE
YEAR: 2023
LATITUDE: 38 48 N
LONGITUDE: 94 16 W
[TEMPERATURE DATA] [PRECIPITATION DATA] SYMBOLS USED IN COLUMN 16
AVERAGE MONTHLY: 75.1 TOTAL FOR MONTH: 2.88 1 = FOG OR MIST
DPTR FM NORMAL: 0.9 DPTR FM NORMAL: -2.44 2 = FOG REDUCING VISIBILITY
HIGHEST: 99 ON 30,29 GRTST 24HR 1.23 ON 10-10 TO 1/4 MILE OR LESS
LOWEST: 54 ON 13,12 3 = THUNDER
SNOW, ICE PELLETS, HAIL 4 = ICE PELLETS
TOTAL MONTH: 0.0 INCH 5 = HAIL
GRTST 24HR 0.0 6 = FREEZING RAIN OR DRIZZLE
GRTST DEPTH: 0 7 = DUSTSTORM OR SANDSTORM:
VSBY 1/2 MILE OR LESS
8 = SMOKE OR HAZE
[NO. OF DAYS WITH] [WEATHER - DAYS WITH] 9 = BLOWING SNOW
X = TORNADO
MAX 32 OR BELOW: 0 0.01 INCH OR MORE: 5
MAX 90 OR ABOVE: 5 0.10 INCH OR MORE: 4
MIN 32 OR BELOW: 0 0.50 INCH OR MORE: 3
MIN 0 OR BELOW: 0 1.00 INCH OR MORE: 1
[HDD (BASE 65) ]
TOTAL THIS MO. 1 CLEAR (SCALE 0-3) 0
DPTR FM NORMAL -5 PTCLDY (SCALE 4-7) 0
TOTAL FM JUL 1 4589 CLOUDY (SCALE 8-10) 30
DPTR FM NORMAL -328
[CDD (BASE 65) ]
TOTAL THIS MO. 308
DPTR FM NORMAL 26 [PRESSURE DATA]
TOTAL FM JAN 1 453 HIGHEST SLP M ON M
DPTR FM NORMAL 54 LOWEST SLP M ON M
[REMARKS]
#FINAL-06-23#