000
CXUS53 KEAX 011022
CF6EAX
PRELIMINARY LOCAL CLIMATOLOGICAL DATA (WS FORM: F-6)
STATION: PLEASANT HILL NWS MO
MONTH: AUGUST
YEAR: 2022
LATITUDE: 38 48 N
LONGITUDE: 94 16 W
TEMPERATURE IN F: :PCPN: SNOW: WIND :SUNSHINE: SKY :PK WND
================================================================================
1 2 3 4 5 6A 6B 7 8 9 10 11 12 13 14 15 16 17 18
12Z AVG MX 2MIN
DY MAX MIN AVG DEP HDD CDD WTR SNW DPTH SPD SPD DIR MIN PSBL S-S WX SPD DR
================================================================================
1 94 73 84 5 0 19 0.00 0.0 0 M M M M M M M M
2 95 74 85 6 0 20 0.00 0.0 0 M M M M M M M M
3 84 76 80 1 0 15 0.11 0.0 0 M M M M M M 3 M M
4 88 72 80 2 0 15 0.22 0.0 0 M M M M M M M M
5 92 71 82 4 0 17 0.00 0.0 0 M M M M M M M M
6 94 75 85 7 0 20 0.00 0.0 0 M M M M M M M M
7 93 75 84 6 0 19 0.00 0.0 0 M M M M M M M M
8 84 71 78 0 0 13 0.01 0.0 0 M M M M M M M M
9 85 67 76 -2 0 11 0.00 0.0 0 M M M M M M M M
10 87 64 76 -2 0 11 0.00 0.0 0 M M M M M M M M
11 89 63 76 -2 0 11 0.00 0.0 0 M M M M M M M M
12 89 66 78 0 0 13 0.00 0.0 0 M M M M M M M M
13 95 68 82 4 0 17 0.00 0.0 0 M M M M M M M M
14 92 71 82 4 0 17 0.00 0.0 0 M M M M M M M M
15 89 68 79 2 0 14 0.00 0.0 0 M M M M M M M M
16 72 64 68 -9 0 3 1.45 0.0 0 M M M M M M 3 M M
17 83 63 73 -4 0 8 0.00 0.0 0 M M M M M M M M
18 84 62 73 -4 0 8 0.00 0.0 0 M M M M M M M M
19 81 63 72 -5 0 7 0.11 0.0 0 M M M M M M 3 M M
20 86 64 75 -2 0 10 0.00 0.0 0 M M M M M M M M
21 83 62 73 -3 0 8 0.00 0.0 0 M M M M M M M M
22 84 64 74 -2 0 9 0.00 0.0 0 M M M M M M M M
23 84 61 73 -3 0 8 0.00 0.0 0 M M M M M M M M
24 88 65 77 1 0 12 0.00 0.0 0 M M M M M M M M
25 91 67 79 3 0 14 0.00 0.0 0 M M M M M M M M
26 91 68 80 5 0 15 0.00 0.0 0 M M M M M M M M
27 92 69 81 6 0 16 0.00 0.0 0 M M M M M M M M
28 87 68 78 3 0 13 0.33 0.0 0 M M M M M M 3 M M
29 90 69 80 5 0 15 1.26 0.0 0 M M M M M M 3 M M
30 87 64 76 2 0 11 0.00 0.0 0 M M M M M M M M
31 85 60 73 -1 0 8 0.00 0.0 0 M M M M M M M M
================================================================================
SM 2718 2087 0 397 3.49 0.0 M M M
================================================================================
AV 87.7 67.3 M FASTST M M M MAX(MPH)
MISC ----> M M M M
================================================================================
NOTES:
# LAST OF SEVERAL OCCURRENCES
COLUMN 17 PEAK WIND IN M.P.H.
PRELIMINARY LOCAL CLIMATOLOGICAL DATA (WS FORM: F-6) , PAGE 2
STATION: PLEASANT HILL NWS MO
MONTH: AUGUST
YEAR: 2022
LATITUDE: 38 48 N
LONGITUDE: 94 16 W
[TEMPERATURE DATA] [PRECIPITATION DATA] SYMBOLS USED IN COLUMN 16
AVERAGE MONTHLY: 77.5 TOTAL FOR MONTH: 3.49 1 = FOG OR MIST
DPTR FM NORMAL: 0.6 DPTR FM NORMAL: -0.89 2 = FOG REDUCING VISIBILITY
HIGHEST: 95 ON 13, 2 GRTST 24HR 1.45 ON 16-16 TO 1/4 MILE OR LESS
LOWEST: 60 ON 31 3 = THUNDER
SNOW, ICE PELLETS, HAIL 4 = ICE PELLETS
TOTAL MONTH: 0.0 INCH 5 = HAIL
GRTST 24HR 0.0 6 = FREEZING RAIN OR DRIZZLE
GRTST DEPTH: 0 7 = DUSTSTORM OR SANDSTORM:
VSBY 1/2 MILE OR LESS
8 = SMOKE OR HAZE
[NO. OF DAYS WITH] [WEATHER - DAYS WITH] 9 = BLOWING SNOW
X = TORNADO
MAX 32 OR BELOW: 0 0.01 INCH OR MORE: 7
MAX 90 OR ABOVE: 11 0.10 INCH OR MORE: 6
MIN 32 OR BELOW: 0 0.50 INCH OR MORE: 2
MIN 0 OR BELOW: 0 1.00 INCH OR MORE: 2
[HDD (BASE 65) ]
TOTAL THIS MO. 0 CLEAR (SCALE 0-3) 0
DPTR FM NORMAL -1 PTCLDY (SCALE 4-7) 0
TOTAL FM JUL 1 0 CLOUDY (SCALE 8-10) 31
DPTR FM NORMAL 0
[CDD (BASE 65) ]
TOTAL THIS MO. 397
DPTR FM NORMAL 25 [PRESSURE DATA]
TOTAL FM JAN 1 1353 HIGHEST SLP M ON M
DPTR FM NORMAL 165 LOWEST SLP M ON M
[REMARKS]
#FINAL-08-22#