000
CXUS53 KEAX 010836
CF6EAX
PRELIMINARY LOCAL CLIMATOLOGICAL DATA (WS FORM: F-6)
STATION: PLEASANT HILL NWS MO
MONTH: JANUARY
YEAR: 2022
LATITUDE: 38 48 N
LONGITUDE: 94 16 W
TEMPERATURE IN F: :PCPN: SNOW: WIND :SUNSHINE: SKY :PK WND
================================================================================
1 2 3 4 5 6A 6B 7 8 9 10 11 12 13 14 15 16 17 18
12Z AVG MX 2MIN
DY MAX MIN AVG DEP HDD CDD WTR SNW DPTH SPD SPD DIR MIN PSBL S-S WX SPD DR
================================================================================
1 33 9 21 -9 44 0 0.11 1.0 T M M M M M M 46 M M
2 18 4 11 -19 54 0 T 0.2 1 M M M M M M M M
3 38 9 24 -6 41 0 0.00 0.0 1 M M M M M M M M
4 49 28 39 9 26 0 0.00 0.0 0 M M M M M M M M
5 31 14 23 -7 42 0 T T 0 M M M M M M M M
6 17 8 13 -17 52 0 T 0.1 T M M M M M M M M
7 24 7 16 -14 49 0 0.00 0.0 0 M M M M M M M M
8 42 22 32 2 33 0 0.06 0.0 0 M M M M M M M M
9 37 17 27 -3 38 0 0.00 0.0 0 M M M M M M M M
10 45 18 32 2 33 0 0.00 0.0 0 M M M M M M M M
11 58 24 41 11 24 0 0.00 0.0 0 M M M M M M M M
12 56 32 44 14 21 0 0.00 0.0 0 M M M M M M M M
13 57 37 47 17 18 0 0.00 0.0 0 M M M M M M M M
14 49 33 41 11 24 0 0.18 T 0 M M M M M M 1 M M
15 33 20 27 -3 38 0 0.31 3.0 3 M M M M M M 129 M M
16 32 17 25 -5 40 0 0.00 0.0 3 M M M M M M M M
17 45 25 35 5 30 0 0.00 0.0 2 M M M M M M M M
18 56 34 45 15 20 0 0.00 0.0 T M M M M M M M M
19 45 10 28 -2 37 0 0.00 0.0 0 M M M M M M M M
20 19 4 12 -18 53 0 0.00 0.0 0 M M M M M M M M
21 25 1 13 -17 52 0 0.00 0.0 0 M M M M M M M M
22 48 20 34 4 31 0 0.00 0.0 0 M M M M M M M M
23 39 33 36 6 29 0 0.00 0.0 0 M M M M M M M M
24 55 20 38 8 27 0 0.00 0.0 0 M M M M M M M M
25 24 10 17 -13 48 0 0.00 0.0 0 M M M M M M M M
26 33 7 20 -10 45 0 0.00 0.0 0 M M M M M M M M
27 42 26 34 4 31 0 0.00 0.0 0 M M M M M M M M
28 32 16 24 -6 41 0 0.00 0.0 0 M M M M M M M M
29 54 17 36 6 29 0 0.00 0.0 0 M M M M M M M M
30 46 29 38 8 27 0 0.00 0.0 0 M M M M M M M M
31 64 26 45 14 20 0 0.00 0.0 0 M M M M M M M M
================================================================================
SM 1246 577 1097 0 0.66 4.3 M M M
================================================================================
AV 40.2 18.6 M FASTST M M M MAX(MPH)
MISC ----> M M M M
================================================================================
NOTES:
# LAST OF SEVERAL OCCURRENCES
COLUMN 17 PEAK WIND IN M.P.H.
PRELIMINARY LOCAL CLIMATOLOGICAL DATA (WS FORM: F-6) , PAGE 2
STATION: PLEASANT HILL NWS MO
MONTH: JANUARY
YEAR: 2022
LATITUDE: 38 48 N
LONGITUDE: 94 16 W
[TEMPERATURE DATA] [PRECIPITATION DATA] SYMBOLS USED IN COLUMN 16
AVERAGE MONTHLY: 29.4 TOTAL FOR MONTH: 0.66 1 = FOG OR MIST
DPTR FM NORMAL: -0.5 DPTR FM NORMAL: -0.77 2 = FOG REDUCING VISIBILITY
HIGHEST: 64 ON 31 GRTST 24HR 0.40 ON 14-15 TO 1/4 MILE OR LESS
LOWEST: 1 ON 21 3 = THUNDER
SNOW, ICE PELLETS, HAIL 4 = ICE PELLETS
TOTAL MONTH: 4.3 INCHES 5 = HAIL
GRTST 24HR 3.0 ON 15-15 6 = FREEZING RAIN OR DRIZZLE
GRTST DEPTH: 3 ON 16,15 7 = DUSTSTORM OR SANDSTORM:
VSBY 1/2 MILE OR LESS
8 = SMOKE OR HAZE
[NO. OF DAYS WITH] [WEATHER - DAYS WITH] 9 = BLOWING SNOW
X = TORNADO
MAX 32 OR BELOW: 9 0.01 INCH OR MORE: 4
MAX 90 OR ABOVE: 0 0.10 INCH OR MORE: 3
MIN 32 OR BELOW: 27 0.50 INCH OR MORE: 0
MIN 0 OR BELOW: 0 1.00 INCH OR MORE: 0
[HDD (BASE 65) ]
TOTAL THIS MO. 1097 CLEAR (SCALE 0-3) 0
DPTR FM NORMAL 8 PTCLDY (SCALE 4-7) 0
TOTAL FM JUL 1 2455 CLOUDY (SCALE 8-10) 31
DPTR FM NORMAL -545
[CDD (BASE 65) ]
TOTAL THIS MO. 0
DPTR FM NORMAL 0 [PRESSURE DATA]
TOTAL FM JAN 1 0 HIGHEST SLP M ON M
DPTR FM NORMAL 0 LOWEST SLP M ON M
[REMARKS]
#FINAL-01-22#