000
CXUS55 KEAX 010836
CF6EAX
PRELIMINARY LOCAL CLIMATOLOGICAL DATA (WS FORM: F-6)
STATION: PLEASANT HILL NWS MO
MONTH: NOVEMBER
YEAR: 2020
LATITUDE: 38 48 N
LONGITUDE: 94 16 W
TEMPERATURE IN F: :PCPN: SNOW: WIND :SUNSHINE: SKY :PK WND
================================================================================
1 2 3 4 5 6A 6B 7 8 9 10 11 12 13 14 15 16 17 18
12Z AVG MX 2MIN
DY MAX MIN AVG DEP HDD CDD WTR SNW DPTH SPD SPD DIR MIN PSBL S-S WX SPD DR
================================================================================
1 54 34 44 -6 21 0 0.00 0.0 0 M M M M M M M M
2 66 30 48 -2 17 0 0.00 0.0 0 M M M M M M M M
3 73 39 56 6 9 0 0.00 0.0 0 M M M M M M M M
4 71 52 62 13 3 0 0.00 0.0 0 M M M M M M M M
5 73 48 61 12 4 0 0.00 0.0 0 M M M M M M M M
6 73 48 61 13 4 0 0.00 0.0 0 M M M M M M M M
7 72 49 61 13 4 0 0.00 0.0 0 M M M M M M M M
8 76 56 66 18 0 1 0.00 0.0 0 M M M M M M M M
9 75 61 68 21 0 3 0.00 0.0 0 M M M M M M M M
10 66 31 49 2 16 0 0.82 0.0 0 M M M M M M 3 M M
11 55 27 41 -5 24 0 0.00 0.0 0 M M M M M M M M
12 59 31 45 -1 20 0 0.00 0.0 0 M M M M M M M M
13 49 23 36 -9 29 0 0.00 0.0 0 M M M M M M M M
14 65 39 52 7 13 0 0.45 0.0 0 M M M M M M 3 M M
15 54 39 47 3 18 0 0.00 0.0 0 M M M M M M M M
16 66 37 52 8 13 0 0.00 0.0 0 M M M M M M M M
17 58 35 47 4 18 0 0.00 0.0 0 M M M M M M M M
18 67 41 54 11 11 0 0.00 0.0 0 M M M M M M M M
19 72 59 66 24 0 1 0.00 0.0 0 M M M M M M M M
20 59 49 54 12 11 0 T 0.0 0 M M M M M M M M
21 50 41 46 5 19 0 0.07 0.0 0 M M M M M M M M
22 54 37 46 5 19 0 0.00 0.0 0 M M M M M M M M
23 43 30 37 -3 28 0 0.12 T 0 M M M M M M 4 M M
24 52 43 48 8 17 0 0.72 0.0 0 M M M M M M M M
25 50 35 43 4 22 0 0.02 0.0 0 M M M M M M M M
26 56 30 43 4 22 0 0.00 0.0 0 M M M M M M M M
27 52 36 44 6 21 0 0.00 0.0 0 M M M M M M M M
28 56 32 44 6 21 0 0.00 0.0 0 M M M M M M M M
29 46 30 38 0 27 0 0.00 0.0 0 M M M M M M M M
30 40 22 31 -6 34 0 0.00 0.0 0 M M M M M M M M
================================================================================
SM 1802 1164 465 5 2.20 T M M M
================================================================================
AV 60.1 38.8 M FASTST M M M MAX(MPH)
MISC ----> M M M M
================================================================================
NOTES:
# LAST OF SEVERAL OCCURRENCES
COLUMN 17 PEAK WIND IN M.P.H.
PRELIMINARY LOCAL CLIMATOLOGICAL DATA (WS FORM: F-6) , PAGE 2
STATION: PLEASANT HILL NWS MO
MONTH: NOVEMBER
YEAR: 2020
LATITUDE: 38 48 N
LONGITUDE: 94 16 W
[TEMPERATURE DATA] [PRECIPITATION DATA] SYMBOLS USED IN COLUMN 16
AVERAGE MONTHLY: 49.4 TOTAL FOR MONTH: 2.20 1 = FOG OR MIST
DPTR FM NORMAL: 5.5 DPTR FM NORMAL: -0.24 2 = FOG REDUCING VISIBILITY
HIGHEST: 76 ON 8 GRTST 24HR 0.82 ON 10-10 TO 1/4 MILE OR LESS
LOWEST: 22 ON 30 3 = THUNDER
SNOW, ICE PELLETS, HAIL 4 = ICE PELLETS
TOTAL MONTH: T 5 = HAIL
GRTST 24HR T ON 23-23 6 = FREEZING RAIN OR DRIZZLE
GRTST DEPTH: 0 7 = DUSTSTORM OR SANDSTORM:
VSBY 1/2 MILE OR LESS
8 = SMOKE OR HAZE
[NO. OF DAYS WITH] [WEATHER - DAYS WITH] 9 = BLOWING SNOW
X = TORNADO
MAX 32 OR BELOW: 0 0.01 INCH OR MORE: 6
MAX 90 OR ABOVE: 0 0.10 INCH OR MORE: 4
MIN 32 OR BELOW: 10 0.50 INCH OR MORE: 2
MIN 0 OR BELOW: 0 1.00 INCH OR MORE: 0
[HDD (BASE 65) ]
TOTAL THIS MO. 465 CLEAR (SCALE 0-3) 0
DPTR FM NORMAL -167 PTCLDY (SCALE 4-7) 0
TOTAL FM JUL 1 912 CLOUDY (SCALE 8-10) 30
DPTR FM NORMAL -74
[CDD (BASE 65) ]
TOTAL THIS MO. 5
DPTR FM NORMAL 4 [PRESSURE DATA]
TOTAL FM JAN 1 1288 HIGHEST SLP M ON M
DPTR FM NORMAL -10 LOWEST SLP M ON M
[REMARKS]
#FINAL-11-20#