000
CXUS54 KEWX 011010
CF6ECU
PRELIMINARY LOCAL CLIMATOLOGICAL DATA (WS FORM: F-6)
STATION: EDWARDS COUNTY AIRPORT
MONTH: JULY
YEAR: 2021
LATITUDE: 29 57 N
LONGITUDE: 100 10 W
TEMPERATURE IN F: :PCPN: SNOW: WIND :SUNSHINE: SKY :PK WND
================================================================================
1 2 3 4 5 6A 6B 7 8 9 10 11 12 13 14 15 16 17 18
12Z AVG MX 2MIN
DY MAX MIN AVG DEP HDD CDD WTR SNW DPTH SPD SPD DIR MIN PSBL S-S WX SPD DR
================================================================================
1 90 70 80 M 0 15 0.00 M M M M M M M 0 M M
2 93 70 82 M 0 17 0.00 M M M M M M M 0 M M
3 91 72 82 M 0 17 0.29 M M M M M M M 0 M M
4 90 72 81 M 0 16 0.00 M M M M M M M 0 1 M M
5 79 66 73 M 0 8 2.38 M M M M M M M 0 1 M M
6 84 68 76 M 0 11 0.01 M M M M M M M 0 12 M M
7 86 66 76 M 0 11 0.00 M M M M M M M 0 1 M M
8 88 66 77 M 0 12 0.00 M M 7.7 14 80 M M 2 16 0
9 81 70 76 M 0 11 0.66 M M 8.0 13 110 M M 9 13 20 130
10 82 70 76 M 0 11 0.80 M M 11.1 17 170 M M 7 12 26 140
11 86 72 79 M 0 14 0.00 M M 9.1 18 150 M M 7 1 25 160
12 88 73 81 M 0 16 0.00 M M 10.2 17 160 M M 5 22 160
13 88 68 78 M 0 13 0.12 M M 11.6 28 150 M M 6 39 150
14 84 70 77 M 0 12 0.00 M M 12.6 18 160 M M 5 25 160
15 86 72 79 M 0 14 0.00 M M 13.3 20 160 M M 5 25 160
16 88 70 79 M 0 14 0.00 M M 13.3 17 160 M M 5 24 150
17 86 72 79 M 0 14 0.00 M M 10.5 17 140 M M 8 1 27 150
18 88 70 79 M 0 14 0.00 M M 10.4 14 150 M M 3 23 140
19 93 72 83 M 0 18 0.00 M M 6.5 12 50 M M 2 28 30
20 88 70 79 M 0 14 0.00 M M 5.6 12 40 M M 3 17 40
21 88 66 77 M 0 12 0.00 M M 5.1 13 140 M M 2 20 140
22 88 66 77 M 0 12 0.00 M M 10.4 17 140 M M 3 24 150
23 90 72 81 M 0 16 0.00 M M 14.5 18 160 M M 5 24 150
24 91 72 82 M 0 17 0.00 M M 13.6 18 160 M M 3 23 150
25 95 70 83 M 0 18 0.00 M M 10.1 15 150 M M 1 22 150
26 95 70 83 M 0 18 0.00 M M 8.9 13 160 M M 1 16 150
27 95 72 84 M 0 19 0.00 M M 7.0 10 140 M M 2 15 180
28 91 70 81 M 0 16 0.06 M M 5.6 14 130 M M 2 16 140
29 91 70 81 M 0 16 0.00 M M 5.7 13 170 M M 3 22 170
30 91 68 80 M 0 15 0.00 M M 5.8 10 140 M M 1 1 16 140
31 95 72 84 M 0 19 0.00 M M 7.1 17 150 M M 1 23 150
================================================================================
SM 2749 2167 0 450 4.32 M 223.6 M 91
================================================================================
AV 88.7 69.9 9.3 FASTST M M 3 MAX(MPH)
MISC ----> 28 150 39 150
================================================================================
NOTES:
# LAST OF SEVERAL OCCURRENCES
COLUMN 17 PEAK WIND IN M.P.H.
PRELIMINARY LOCAL CLIMATOLOGICAL DATA (WS FORM: F-6) , PAGE 2
STATION: EDWARDS COUNTY AIRPORT
MONTH: JULY
YEAR: 2021
LATITUDE: 29 57 N
LONGITUDE: 100 10 W
[TEMPERATURE DATA] [PRECIPITATION DATA] SYMBOLS USED IN COLUMN 16
AVERAGE MONTHLY: 79.3 TOTAL FOR MONTH: 4.32 1 = FOG OR MIST
DPTR FM NORMAL: 0.0 DPTR FM NORMAL: M 2 = FOG REDUCING VISIBILITY
HIGHEST: 95 ON 31,27 GRTST 24HR 2.38 ON 5- 5 TO 1/4 MILE OR LESS
LOWEST: 66 ON 22,21 3 = THUNDER
SNOW, ICE PELLETS, HAIL 4 = ICE PELLETS
TOTAL MONTH: 0.0 INCH 5 = HAIL
GRTST 24HR M ON M 6 = FREEZING RAIN OR DRIZZLE
GRTST DEPTH: 0 7 = DUSTSTORM OR SANDSTORM:
VSBY 1/2 MILE OR LESS
8 = SMOKE OR HAZE
[NO. OF DAYS WITH] [WEATHER - DAYS WITH] 9 = BLOWING SNOW
X = TORNADO
MAX 32 OR BELOW: 0 0.01 INCH OR MORE: 7
MAX 90 OR ABOVE: 14 0.10 INCH OR MORE: 5
MIN 32 OR BELOW: 0 0.50 INCH OR MORE: 3
MIN 0 OR BELOW: 0 1.00 INCH OR MORE: 1
[HDD (BASE 65) ]
TOTAL THIS MO. 0 CLEAR (SCALE 0-3) 20
DPTR FM NORMAL M PTCLDY (SCALE 4-7) 10
TOTAL FM JUL 1 0 CLOUDY (SCALE 8-10) 1
DPTR FM NORMAL M
[CDD (BASE 65) ]
TOTAL THIS MO. 450
DPTR FM NORMAL M [PRESSURE DATA]
TOTAL FM JAN 1 1208 HIGHEST SLP M ON M
DPTR FM NORMAL M LOWEST SLP M ON M
[REMARKS]
#FINAL-07-21#