000
CXUS55 KVEF 012117
CF6EED
PRELIMINARY LOCAL CLIMATOLOGICAL DATA (WS FORM: F-6)
STATION: NEEDLES CA
MONTH: SEPTEMBER
YEAR: 2022
LATITUDE: 34 46 N
LONGITUDE: 114 37 W
TEMPERATURE IN F: :PCPN: SNOW: WIND :SUNSHINE: SKY :PK WND
================================================================================
1 2 3 4 5 6A 6B 7 8 9 10 11 12 13 14 15 16 17 18
12Z AVG MX 2MIN
DY MAX MIN AVG DEP HDD CDD WTR SNW DPTH SPD SPD DIR MIN PSBL S-S WX SPD DR
================================================================================
1 112 89 101 6 0 36 0.00 M M 6.0 16 210 M M 0 23 190
2 109 92 101 6 0 36 T M M 7.1 31 140 M M 0 44 70
3 110 87 99 5 0 34 0.00 M M 5.6 17 130 M M 1 22 140
4 111 88 100 6 0 35 T M M 3.2 38 330 M M 2 3 50 90
5 112 84 98 4 0 33 0.00 M M 4.3 14 240 M M 1 18 230
6 114 86 100 6 0 35 0.00 M M 6.1 16 130 M M 2 31 160
7 108 90 99 6 0 34 0.00 M M 8.9 20 200 M M 0 27 200
8 103 87 95 2 0 30 T M M 6.7 21 200 M M 0 29 210
9 94 82 88 -5 0 23 0.00 M M 9.7 22 200 M M 1 28 210
10 96 80 88 -4 0 23 0.00 M M 5.4 21 20 M M 2 24 20
11 103 81 92 0 0 27 0.00 M M 7.0 16 270 M M 0 20 260
12 93 75 84 -8 0 19 T M M 3.8 23 160 M M 3 3 32 160
13 96 81 89 -2 0 24 T M M 7.3 22 200 M M 4 28 190
14 96 77 87 -4 0 22 T M M 8.1 17 350 M M 2 8 23 340
15 98 78 88 -2 0 23 0.00 M M 7.3 18 180 M M 0 28 180
16 98 74 86 -4 0 21 0.00 M M 4.7 14 240 M M 0 21 130
17 98 74 86 -4 0 21 0.00 M M 8.6 23 180 M M 0 30 170
18 99 75 87 -2 0 22 0.00 M M 8.8 23 200 M M 0 36 190
19 101 72 87 -2 0 22 0.00 M M 7.3 14 200 M M 0 23 200
20 101 77 89 1 0 24 0.00 M M 7.7 17 190 M M 0 25 140
21 97 82 90 2 0 25 0.00 M M 11.8 24 140 M M 2 31 160
22 100 77 89 1 0 24 0.00 M M 6.7 16 260 M M 2 23 240
23 102 77 90 3 0 25 0.00 M M 6.0 14 220 M M 1 20 190
24 105 80 93 6 0 28 0.00 M M 4.4 12 330 M M 0 17 20
25 106 78 92 6 0 27 0.00 M M 9.7 23 360 M M 0 32 10
26 106 74 90 4 0 25 0.00 M M 4.9 14 360 M M 0 18 360
27 105 78 92 7 0 27 0.00 M M 5.4 18 130 M M 0 26 130
28 104 80 92 7 0 27 0.00 M M 5.0 13 140 M M 0 25 150
29 101 82 92 8 0 27 0.00 M M 5.1 22 200 M M 0 31 200
30 100 80 90 6 0 25 0.00 M M 6.8 18 190 M M 0 26 180
================================================================================
SM 3078 2417 0 804 T M 199.4 M 23
================================================================================
AV102.6 80.6 6.6 FASTST M M 1 MAX(MPH)
MISC ----> 38 330 50 90
================================================================================
NOTES:
# LAST OF SEVERAL OCCURRENCES
COLUMN 17 PEAK WIND IN M.P.H.
PRELIMINARY LOCAL CLIMATOLOGICAL DATA (WS FORM: F-6) , PAGE 2
STATION: NEEDLES CA
MONTH: SEPTEMBER
YEAR: 2022
LATITUDE: 34 46 N
LONGITUDE: 114 37 W
[TEMPERATURE DATA] [PRECIPITATION DATA] SYMBOLS USED IN COLUMN 16
AVERAGE MONTHLY: 91.6 TOTAL FOR MONTH: T 1 = FOG OR MIST
DPTR FM NORMAL: 1.6 DPTR FM NORMAL: -0.34 2 = FOG REDUCING VISIBILITY
HIGHEST: 114 ON 6 GRTST 24HR T ON 2- 2 TO 1/4 MILE OR LESS
LOWEST: 72 ON 19 3 = THUNDER
SNOW, ICE PELLETS, HAIL 4 = ICE PELLETS
TOTAL MONTH: M 5 = HAIL
GRTST 24HR M ON M 6 = FREEZING RAIN OR DRIZZLE
GRTST DEPTH: M ON M 7 = DUSTSTORM OR SANDSTORM:
VSBY 1/2 MILE OR LESS
8 = SMOKE OR HAZE
[NO. OF DAYS WITH] [WEATHER - DAYS WITH] 9 = BLOWING SNOW
X = TORNADO
MAX 32 OR BELOW: 0 0.01 INCH OR MORE: 0
MAX 90 OR ABOVE: 30 0.10 INCH OR MORE: 0
MIN 32 OR BELOW: 0 0.50 INCH OR MORE: 0
MIN 0 OR BELOW: 0 1.00 INCH OR MORE: 0
[HDD (BASE 65) ]
TOTAL THIS MO. 0 CLEAR (SCALE 0-3) 28
DPTR FM NORMAL 0 PTCLDY (SCALE 4-7) 2
TOTAL FM JUL 1 0 CLOUDY (SCALE 8-10) 0
DPTR FM NORMAL 0
[CDD (BASE 65) ]
TOTAL THIS MO. 804
DPTR FM NORMAL 56 [PRESSURE DATA]
TOTAL FM JAN 1 4757 HIGHEST SLP 29.92 ON 24
DPTR FM NORMAL 159 LOWEST SLP 29.50 ON 9
[REMARKS]
#FINAL-09-22#