000
CXUS51 KRLX 011150
CF6EKN
PRELIMINARY LOCAL CLIMATOLOGICAL DATA (WS FORM: F-6)
STATION: ELKINS WV
MONTH: AUGUST
YEAR: 2021
LATITUDE: 38 52 N
LONGITUDE: 79 51 W
TEMPERATURE IN F: :PCPN: SNOW: WIND :SUNSHINE: SKY :PK WND
================================================================================
1 2 3 4 5 6A 6B 7 8 9 10 11 12 13 14 15 16 17 18
12Z AVG MX 2MIN
DY MAX MIN AVG DEP HDD CDD WTR SNW DPTH SPD SPD DIR MIN PSBL S-S WX SPD DR
================================================================================
1 77 61 69 -2 0 4 0.03 0.0 0 2.4 14 290 M M 9 18 20 290
2 76 55 66 -5 0 1 0.00 0.0 0 2.7 12 300 M M 6 18 16 300
3 77 52 65 -6 0 0 T 0.0 0 0.7 8 350 M M 5 128 10 360
4 82 56 69 -2 0 4 0.05 0.0 0 1.3 9 140 M M 6 12 12 140
5 82 56 69 -2 0 4 0.00 0.0 0 2.1 12 310 M M 4 128 16 290
6 86 54 70 -1 0 5 0.00 0.0 0 1.3 9 290 M M 5 128 14 180
7 81 57 69 -2 0 4 0.06 0.0 0 0.9 10 10 M M 1 138 14 10
8 82 59 71 0 0 6 T 0.0 0 0.8 14 360 M M 4 128 20 360
9 90 60 75 4 0 10 0.00 0.0 0 1.6 12 180 M M 5 128 15 180
10 88 67 78 7 0 13 0.02 0.0 0 3.2 17 360 M M 4 13 24 10
11 83 65 74 3 0 9 0.01 0.0 0 3.5 17 250 M M 4 13 22 190
12 92 63 78 7 0 13 0.00 0.0 0 3.9 14 230 M M 2 13 20 280
13 93 66 80 9 0 15 0.05 0.0 0 3.7 17 170 M M 3 13 24 180
14 84 66 75 4 0 10 0.03 0.0 0 3.2 14 280 M M 4 1 17 280
15 78 63 71 1 0 6 0.09 0.0 0 1.2 9 150 M M 7 18 12 150
16 81 66 74 4 0 9 0.82 0.0 0 1.8 18 160 M M 7 123 25 160
17 82 66 74 4 0 9 0.02 0.0 0 1.7 12 160 M M 8 12 16 170
18 75 68 72 2 0 7 0.74 0.0 0 4.9 18 260 M M 9 1 28 260
19 79 67 73 3 0 8 0.52 0.0 0 2.2 10 310 M M 9 1 14 300
20 80 66 73 3 0 8 0.30 0.0 0 2.0 13 300 M M 8 13 16 290
21 85 60 73 3 0 8 0.00 0.0 0 3.1 12 300 M M 4 1 16 310
22 84 59 72 2 0 7 0.00 0.0 0 2.1 13 310 M M 6 128 16 300
23 86 63 75 5 0 10 0.00 0.0 0 2.2 13 290 M M 6 128 18 280
24 89 64 77 7 0 12 0.00 0.0 0 2.3 12 300 M M 2 128 14 300
25 90 60 75 5 0 10 T 0.0 0 2.3 18 310 M M 3 128 23 310
26 88 61 75 6 0 10 0.32 0.0 0 1.2 17 280 M M 4 1238 22 280
27 86 66 76 7 0 11 0.02 0.0 0 2.0 12 280 M M 5 12 16 280
28 89 64 77 8 0 12 0.01 0.0 0 1.3 12 240 M M 5 123 16 280
29 90 63 77 8 0 12 T 0.0 0 1.9 14 320 M M 3 12 18 330
30 85 65 75 6 0 10 0.04 0.0 0 3.4 17 190 M M 6 3 24 210
31 78 64 71 3 0 6 0.60 0.0 0 1.2 7 210 M M 9 1 9 220
================================================================================
SM 2598 1922 0 253 3.73 0.0 68.1 M 163
================================================================================
AV 83.8 62.0 2.2 FASTST M M 5 MAX(MPH)
MISC ----> # 18 160 28 260
================================================================================
NOTES:
# LAST OF SEVERAL OCCURRENCES
COLUMN 17 PEAK WIND IN M.P.H.
PRELIMINARY LOCAL CLIMATOLOGICAL DATA (WS FORM: F-6) , PAGE 2
STATION: ELKINS WV
MONTH: AUGUST
YEAR: 2021
LATITUDE: 38 52 N
LONGITUDE: 79 51 W
[TEMPERATURE DATA] [PRECIPITATION DATA] SYMBOLS USED IN COLUMN 16
AVERAGE MONTHLY: 72.9 TOTAL FOR MONTH: 3.73 1 = FOG OR MIST
DPTR FM NORMAL: 2.7 DPTR FM NORMAL: -0.14 2 = FOG REDUCING VISIBILITY
HIGHEST: 93 ON 13 GRTST 24HR 1.23 ON 18-19 TO 1/4 MILE OR LESS
LOWEST: 52 ON 3 3 = THUNDER
SNOW, ICE PELLETS, HAIL 4 = ICE PELLETS
TOTAL MONTH: 0.0 INCH 5 = HAIL
GRTST 24HR 0.0 6 = FREEZING RAIN OR DRIZZLE
GRTST DEPTH: 0 7 = DUSTSTORM OR SANDSTORM:
VSBY 1/2 MILE OR LESS
8 = SMOKE OR HAZE
[NO. OF DAYS WITH] [WEATHER - DAYS WITH] 9 = BLOWING SNOW
X = TORNADO
MAX 32 OR BELOW: 0 0.01 INCH OR MORE: 18
MAX 90 OR ABOVE: 5 0.10 INCH OR MORE: 6
MIN 32 OR BELOW: 0 0.50 INCH OR MORE: 4
MIN 0 OR BELOW: 0 1.00 INCH OR MORE: 0
[HDD (BASE 65) ]
TOTAL THIS MO. 0 CLEAR (SCALE 0-3) 6
DPTR FM NORMAL -10 PTCLDY (SCALE 4-7) 21
TOTAL FM JUL 1 3 CLOUDY (SCALE 8-10) 4
DPTR FM NORMAL -6
[CDD (BASE 65) ]
TOTAL THIS MO. 253
DPTR FM NORMAL 81 [PRESSURE DATA]
TOTAL FM JAN 1 635 HIGHEST SLP 30.29 ON 28
DPTR FM NORMAL 93 LOWEST SLP 29.77 ON 31
[REMARKS]
#FINAL-08-21#