000
CXUS54 KEWX 011010
CF6ERV
PRELIMINARY LOCAL CLIMATOLOGICAL DATA (WS FORM: F-6)
STATION: KERRVILLE
MONTH: JANUARY
YEAR: 2021
LATITUDE: 29 58 N
LONGITUDE: 99 5 W
TEMPERATURE IN F: :PCPN: SNOW: WIND :SUNSHINE: SKY :PK WND
================================================================================
1 2 3 4 5 6A 6B 7 8 9 10 11 12 13 14 15 16 17 18
12Z AVG MX 2MIN
DY MAX MIN AVG DEP HDD CDD WTR SNW DPTH SPD SPD DIR MIN PSBL S-S WX SPD DR
================================================================================
1 51 33 42 M 23 0 M M M 10.6 17 320 M M 4 25 320
2 61 27 44 M 21 0 M M M 4.7 12 290 M M 0 18 280
3 72 24 48 M 17 0 M M M 4.5 15 220 M M 0 20 210
4 76 29 53 M 12 0 M M M 3.3 9 340 M M 0 M M
5 67 31 49 M 16 0 M M M 4.3 15 160 M M 4 1 21 150
6 65 42 54 M 11 0 M M M 10.3 22 310 M M 5 1 33 310
7 61 31 46 M 19 0 M M M 6.4 18 340 M M 0 23 320
8 56 25 41 M 24 0 M M M 3.6 10 40 M M 0 M M
9 51 24 38 M 27 0 M M M 4.0 12 100 M M 5 16 110
10 43 33 38 M 27 0 0.20 M M 9.0 16 350 M M 10 22 350
11 42 28 35 M 30 0 M M M 7.9 13 330 M M 9 20 340
12 54 22 38 M 27 0 M M M 2.1 5 140 M M 0 M M
13 66 21 44 M 21 0 M M M 3.3 10 240 M M 0 16 270
14 65 26 46 M 19 0 M M M 7.3 24 360 M M 0 35 360
15 57 26 42 M 23 0 M M M 7.5 20 320 M M 0 25 310
16 66 23 45 M 20 0 M M M 2.8 13 160 M M 0 20 160
17 69 26 48 M 17 0 M M M 1.2 6 230 M M 0 M M
18 72 31 52 M 13 0 M M M 5.7 18 180 M M 5 1 25 190
19 62 42 52 M 13 0 0.07 M M 7.2 14 350 M M 10 1 20 10
20 49 41 45 M 20 0 0.21 M M 3.1 7 60 M M 10 1 M M
21 63 46 55 M 10 0 M M M 0.0 M M M M 6 1 M M
22 76 49 63 M 2 0 0.05 M M 4.9 13 300 M M 6 1 17 300
23 61 51 56 M 9 0 0.01 M M 4.0 8 130 M M 10 1 M M
24 67 56 62 M 3 0 0.03 M M 6.8 17 150 M M 10 12 25 150
25 72 38 55 M 10 0 M M M 8.0 16 170 M M 2 1 24 170
26 76 33 55 M 10 0 M M M 4.1 22 330 M M 1 31 330
27 63 36 50 M 15 0 M M M 8.4 22 340 M M 2 31 340
28 61 29 45 M 20 0 0.00 M M 3.8 10 80 M M 0 M M
29 66 32 49 M 16 0 0.00 0.0 M 7.0 17 150 M M 6 25 170
30 77 46 62 M 3 0 0.00 M M 9.7 17 160 M M 5 1 25 160
31 69 36 53 M 12 0 0.00 M M 6.8 17 360 M M 1 24 340
================================================================================
SM 1956 1037 510 0 0.57 0.0 172.2 M 111
================================================================================
AV 63.1 33.5 5.6 FASTST M M 4 MAX(MPH)
MISC ----> 24 360 35 360
================================================================================
NOTES:
# LAST OF SEVERAL OCCURRENCES
COLUMN 17 PEAK WIND IN M.P.H.
PRELIMINARY LOCAL CLIMATOLOGICAL DATA (WS FORM: F-6) , PAGE 2
STATION: KERRVILLE
MONTH: JANUARY
YEAR: 2021
LATITUDE: 29 58 N
LONGITUDE: 99 5 W
[TEMPERATURE DATA] [PRECIPITATION DATA] SYMBOLS USED IN COLUMN 16
AVERAGE MONTHLY: 48.3 TOTAL FOR MONTH: 0.57 1 = FOG OR MIST
DPTR FM NORMAL: 0.0 DPTR FM NORMAL: M 2 = FOG REDUCING VISIBILITY
HIGHEST: 77 ON 30 GRTST 24HR 0.83 ON 9-10 TO 1/4 MILE OR LESS
LOWEST: 21 ON 13 3 = THUNDER
SNOW, ICE PELLETS, HAIL 4 = ICE PELLETS
TOTAL MONTH: 0.0 INCH 5 = HAIL
GRTST 24HR 0.0 6 = FREEZING RAIN OR DRIZZLE
GRTST DEPTH: M ON M 7 = DUSTSTORM OR SANDSTORM:
VSBY 1/2 MILE OR LESS
8 = SMOKE OR HAZE
[NO. OF DAYS WITH] [WEATHER - DAYS WITH] 9 = BLOWING SNOW
X = TORNADO
MAX 32 OR BELOW: 0 0.01 INCH OR MORE: 6
MAX 90 OR ABOVE: 0 0.10 INCH OR MORE: 2
MIN 32 OR BELOW: 17 0.50 INCH OR MORE: 0
MIN 0 OR BELOW: 0 1.00 INCH OR MORE: 0
[HDD (BASE 65) ]
TOTAL THIS MO. 510 CLEAR (SCALE 0-3) 16
DPTR FM NORMAL M PTCLDY (SCALE 4-7) 9
TOTAL FM JUL 1 1245 CLOUDY (SCALE 8-10) 6
DPTR FM NORMAL M
[CDD (BASE 65) ]
TOTAL THIS MO. 0
DPTR FM NORMAL M [PRESSURE DATA]
TOTAL FM JAN 1 0 HIGHEST SLP M ON M
DPTR FM NORMAL M LOWEST SLP M ON M
[REMARKS]
#FINAL-01-21#