000
CXUS56 KPQR 011155
CF6EUG
PRELIMINARY LOCAL CLIMATOLOGICAL DATA (WS FORM: F-6)
STATION: EUGENE OR
MONTH: OCTOBER
YEAR: 2022
LATITUDE: 44 7 N
LONGITUDE: 123 13 W
TEMPERATURE IN F: :PCPN: SNOW: WIND :SUNSHINE: SKY :PK WND
================================================================================
1 2 3 4 5 6A 6B 7 8 9 10 11 12 13 14 15 16 17 18
12Z AVG MX 2MIN
DY MAX MIN AVG DEP HDD CDD WTR SNW DPTH SPD SPD DIR MIN PSBL S-S WX SPD DR
================================================================================
1 87 45 66 8 0 1 0.00 0.0 0 6.0 18 360 M M 3 12 21 360
2 87 47 67 9 0 2 0.00 0.0 0 5.4 15 230 M M 0 19 240
3 80 52 66 8 0 1 0.00 0.0 0 5.8 15 230 M M 5 18 18 220
4 73 51 62 5 3 0 0.00 0.0 0 4.4 10 230 M M 7 1 12 230
5 70 49 60 3 5 0 0.00 0.0 0 5.2 12 360 M M 6 18 14 360
6 71 47 59 2 6 0 0.00 0.0 0 2.1 8 170 M M 7 128 9 200
7 76 47 62 6 3 0 0.00 0.0 0 2.5 8 20 M M 5 128 10 40
8 82 47 65 9 0 0 0.00 0.0 0 2.4 12 20 M M 4 128 14 30
9 83 44 64 8 1 0 0.00 0.0 0 2.7 10 10 M M 1 128 15 30
10 83 45 64 9 1 0 0.00 0.0 0 3.9 10 10 M M 4 18 13 10
11 74 47 61 6 4 0 0.00 0.0 0 8.2 18 10 M M 5 23 10
12 79 39 59 5 6 0 0.00 0.0 0 2.9 12 10 M M 1 18 13 20
13 81 42 62 8 3 0 0.00 0.0 0 2.9 12 10 M M 1 18 14 20
14 82 41 62 8 3 0 0.00 0.0 0 3.9 15 360 M M 1 18 19 360
15 86 39 63 9 2 0 0.00 0.0 0 4.0 9 10 M M 1 18 12 20
16 70 47 59 6 6 0 0.00 0.0 0 8.0 18 240 M M 3 21 250
17 74 46 60 7 5 0 0.00 0.0 0 1.6 8 350 M M 6 1 13 360
18 74 41 58 6 7 0 0.00 0.0 0 3.0 12 10 M M 4 128 15 20
19 75 39 57 5 8 0 0.00 0.0 0 2.5 12 360 M M 4 128 12 360
20 75 43 59 7 6 0 0.00 0.0 0 2.2 10 350 M M 5 128 11 330
21 65 45 55 3 10 0 T 0.0 0 7.8 18 240 M M 9 12 22 230
22 59 45 52 1 13 0 0.21 0.0 0 7.9 21 270 M M 8 1 26 270
23 62 38 50 -1 15 0 0.01 0.0 0 4.4 10 150 M M 6 1 12 150
24 59 41 50 -1 15 0 0.04 0.0 0 9.9 24 180 M M 8 1 29 170
25 59 40 50 0 15 0 0.43 0.0 0 8.1 17 250 M M 8 1 26 200
26 58 40 49 -1 16 0 0.10 0.0 0 7.7 13 50 M M 6 1 16 230
27 63 35 49 -1 16 0 0.00 0.0 0 5.3 9 130 M M 4 1 12 130
28 61 41 51 1 14 0 0.03 0.0 0 5.4 13 140 M M 7 14 140
29 69 45 57 7 8 0 T 0.0 0 3.9 10 150 M M 7 128 11 150
30 64 51 58 9 7 0 T 0.0 0 3.9 9 210 M M 9 1 14 200
31 59 49 54 5 11 0 0.81 0.0 0 6.7 13 180 M M 9 18 14 200
================================================================================
SM 2240 1368 209 4 1.63 0.0 150.6 M 154
================================================================================
AV 72.3 44.1 4.9 FASTST M M 5 MAX(MPH)
MISC ----> 24 180 29 170
================================================================================
NOTES:
# LAST OF SEVERAL OCCURRENCES
COLUMN 17 PEAK WIND IN M.P.H.
PRELIMINARY LOCAL CLIMATOLOGICAL DATA (WS FORM: F-6) , PAGE 2
STATION: EUGENE OR
MONTH: OCTOBER
YEAR: 2022
LATITUDE: 44 7 N
LONGITUDE: 123 13 W
[TEMPERATURE DATA] [PRECIPITATION DATA] SYMBOLS USED IN COLUMN 16
AVERAGE MONTHLY: 58.2 TOTAL FOR MONTH: 1.63 1 = FOG OR MIST
DPTR FM NORMAL: 4.8 DPTR FM NORMAL: -1.54 2 = FOG REDUCING VISIBILITY
HIGHEST: 87 ON 2, 1 GRTST 24HR 0.81 ON 31-31 TO 1/4 MILE OR LESS
LOWEST: 35 ON 27 3 = THUNDER
SNOW, ICE PELLETS, HAIL 4 = ICE PELLETS
TOTAL MONTH: 0.0 INCH 5 = HAIL
GRTST 24HR 0.0 6 = FREEZING RAIN OR DRIZZLE
GRTST DEPTH: 0 7 = DUSTSTORM OR SANDSTORM:
VSBY 1/2 MILE OR LESS
8 = SMOKE OR HAZE
[NO. OF DAYS WITH] [WEATHER - DAYS WITH] 9 = BLOWING SNOW
X = TORNADO
MAX 32 OR BELOW: 0 0.01 INCH OR MORE: 7
MAX 90 OR ABOVE: 0 0.10 INCH OR MORE: 4
MIN 32 OR BELOW: 0 0.50 INCH OR MORE: 1
MIN 0 OR BELOW: 0 1.00 INCH OR MORE: 0
[HDD (BASE 65) ]
TOTAL THIS MO. 209 CLEAR (SCALE 0-3) 7
DPTR FM NORMAL -153 PTCLDY (SCALE 4-7) 21
TOTAL FM JUL 1 249 CLOUDY (SCALE 8-10) 3
DPTR FM NORMAL -262
[CDD (BASE 65) ]
TOTAL THIS MO. 4
DPTR FM NORMAL 3 [PRESSURE DATA]
TOTAL FM JAN 1 514 HIGHEST SLP 30.31 ON 29
DPTR FM NORMAL 221 LOWEST SLP 29.69 ON 21
[REMARKS]
#FINAL-10-22#