000
CXUS53 KPAH 010800
CF6EVV
PRELIMINARY LOCAL CLIMATOLOGICAL DATA (WS FORM: F-6)
STATION: EVANSVILLE IN
MONTH: FEBRUARY
YEAR: 2022
LATITUDE: 38 2 N
LONGITUDE: 87 32 W
TEMPERATURE IN F: :PCPN: SNOW: WIND :SUNSHINE: SKY :PK WND
================================================================================
1 2 3 4 5 6A 6B 7 8 9 10 11 12 13 14 15 16 17 18
12Z AVG MX 2MIN
DY MAX MIN AVG DEP HDD CDD WTR SNW DPTH SPD SPD DIR MIN PSBL S-S WX SPD DR
================================================================================
1 64 32 48 14 17 0 0.00 0.0 0 6.5 20 220 M M 2 28 220
2 55 30 43 9 22 0 1.36 0.0 0 7.1 17 360 M M 10 16 26 360
3 30 22 26 -9 39 0 0.89 1.5 0 12.4 21 20 M M 10 146 33 20
4 25 18 22 -13 43 0 0.01 T 2 7.3 15 350 M M 7 18 21 350
5 23 10 17 -18 48 0 0.00 0.0 1 4.2 12 360 M M 0 1 16 330
6 38 15 27 -8 38 0 0.00 0.0 1 3.6 13 210 M M 0 18 16 210
7 34 23 29 -7 36 0 0.00 0.0 T 4.2 14 320 M M 1 20 330
8 49 21 35 -1 30 0 0.00 0.0 T 6.9 16 210 M M 0 21 230
9 52 33 43 7 22 0 0.00 0.0 0 7.0 16 260 M M 3 22 270
10 48 30 39 3 26 0 0.00 0.0 0 5.6 17 260 M M 0 25 260
11 56 31 44 8 21 0 0.06 0.0 0 8.5 22 250 M M 6 1 30 250
12 38 20 29 -8 36 0 T T 0 9.0 17 320 M M 9 8 25 340
13 34 14 24 -13 41 0 0.00 0.0 0 5.5 18 350 M M 4 26 340
14 38 17 28 -9 37 0 0.00 0.0 0 3.6 10 170 M M 1 15 170
15 62 24 43 5 22 0 0.00 0.0 0 6.7 16 180 M M 0 26 180
16 65 48 57 19 8 0 0.00 0.0 0 13.3 25 200 M M 5 36 210
17 63 26 45 7 20 0 2.25 T 0 11.6 25 330 M M 9 1 45 320
18 36 20 28 -10 37 0 0.00 0.0 0 8.6 18 340 M M 3 29 330
19 34 23 29 -10 36 0 0.00 0.0 0 7.3 18 330 M M 0 28 340
20 61 25 43 4 22 0 0.00 0.0 0 8.8 22 200 M M 0 35 220
21 66 39 53 14 12 0 T 0.0 0 9.4 22 170 M M 5 33 180
22 62 34 48 8 17 0 1.21 0.0 0 13.1 22 210 M M 10 13 32 210
23 34 25 30 -10 35 0 0.08 0.1 0 10.3 17 50 M M 10 16 26 330
24 33 28 31 -9 34 0 1.43 0.0 T 6.6 15 280 M M 10 13 23 280
25 33 27 30 -10 35 0 T T 0 8.3 17 290 M M 10 8 29 310
26 40 24 32 -9 33 0 0.00 0.0 0 4.1 10 10 M M 1 14 80
27 49 23 36 -5 29 0 0.00 0.0 0 3.9 12 310 M M 1 1 18 300
28 55 25 40 -1 25 0 0.00 0.0 0 5.3 15 220 M M 0 19 260
================================================================================
SM 1277 707 821 0 7.29 1.6 208.7 M 117
================================================================================
AV 45.6 25.3 7.5 FASTST M M 4 MAX(MPH)
MISC ----> # 25 200 45 320
================================================================================
NOTES:
# LAST OF SEVERAL OCCURRENCES
COLUMN 17 PEAK WIND IN M.P.H.
PRELIMINARY LOCAL CLIMATOLOGICAL DATA (WS FORM: F-6) , PAGE 2
STATION: EVANSVILLE IN
MONTH: FEBRUARY
YEAR: 2022
LATITUDE: 38 2 N
LONGITUDE: 87 32 W
[TEMPERATURE DATA] [PRECIPITATION DATA] SYMBOLS USED IN COLUMN 16
AVERAGE MONTHLY: 35.4 TOTAL FOR MONTH: 7.29 1 = FOG OR MIST
DPTR FM NORMAL: -2.2 DPTR FM NORMAL: 4.07 2 = FOG REDUCING VISIBILITY
HIGHEST: 66 ON 21 GRTST 24HR 2.25 ON 17-17 TO 1/4 MILE OR LESS
LOWEST: 10 ON 5 3 = THUNDER
SNOW, ICE PELLETS, HAIL 4 = ICE PELLETS
TOTAL MONTH: 1.6 INCHES 5 = HAIL
GRTST 24HR 1.5 ON 3- 3 6 = FREEZING RAIN OR DRIZZLE
GRTST DEPTH: 2 ON 4 7 = DUSTSTORM OR SANDSTORM:
VSBY 1/2 MILE OR LESS
8 = SMOKE OR HAZE
[NO. OF DAYS WITH] [WEATHER - DAYS WITH] 9 = BLOWING SNOW
X = TORNADO
MAX 32 OR BELOW: 3 0.01 INCH OR MORE: 8
MAX 90 OR ABOVE: 0 0.10 INCH OR MORE: 5
MIN 32 OR BELOW: 24 0.50 INCH OR MORE: 5
MIN 0 OR BELOW: 0 1.00 INCH OR MORE: 4
[HDD (BASE 65) ]
TOTAL THIS MO. 821 CLEAR (SCALE 0-3) 15
DPTR FM NORMAL 52 PTCLDY (SCALE 4-7) 5
TOTAL FM JUL 1 3300 CLOUDY (SCALE 8-10) 8
DPTR FM NORMAL -126
[CDD (BASE 65) ]
TOTAL THIS MO. 0
DPTR FM NORMAL 0 [PRESSURE DATA]
TOTAL FM JAN 1 0 HIGHEST SLP M ON M
DPTR FM NORMAL 0 LOWEST SLP 29.51 ON 17
[REMARKS]
#FINAL-02-22#