000
CXUS56 KSLC 010734
CF6EVW
PRELIMINARY LOCAL CLIMATOLOGICAL DATA (WS FORM: F-6)
STATION: EVANSTON WY
MONTH: SEPTEMBER
YEAR: 2022
LATITUDE: 41 16 N
LONGITUDE: 111 2 W
TEMPERATURE IN F: :PCPN: SNOW: WIND :SUNSHINE: SKY :PK WND
================================================================================
1 2 3 4 5 6A 6B 7 8 9 10 11 12 13 14 15 16 17 18
12Z AVG MX 2MIN
DY MAX MIN AVG DEP HDD CDD WTR SNW DPTH SPD SPD DIR MIN PSBL S-S WX SPD DR
================================================================================
1 89 59 74 12 0 9 0.01 0.0 0 7.9 21 300 M M 1 30 280
2 88 51 70 9 0 5 0.00 0.0 0 4.6 13 10 M M 0 18 20
3 91 53 72 11 0 7 0.00 M M 6.9 16 270 M M 0 22 250
4 92 59 76 16 0 11 0.00 M M 7.9 18 350 M M 0 25 340
5 91 60 76 16 0 11 0.00 M M 7.8 22 350 M M 0 30 310
6 92 62 77 17 0 12 0.00 M M 6.1 20 20 M M 0 32 30
7 94 60 77 17 0 12 0.00 M M 8.9 23 260 M M 0 31 220
8 86 58 72 13 0 7 0.00 M M 11.2 33 280 M M 1 43 280
9 76 44 60 1 5 0 0.00 M M 8.8 21 80 M M 1 29 80
10 73 38 56 -2 9 0 0.00 M M 9.2 17 90 M M 0 25 80
11 82 45 64 6 1 0 0.00 M M 7.2 18 240 M M 0 24 250
12 83 45 64 6 1 0 0.00 M M 6.9 16 240 M M 0 27 260
13 66 52 59 1 6 0 0.25 M M 6.5 24 230 M M 7 1 32 200
14 65 49 57 0 8 0 0.09 M M 8.7 20 270 M M 8 1 24 260
15 66 46 56 -1 9 0 0.09 M M 8.8 26 180 M M 5 1 37 190
16 66 45 56 0 9 0 0.02 M M 9.6 22 240 M M 5 1 33 210
17 64 41 53 -3 12 0 T 0.0 0 8.1 21 340 M M 3 29 350
18 76 44 60 4 5 0 0.00 0.0 0 13.4 30 230 M M 1 44 230
19 78 49 64 9 1 0 0.00 0.0 0 10.4 29 230 M M 0 40 240
20 79 52 66 11 0 1 0.01 0.0 0 11.6 30 240 M M 3 42 230
21 74 49 62 8 3 0 0.00 M M 8.3 30 180 M M 2 3 42 180
22 66 42 54 0 11 0 0.00 M M 14.9 36 250 M M 1 46 250
23 68 35 52 -2 13 0 0.00 M M 9.0 20 250 M M 0 29 270
24 74 37 56 3 9 0 0.00 M M 7.2 17 320 M M 0 22 340
25 75 41 58 5 7 0 0.00 M M 5.5 14 340 M M 0 20 350
26 78 46 62 10 3 0 0.00 M M 4.0 13 60 M M 1 23 40
27 77 47 62 10 3 0 0.00 M M 8.5 21 280 M M 0 30 310
28 76 50 63 12 2 0 T M M 11.2 31 180 M M 4 41 180
29 75 47 61 10 4 0 0.14 M M 11.8 30 230 M M 5 3 40 240
30 61 39 50 -1 15 0 0.06 M M 10.9 26 330 M M 2 13 36 320
================================================================================
SM 2321 1445 136 75 0.67 0.0 261.8 M 50
================================================================================
AV 77.4 48.2 8.7 FASTST M M 2 MAX(MPH)
MISC ----> 36 250 46 250
================================================================================
NOTES:
# LAST OF SEVERAL OCCURRENCES
COLUMN 17 PEAK WIND IN M.P.H.
PRELIMINARY LOCAL CLIMATOLOGICAL DATA (WS FORM: F-6) , PAGE 2
STATION: EVANSTON WY
MONTH: SEPTEMBER
YEAR: 2022
LATITUDE: 41 16 N
LONGITUDE: 111 2 W
[TEMPERATURE DATA] [PRECIPITATION DATA] SYMBOLS USED IN COLUMN 16
AVERAGE MONTHLY: 62.8 TOTAL FOR MONTH: 0.67 1 = FOG OR MIST
DPTR FM NORMAL: 6.5 DPTR FM NORMAL: -0.34 2 = FOG REDUCING VISIBILITY
HIGHEST: 94 ON 7 GRTST 24HR 0.34 ON 13-14 TO 1/4 MILE OR LESS
LOWEST: 35 ON 23 3 = THUNDER
SNOW, ICE PELLETS, HAIL 4 = ICE PELLETS
TOTAL MONTH: 0.0 INCH 5 = HAIL
GRTST 24HR 0.0 6 = FREEZING RAIN OR DRIZZLE
GRTST DEPTH: 0 7 = DUSTSTORM OR SANDSTORM:
VSBY 1/2 MILE OR LESS
8 = SMOKE OR HAZE
[NO. OF DAYS WITH] [WEATHER - DAYS WITH] 9 = BLOWING SNOW
X = TORNADO
MAX 32 OR BELOW: 0 0.01 INCH OR MORE: 8
MAX 90 OR ABOVE: 5 0.10 INCH OR MORE: 2
MIN 32 OR BELOW: 0 0.50 INCH OR MORE: 0
MIN 0 OR BELOW: 0 1.00 INCH OR MORE: 0
[HDD (BASE 65) ]
TOTAL THIS MO. 136 CLEAR (SCALE 0-3) 24
DPTR FM NORMAL -132 PTCLDY (SCALE 4-7) 5
TOTAL FM JUL 1 140 CLOUDY (SCALE 8-10) 1
DPTR FM NORMAL -212
[CDD (BASE 65) ]
TOTAL THIS MO. 75
DPTR FM NORMAL 67 [PRESSURE DATA]
TOTAL FM JAN 1 429 HIGHEST SLP M ON M
DPTR FM NORMAL 224 LOWEST SLP 29.75 ON 8
[REMARKS]
#FINAL-09-22#