000
CXUS53 KIND 010600
CF6EYE
PRELIMINARY LOCAL CLIMATOLOGICAL DATA (WS FORM: F-6)
STATION: INDIANAPOLIS EAGLE CREEK IN
MONTH: AUGUST
YEAR: 2020
LATITUDE: 39 49 N
LONGITUDE: 86 18 W
TEMPERATURE IN F: :PCPN: SNOW: WIND :SUNSHINE: SKY :PK WND
================================================================================
1 2 3 4 5 6A 6B 7 8 9 10 11 12 13 14 15 16 17 18
12Z AVG MX 2MIN
DY MAX MIN AVG DEP HDD CDD WTR SNW DPTH SPD SPD DIR MIN PSBL S-S WX SPD DR
================================================================================
1 74 66 70 -5 0 5 0.04 M M 6.7 15 310 M M 10 1 20 300
2 82 62 72 -3 0 7 0.04 M M 9.2 17 310 M M 7 26 310
3 79 63 71 -4 0 6 0.39 M M 3.0 20 320 M M 5 13 26 330
4 76 61 69 -5 0 4 0.00 M M 8.3 17 310 M M 7 24 310
5 75 54 65 -9 0 0 0.00 M M 4.0 10 320 M M 3 15 340
6 79 57 68 -6 0 3 0.00 M M 3.9 13 330 M M 3 18 340
7 81 60 71 -3 0 6 0.00 M M 3.6 10 30 M M 1 17 10
8 85 57 71 -3 0 6 0.00 M M 1.9 8 150 M M 0 1 12 200
9 88 65 77 3 0 12 0.00 M M 4.3 13 190 M M 1 23 200
10 88 69 79 5 0 14 1.91 M M 6.7 32 340 M M 5 13 50 340
11 83 67 75 1 0 10 0.00 M M 4.9 10 330 M M 3 17 350
12 86 67 77 3 0 12 0.00 M M 2.9 9 70 M M 3 12 40
13 84 67 76 2 0 11 0.00 M M 4.7 10 330 M M 1 14 340
14 86 70 78 4 0 13 0.00 M M 2.4 9 330 M M 0 15 320
15 87 66 77 3 0 12 0.00 M M 3.9 9 310 M M 0 1 12 310
16 83 67 75 1 0 10 0.00 M M 8.4 17 320 M M 3 1 24 320
17 85 65 75 1 0 10 0.37 M M 4.7 26 320 M M 2 1 37 310
18 80 62 71 -3 0 6 0.61 M M 7.1 16 360 M M 5 1 21 60
19 80 58 69 -5 0 4 0.00 M M 4.6 16 340 M M 0 25 340
20 81 58 70 -4 0 5 0.00 M M 1.6 10 100 M M 0 15 120
21 85 59 72 -2 0 7 0.00 M M 2.5 9 340 M M 0 13 110
22 86 61 74 0 0 9 0.00 M M 2.3 9 330 M M 0 1 14 330
23 87 65 76 2 0 11 0.00 M M 2.4 10 250 M M 0 1 16 250
24 90 71 81 7 0 16 0.00 M M 5.9 13 280 M M 2 20 250
25 91 74 83 9 0 18 0.00 M M 4.6 12 290 M M 1 3 17 320
26 90 71 81 7 0 16 0.00 M M 4.6 12 220 M M 1 1 19 250
27 84 73 79 6 0 14 T M M 5.4 10 210 M M 2 19 240
28 86 74 80 7 0 15 0.03 M M 4.3 15 190 M M 3 28 190
29 84 65 75 2 0 10 T M M 9.2 18 300 M M 3 28 300
30 78 57 68 -5 0 3 0.00 M M 3.1 10 70 M M 1 1 15 100
31 83 60 72 -1 0 7 0.00 M M 3.3 9 130 M M 5 15 130
================================================================================
SM 2586 1991 0 282 3.39 M 144.4 M 77
================================================================================
AV 83.4 64.2 4.7 FASTST M M 2 MAX(MPH)
MISC ----> 32 340 50 340
================================================================================
NOTES:
# LAST OF SEVERAL OCCURRENCES
COLUMN 17 PEAK WIND IN M.P.H.
PRELIMINARY LOCAL CLIMATOLOGICAL DATA (WS FORM: F-6) , PAGE 2
STATION: INDIANAPOLIS EAGLE CREEK IN
MONTH: AUGUST
YEAR: 2020
LATITUDE: 39 49 N
LONGITUDE: 86 18 W
[TEMPERATURE DATA] [PRECIPITATION DATA] SYMBOLS USED IN COLUMN 16
AVERAGE MONTHLY: 73.8 TOTAL FOR MONTH: 3.39 1 = FOG OR MIST
DPTR FM NORMAL: -0.3 DPTR FM NORMAL: 0.20 2 = FOG REDUCING VISIBILITY
HIGHEST: 91 ON 25 GRTST 24HR 1.91 ON 10-10 TO 1/4 MILE OR LESS
LOWEST: 54 ON 5 3 = THUNDER
SNOW, ICE PELLETS, HAIL 4 = ICE PELLETS
TOTAL MONTH: M 5 = HAIL
GRTST 24HR M ON M 6 = FREEZING RAIN OR DRIZZLE
GRTST DEPTH: M ON M 7 = DUSTSTORM OR SANDSTORM:
VSBY 1/2 MILE OR LESS
8 = SMOKE OR HAZE
[NO. OF DAYS WITH] [WEATHER - DAYS WITH] 9 = BLOWING SNOW
X = TORNADO
MAX 32 OR BELOW: 0 0.01 INCH OR MORE: 7
MAX 90 OR ABOVE: 3 0.10 INCH OR MORE: 4
MIN 32 OR BELOW: 0 0.50 INCH OR MORE: 2
MIN 0 OR BELOW: 0 1.00 INCH OR MORE: 1
[HDD (BASE 65) ]
TOTAL THIS MO. 0 CLEAR (SCALE 0-3) 22
DPTR FM NORMAL -2 PTCLDY (SCALE 4-7) 8
TOTAL FM JUL 1 0 CLOUDY (SCALE 8-10) 1
DPTR FM NORMAL -1
[CDD (BASE 65) ]
TOTAL THIS MO. 282
DPTR FM NORMAL -2 [PRESSURE DATA]
TOTAL FM JAN 1 1045 HIGHEST SLP M ON M
DPTR FM NORMAL 125 LOWEST SLP 29.63 ON 29
[REMARKS]
#FINAL-08-20#