000
CXUS56 KHNX 021441
CLMFAT
CLIMATE REPORT
NATIONAL WEATHER SERVICE
741 AM PDT SAT SEP 02 2023
...................................
...THE FRESNO CA CLIMATE SUMMARY FOR THE MONTH OF AUGUST 2023...
CLIMATE NORMAL PERIOD 1991 TO 2020
CLIMATE RECORD PERIOD 1887 TO 2023
WEATHER OBSERVED NORMAL DEPART LAST YEAR`S
VALUE DATE(S) VALUE FROM VALUE DATE(S)
NORMAL
................................................................
TEMPERATURE (F)
RECORD
HIGH 113 08/08/1908
08/11/1898
LOW 31 08/02/2021
HIGHEST 108 08/15 MM 107 08/16
08/19
08/20
LOWEST 63 08/03 MM 67 08/10
08/04
08/13
MEAN 83.8 82.2 1.6 86.7
DAYS MAX >= 90 29 28.8 0.2 31
DAYS MIN <= 32 0 0.0 0.0 0
PRECIPITATION (INCHES)
RECORD
MAXIMUM 0.25 1964
MINIMUM 0.00
TOTALS 0.19 0.00 0.19
DAYS >= .01 4 0.1 3.9 1
DAYS >= .10 1 0.0 1.0 0
DAYS >= .50 0 0.0 0.0 0
DAYS >= 1.00 0 0.0 0.0 0
SNOWFALL (INCHES)
RECORDS
TOTAL 0.0
TOTALS 0.0 0.0
DEGREE DAYS
HEATING TOTAL 0 0 0 0
SINCE 7/1 0 0 0 MM
COOLING TOTAL 592 533 59 680
SINCE 1/1 1887 1733 154 MM
................................................................
WIND (MPH)
AVERAGE WIND SPEED 6.6
HIGHEST WIND SPEED/DIRECTION 38/160 DATE 08/19
HIGHEST GUST SPEED/DIRECTION 49/160 DATE 08/19
AVERAGE RH (PERCENT) 44
WEATHER CONDITIONS. NUMBER OF DAYS WITH
THUNDERSTORM 3 RAIN 1
HAIL 0 FOG 2
FOG W/VIS <= 1/4 MILE 0 HAZE 6
- INDICATES NEGATIVE NUMBERS.
R INDICATES RECORD WAS SET OR TIED.
MM INDICATES DATA IS MISSING.
T INDICATES TRACE AMOUNT.
$$