000
CXUS52 KRAH 010845
CF6FAY
PRELIMINARY LOCAL CLIMATOLOGICAL DATA (WS FORM: F-6)
STATION: FAYETTEVILLE REGL AIRPORT NC
MONTH: MAY
YEAR: 2021
LATITUDE: 35 0 N
LONGITUDE: 78 53 W
TEMPERATURE IN F: :PCPN: SNOW: WIND :SUNSHINE: SKY :PK WND
================================================================================
1 2 3 4 5 6A 6B 7 8 9 10 11 12 13 14 15 16 17 18
12Z AVG MX 2MIN
DY MAX MIN AVG DEP HDD CDD WTR SNW DPTH SPD SPD DIR MIN PSBL S-S WX SPD DR
================================================================================
1 77 53 65 -2 0 0 0.00 M M 7.7 23 360 M M 0 29 350
2 85 51 68 1 0 3 0.00 M M 9.2 20 190 M M 1 25 220
3 89 64 77 9 0 12 0.00 M M 10.5 24 220 M M 4 3 32 210
4 94 67 81 13 0 16 0.12 M M 12.0 38 260 M M 2 13 46 260
5 86 68 77 9 0 12 T M M 12.7 22 230 M M 2 27 300
6 76 55 66 -2 0 1 0.00 M M 7.5 18 350 M M 7 24 330
7 68 47 58 -11 7 0 0.49 M M 7.4 23 40 M M 5 13 28 330
8 78 44 61 -8 4 0 0.00 M M 9.9 26 260 M M 1 36 270
9 85 49 67 -2 0 2 0.00 M M 10.9 28 210 M M 1 37 220
10 83 64 74 5 0 9 0.05 M M 10.4 20 220 M M 3 27 250
11 74 59 67 -3 0 2 0.03 M M 6.8 15 10 M M 7 1 19 70
12 62 46 54 -16 11 0 0.24 M M 8.1 22 20 M M 8 1 28 30
13 73 42 58 -12 7 0 0.00 M M 7.5 18 20 M M 1 25 30
14 75 44 60 -10 5 0 0.00 M M 5.5 17 360 M M 1 26 20
15 79 45 62 -9 3 0 0.00 M M 4.3 17 10 M M 1 25 50
16 81 48 65 -6 0 0 0.00 M M 3.1 10 20 M M 3 15 40
17 79 55 67 -4 0 2 0.00 M M 4.2 13 190 M M 7 20 190
18 80 58 69 -2 0 4 0.00 M M 4.3 12 20 M M 4 15 30
19 86 56 71 -1 0 6 0.00 M M 4.5 14 40 M M 0 18 20
20 89 56 73 1 0 8 0.00 M M 3.1 13 70 M M 1 16 110
21 85 59 72 0 0 7 0.00 M M 7.0 18 30 M M 0 25 20
22 89 56 73 1 0 8 0.00 M M 3.7 12 360 M M 0 16 340
23 95 64 80 7 0 15 0.00 M M 8.2 16 260 M M 1 22 360
24 96 66 81 8 0 16 0.28 M M 5.3 18 360 M M 3 1 24 50
25 89 69 79 6 0 14 0.00 M M 5.1 10 30 M M 5 1 13 150
26 97 67 82 8 0 17 0.00 M M 7.8 21 210 M M 1 26 210
27 94 71 83 9 0 18 0.00 M M 6.4 15 360 M M 0 18 240
28 94 70 82 8 0 17 0.06 M M 11.4 36 240 M M 1 47 230
29 90 59 75 1 0 10 0.18 M M 11.7 23 10 M M 4 13 30 20
30 67 53 60 -15 5 0 0.09 M M 9.5 20 10 M M 8 1 26 10
31 78 49 64 -11 1 0 0.00 M M 4.9 12 20 M M 0 1 16 30
================================================================================
SM 2573 1754 43 199 1.54 M 230.6 M 82
================================================================================
AV 83.0 56.6 7.4 FASTST M M 3 MAX(MPH)
MISC ----> 38 260 47 230
================================================================================
NOTES:
# LAST OF SEVERAL OCCURRENCES
COLUMN 17 PEAK WIND IN M.P.H.
PRELIMINARY LOCAL CLIMATOLOGICAL DATA (WS FORM: F-6) , PAGE 2
STATION: FAYETTEVILLE REGL AIRPORT NC
MONTH: MAY
YEAR: 2021
LATITUDE: 35 0 N
LONGITUDE: 78 53 W
[TEMPERATURE DATA] [PRECIPITATION DATA] SYMBOLS USED IN COLUMN 16
AVERAGE MONTHLY: 69.8 TOTAL FOR MONTH: 1.54 1 = FOG OR MIST
DPTR FM NORMAL: -1.1 DPTR FM NORMAL: -1.57 2 = FOG REDUCING VISIBILITY
HIGHEST: 97 ON 26 GRTST 24HR 0.49 ON 7- 7 TO 1/4 MILE OR LESS
LOWEST: 42 ON 13 3 = THUNDER
SNOW, ICE PELLETS, HAIL 4 = ICE PELLETS
TOTAL MONTH: M 5 = HAIL
GRTST 24HR M ON M 6 = FREEZING RAIN OR DRIZZLE
GRTST DEPTH: M ON M 7 = DUSTSTORM OR SANDSTORM:
VSBY 1/2 MILE OR LESS
8 = SMOKE OR HAZE
[NO. OF DAYS WITH] [WEATHER - DAYS WITH] 9 = BLOWING SNOW
X = TORNADO
MAX 32 OR BELOW: 0 0.01 INCH OR MORE: 9
MAX 90 OR ABOVE: 7 0.10 INCH OR MORE: 5
MIN 32 OR BELOW: 0 0.50 INCH OR MORE: 0
MIN 0 OR BELOW: 0 1.00 INCH OR MORE: 0
[HDD (BASE 65) ]
TOTAL THIS MO. 43 CLEAR (SCALE 0-3) 18
DPTR FM NORMAL 18 PTCLDY (SCALE 4-7) 11
TOTAL FM JUL 1 2504 CLOUDY (SCALE 8-10) 2
DPTR FM NORMAL -227
[CDD (BASE 65) ]
TOTAL THIS MO. 199
DPTR FM NORMAL -9 [PRESSURE DATA]
TOTAL FM JAN 1 302 HIGHEST SLP 30.46 ON 21
DPTR FM NORMAL 3 LOWEST SLP 29.70 ON 29
[REMARKS]
#FINAL-05-21#